{"id":10492,"date":"2022-12-22T10:02:18","date_gmt":"2022-12-22T09:02:18","guid":{"rendered":"https:\/\/www.sab.ch\/dienstleistungen\/management-dorganisations-et-de-reseaux\/"},"modified":"2022-12-22T10:31:14","modified_gmt":"2022-12-22T09:31:14","slug":"management-dorganisations-et-de-reseaux","status":"publish","type":"page","link":"https:\/\/www.sab.ch\/fr\/dienstleistungen\/management-dorganisations-et-de-reseaux\/","title":{"rendered":"Management d\u2019organisations et de r\u00e9seaux"},"content":{"rendered":"<div id='av_section_1'  class='avia-section av-kbufzd3s-dd428f854b73db9c732bdb3b761e163e main_color avia-section-default avia-shadow  avia-builder-el-0  avia-builder-el-no-sibling  avia-bg-style-scroll container_wrap fullsize'  ><div class='container av-section-cont-open' ><main  role=\"main\" itemprop=\"mainContentOfPage\"  class='template-page content  av-content-full alpha units'><div class='post-entry post-entry-type-page post-entry-10492'><div class='entry-content-wrapper clearfix'>\n\n<style type=\"text\/css\" data-created_by=\"avia_inline_auto\" id=\"style-css-av-38q1-59d4a1d61c1719c885de0a85685ce4ed\">\n.flex_column.av-38q1-59d4a1d61c1719c885de0a85685ce4ed{\nborder-radius:0px 0px 0px 0px;\npadding:0px 0px 0px 0px;\n}\n<\/style>\n<div  class='flex_column av-38q1-59d4a1d61c1719c885de0a85685ce4ed av_one_full  avia-builder-el-1  avia-builder-el-no-sibling  first flex_column_div av-zero-column-padding  '     ><section  class='av_textblock_section av-jxk41cbl-de8745f204dcd65c5170bef159d7e21a '   itemscope=\"itemscope\" itemtype=\"https:\/\/schema.org\/CreativeWork\" ><div class='avia_textblock'  itemprop=\"text\" ><h2 class=\"csc-firstHeader\">Management d\u2019organisations et de r\u00e9seaux<\/h2>\n<p>Le SAB propose de g\u00e9rer des organisations, ainsi que des r\u00e9seaux de membres. Le SAB prend en charge des t\u00e2ches telles que:<\/p>\n<ul>\n<li>travaux administratifs<\/li>\n<li>gestion de la comptabilit\u00e9<\/li>\n<li>pr\u00e9paration et animation d\u2019\u00e9v\u00e9nements ponctuels<\/li>\n<li>communication avec les membres ainsi qu\u2019avec les groupes cibles<\/li>\n<\/ul>\n<p>Les organisations li\u00e9es aux r\u00e9gions de montagne ou \u00e0 l\u2019espace rural peuvent particuli\u00e8rement profiter de ces services. Par ce biais, il est possible de cr\u00e9er des synergies avec le SAB, en b\u00e9n\u00e9ficiant de son exp\u00e9rience, de ses contacts et de son savoir-faire.<\/p>\n<p>Actuellement, le SAB g\u00e8re le secr\u00e9tariat des organisations suivantes :<\/p>\n<ul>\n<li><a href=\"https:\/\/sab.ch\/dienstleistungen\/politische-interessensvertretung\/parlamentarische-gruppe-bergbevoelkerung\/\">Groupe parlementaire montagne<\/a><\/li>\n<li><a title=\"Opens external link in current window\" href=\"https:\/\/sab.ch\/dienstleistungen\/regionalentwicklung\/beratung-fuer-regionen-und-gemeinden\/konferenz-der-regionen\/\" target=\"_blank\" rel=\"noopener\">Conf\u00e9rence des r\u00e9gions<\/a><\/li>\n<li><a class=\"external-link-new-window\" title=\"Opens external link in new window\" href=\"http:\/\/www.alpwirtschaft.ch\/\" target=\"_blank\" rel=\"noopener\">Soci\u00e9t\u00e9 suisse d\u2019\u00e9conomie alpestre<\/a><\/li>\n<li><a title=\"Opens internal link in current window\" href=\"https:\/\/sab.ch\/dienstleistungen\/regionalentwicklung\/beratung-fuer-regionen-und-gemeinden\/konferenz-der-gemeindepraesidenteninnen-von-ferienorten-im-berggebiet\/\" target=\"_blank\" rel=\"noopener\">Conf\u00e9rence des pr\u00e9sidents de communes touristiques de montagne<\/a><\/li>\n<\/ul>\n<p>Le SAB est encore charg\u00e9 de la coordination du r\u00e9seau <a class=\"internal-link\" title=\"Opens internal link in current window\" href=\"https:\/\/sab.ch\/dienstleistungen\/management-von-organisationen-und-netzwerken\/allianz-in-den-alpen\/\" rel=\"noopener\">Alliance dans les Alpes<\/a>.<\/p>\n<p><b>Contact :<\/b><\/p>\n<p><b>Soci\u00e9t\u00e9 suisse d\u2019\u00e9conomie alpestre<\/b><br \/>\nE-Mail: i<a href=\"mailto:nfo&#64;a&#108;&#112;&#119;&#105;&#114;&#116;&#115;&#99;&#104;&#97;&#102;&#116;&#46;&#99;&#104;\">n&#102;&#x6f;&#x40;a&#108;&#112;&#x77;&#x69;r&#116;&#115;&#x63;&#x68;a&#102;&#x74;&#x2e;&#x63;h<\/a><\/p>\n<p><b>Conf\u00e9rence des r\u00e9gions<\/b><br \/>\nPeter Niederer<br \/>\nE-Mail: <a href=\"ma&#105;&#108;&#116;&#x6f;&#x3a;&#x70;&#x65;te&#114;&#46;&#110;&#x69;&#x65;&#x64;&#x65;re&#114;&#64;&#115;&#x61;&#x62;&#x2e;&#x63;h\">&#x70;&#x65;&#x74;&#101;&#114;&#46;ni&#x65;&#x64;&#x65;&#x72;&#101;&#114;&#64;s&#x61;&#x62;&#x2e;&#x63;&#104;<\/a><\/p>\n<p><b>Groupe parlementaire montagne<br \/>\nConf\u00e9rence des pr\u00e9sidents de communes touristiques de montagne<\/b><br \/>\nThomas Egger<br \/>\nE-Mail: <a href=\"&#109;&#97;&#x69;l&#116;&#x6f;&#x3a;t&#104;&#x6f;&#x6d;a&#115;&#x2e;e&#103;&#x67;&#x65;r&#64;&#x73;&#x61;b&#46;&#x63;h\">&#x74;&#x68;&#x6f;&#x6d;&#x61;&#x73;&#x2e;&#x65;&#x67;&#x67;&#x65;&#x72;&#x40;&#x73;&#x61;&#x62;&#x2e;&#x63;&#x68;<\/a><\/p>\n<\/div><\/section><\/div>\n","protected":false},"excerpt":{"rendered":"","protected":false},"author":3,"featured_media":0,"parent":7623,"menu_order":0,"comment_status":"closed","ping_status":"closed","template":"","meta":{"footnotes":""},"class_list":["post-10492","page","type-page","status-publish","hentry"],"yoast_head":"<!-- This site is optimized with the Yoast SEO plugin v27.5 - https:\/\/yoast.com\/product\/yoast-seo-wordpress\/ -->\n<title>Management d\u2019organisations et de r\u00e9seaux - S A B<\/title>\n<meta name=\"robots\" content=\"index, follow, max-snippet:-1, max-image-preview:large, max-video-preview:-1\" \/>\n<link rel=\"canonical\" href=\"https:\/\/www.sab.ch\/fr\/dienstleistungen\/management-dorganisations-et-de-reseaux\/\" \/>\n<meta property=\"og:locale\" content=\"fr_FR\" \/>\n<meta property=\"og:type\" content=\"article\" \/>\n<meta property=\"og:title\" content=\"Management d\u2019organisations et de r\u00e9seaux - S A B\" \/>\n<meta property=\"og:url\" content=\"https:\/\/www.sab.ch\/fr\/dienstleistungen\/management-dorganisations-et-de-reseaux\/\" \/>\n<meta property=\"og:site_name\" content=\"S A B\" \/>\n<meta property=\"article:modified_time\" content=\"2022-12-22T09:31:14+00:00\" \/>\n<meta name=\"twitter:card\" content=\"summary_large_image\" \/>\n<meta name=\"twitter:label1\" content=\"Dur\u00e9e de lecture estim\u00e9e\" \/>\n\t<meta name=\"twitter:data1\" content=\"2 minutes\" \/>\n<script type=\"application\/ld+json\" class=\"yoast-schema-graph\">{\"@context\":\"https:\\\/\\\/schema.org\",\"@graph\":[{\"@type\":\"WebPage\",\"@id\":\"https:\\\/\\\/www.sab.ch\\\/fr\\\/dienstleistungen\\\/management-dorganisations-et-de-reseaux\\\/\",\"url\":\"https:\\\/\\\/www.sab.ch\\\/fr\\\/dienstleistungen\\\/management-dorganisations-et-de-reseaux\\\/\",\"name\":\"Management d\u2019organisations et de r\u00e9seaux - S A B\",\"isPartOf\":{\"@id\":\"https:\\\/\\\/www.sab.ch\\\/fr\\\/#website\"},\"datePublished\":\"2022-12-22T09:02:18+00:00\",\"dateModified\":\"2022-12-22T09:31:14+00:00\",\"breadcrumb\":{\"@id\":\"https:\\\/\\\/www.sab.ch\\\/fr\\\/dienstleistungen\\\/management-dorganisations-et-de-reseaux\\\/#breadcrumb\"},\"inLanguage\":\"fr-FR\",\"potentialAction\":[{\"@type\":\"ReadAction\",\"target\":[\"https:\\\/\\\/www.sab.ch\\\/fr\\\/dienstleistungen\\\/management-dorganisations-et-de-reseaux\\\/\"]}]},{\"@type\":\"BreadcrumbList\",\"@id\":\"https:\\\/\\\/www.sab.ch\\\/fr\\\/dienstleistungen\\\/management-dorganisations-et-de-reseaux\\\/#breadcrumb\",\"itemListElement\":[{\"@type\":\"ListItem\",\"position\":1,\"name\":\"Startseite\",\"item\":\"https:\\\/\\\/www.sab.ch\\\/fr\\\/home\\\/\"},{\"@type\":\"ListItem\",\"position\":2,\"name\":\"Prestations\",\"item\":\"https:\\\/\\\/www.sab.ch\\\/fr\\\/dienstleistungen\\\/\"},{\"@type\":\"ListItem\",\"position\":3,\"name\":\"Management d\u2019organisations et de r\u00e9seaux\"}]},{\"@type\":\"WebSite\",\"@id\":\"https:\\\/\\\/www.sab.ch\\\/fr\\\/#website\",\"url\":\"https:\\\/\\\/www.sab.ch\\\/fr\\\/\",\"name\":\"S A B\",\"description\":\"\",\"potentialAction\":[{\"@type\":\"SearchAction\",\"target\":{\"@type\":\"EntryPoint\",\"urlTemplate\":\"https:\\\/\\\/www.sab.ch\\\/fr\\\/?s={search_term_string}\"},\"query-input\":{\"@type\":\"PropertyValueSpecification\",\"valueRequired\":true,\"valueName\":\"search_term_string\"}}],\"inLanguage\":\"fr-FR\"}]}<\/script>\n<!-- \/ Yoast SEO plugin. -->","yoast_head_json":{"title":"Management d\u2019organisations et de r\u00e9seaux - S A B","robots":{"index":"index","follow":"follow","max-snippet":"max-snippet:-1","max-image-preview":"max-image-preview:large","max-video-preview":"max-video-preview:-1"},"canonical":"https:\/\/www.sab.ch\/fr\/dienstleistungen\/management-dorganisations-et-de-reseaux\/","og_locale":"fr_FR","og_type":"article","og_title":"Management d\u2019organisations et de r\u00e9seaux - S A B","og_url":"https:\/\/www.sab.ch\/fr\/dienstleistungen\/management-dorganisations-et-de-reseaux\/","og_site_name":"S A B","article_modified_time":"2022-12-22T09:31:14+00:00","twitter_card":"summary_large_image","twitter_misc":{"Dur\u00e9e de lecture estim\u00e9e":"2 minutes"},"schema":{"@context":"https:\/\/schema.org","@graph":[{"@type":"WebPage","@id":"https:\/\/www.sab.ch\/fr\/dienstleistungen\/management-dorganisations-et-de-reseaux\/","url":"https:\/\/www.sab.ch\/fr\/dienstleistungen\/management-dorganisations-et-de-reseaux\/","name":"Management d\u2019organisations et de r\u00e9seaux - S A B","isPartOf":{"@id":"https:\/\/www.sab.ch\/fr\/#website"},"datePublished":"2022-12-22T09:02:18+00:00","dateModified":"2022-12-22T09:31:14+00:00","breadcrumb":{"@id":"https:\/\/www.sab.ch\/fr\/dienstleistungen\/management-dorganisations-et-de-reseaux\/#breadcrumb"},"inLanguage":"fr-FR","potentialAction":[{"@type":"ReadAction","target":["https:\/\/www.sab.ch\/fr\/dienstleistungen\/management-dorganisations-et-de-reseaux\/"]}]},{"@type":"BreadcrumbList","@id":"https:\/\/www.sab.ch\/fr\/dienstleistungen\/management-dorganisations-et-de-reseaux\/#breadcrumb","itemListElement":[{"@type":"ListItem","position":1,"name":"Startseite","item":"https:\/\/www.sab.ch\/fr\/home\/"},{"@type":"ListItem","position":2,"name":"Prestations","item":"https:\/\/www.sab.ch\/fr\/dienstleistungen\/"},{"@type":"ListItem","position":3,"name":"Management d\u2019organisations et de r\u00e9seaux"}]},{"@type":"WebSite","@id":"https:\/\/www.sab.ch\/fr\/#website","url":"https:\/\/www.sab.ch\/fr\/","name":"S A B","description":"","potentialAction":[{"@type":"SearchAction","target":{"@type":"EntryPoint","urlTemplate":"https:\/\/www.sab.ch\/fr\/?s={search_term_string}"},"query-input":{"@type":"PropertyValueSpecification","valueRequired":true,"valueName":"search_term_string"}}],"inLanguage":"fr-FR"}]}},"_links":{"self":[{"href":"https:\/\/www.sab.ch\/fr\/wp-json\/wp\/v2\/pages\/10492","targetHints":{"allow":["GET"]}}],"collection":[{"href":"https:\/\/www.sab.ch\/fr\/wp-json\/wp\/v2\/pages"}],"about":[{"href":"https:\/\/www.sab.ch\/fr\/wp-json\/wp\/v2\/types\/page"}],"author":[{"embeddable":true,"href":"https:\/\/www.sab.ch\/fr\/wp-json\/wp\/v2\/users\/3"}],"replies":[{"embeddable":true,"href":"https:\/\/www.sab.ch\/fr\/wp-json\/wp\/v2\/comments?post=10492"}],"version-history":[{"count":5,"href":"https:\/\/www.sab.ch\/fr\/wp-json\/wp\/v2\/pages\/10492\/revisions"}],"predecessor-version":[{"id":10497,"href":"https:\/\/www.sab.ch\/fr\/wp-json\/wp\/v2\/pages\/10492\/revisions\/10497"}],"up":[{"embeddable":true,"href":"https:\/\/www.sab.ch\/fr\/wp-json\/wp\/v2\/pages\/7623"}],"wp:attachment":[{"href":"https:\/\/www.sab.ch\/fr\/wp-json\/wp\/v2\/media?parent=10492"}],"curies":[{"name":"wp","href":"https:\/\/api.w.org\/{rel}","templated":true}]}}

Management d’organisations et de réseaux

<div id='av_section_1'  class='avia-section av-kbufzd3s-dd428f854b73db9c732bdb3b761e163e main_color avia-section-default avia-shadow  avia-builder-el-0  avia-builder-el-no-sibling  avia-bg-style-scroll container_wrap fullsize'  ><div class='container av-section-cont-open' ><main  role="main" itemprop="mainContentOfPage"  class='template-page content  av-content-full alpha units'><div class='post-entry post-entry-type-page post-entry-10492'><div class='entry-content-wrapper clearfix'>

<style type="text/css" data-created_by="avia_inline_auto" id="style-css-av-38q1-59d4a1d61c1719c885de0a85685ce4ed">
.flex_column.av-38q1-59d4a1d61c1719c885de0a85685ce4ed{
border-radius:0px 0px 0px 0px;
padding:0px 0px 0px 0px;
}
</style>
<div  class='flex_column av-38q1-59d4a1d61c1719c885de0a85685ce4ed av_one_full  avia-builder-el-1  avia-builder-el-no-sibling  first flex_column_div av-zero-column-padding  '     ><section  class='av_textblock_section av-jxk41cbl-de8745f204dcd65c5170bef159d7e21a '   itemscope="itemscope" itemtype="https://schema.org/CreativeWork" ><div class='avia_textblock'  itemprop="text" ><h2 class="csc-firstHeader">Management d’organisations et de réseaux</h2>
<p>Le SAB propose de gérer des organisations, ainsi que des réseaux de membres. Le SAB prend en charge des tâches telles que:</p>
<ul>
<li>travaux administratifs</li>
<li>gestion de la comptabilité</li>
<li>préparation et animation d’événements ponctuels</li>
<li>communication avec les membres ainsi qu’avec les groupes cibles</li>
</ul>
<p>Les organisations liées aux régions de montagne ou à l’espace rural peuvent particulièrement profiter de ces services. Par ce biais, il est possible de créer des synergies avec le SAB, en bénéficiant de son expérience, de ses contacts et de son savoir-faire.</p>
<p>Actuellement, le SAB gère le secrétariat des organisations suivantes :</p>
<ul>
<li><a href="https://sab.ch/dienstleistungen/politische-interessensvertretung/parlamentarische-gruppe-bergbevoelkerung/">Groupe parlementaire montagne</a></li>
<li><a title="Opens external link in current window" href="https://sab.ch/dienstleistungen/regionalentwicklung/beratung-fuer-regionen-und-gemeinden/konferenz-der-regionen/" target="_blank" rel="noopener">Conférence des régions</a></li>
<li><a class="external-link-new-window" title="Opens external link in new window" href="http://www.alpwirtschaft.ch/" target="_blank" rel="noopener">Société suisse d’économie alpestre</a></li>
<li><a title="Opens internal link in current window" href="https://sab.ch/dienstleistungen/regionalentwicklung/beratung-fuer-regionen-und-gemeinden/konferenz-der-gemeindepraesidenteninnen-von-ferienorten-im-berggebiet/" target="_blank" rel="noopener">Conférence des présidents de communes touristiques de montagne</a></li>
</ul>
<p>Le SAB est encore chargé de la coordination du réseau <a class="internal-link" title="Opens internal link in current window" href="https://sab.ch/dienstleistungen/management-von-organisationen-und-netzwerken/allianz-in-den-alpen/" rel="noopener">Alliance dans les Alpes</a>.</p>
<p><b>Contact :</b></p>
<p><b>Société suisse d’économie alpestre</b><br />
E-Mail: i<a href="mailto:nfo&#64;a&#108;&#112;&#119;&#105;&#114;&#116;&#115;&#99;&#104;&#97;&#102;&#116;&#46;&#99;&#104;">n&#102;&#x6f;&#x40;a&#108;&#112;&#x77;&#x69;r&#116;&#115;&#x63;&#x68;a&#102;&#x74;&#x2e;&#x63;h</a></p>
<p><b>Conférence des régions</b><br />
Peter Niederer<br />
E-Mail: <a href="ma&#105;&#108;&#116;&#x6f;&#x3a;&#x70;&#x65;te&#114;&#46;&#110;&#x69;&#x65;&#x64;&#x65;re&#114;&#64;&#115;&#x61;&#x62;&#x2e;&#x63;h">&#x70;&#x65;&#x74;&#101;&#114;&#46;ni&#x65;&#x64;&#x65;&#x72;&#101;&#114;&#64;s&#x61;&#x62;&#x2e;&#x63;&#104;</a></p>
<p><b>Groupe parlementaire montagne<br />
Conférence des présidents de communes touristiques de montagne</b><br />
Thomas Egger<br />
E-Mail: <a href="&#109;&#97;&#x69;l&#116;&#x6f;&#x3a;t&#104;&#x6f;&#x6d;a&#115;&#x2e;e&#103;&#x67;&#x65;r&#64;&#x73;&#x61;b&#46;&#x63;h">&#x74;&#x68;&#x6f;&#x6d;&#x61;&#x73;&#x2e;&#x65;&#x67;&#x67;&#x65;&#x72;&#x40;&#x73;&#x61;&#x62;&#x2e;&#x63;&#x68;</a></p>
</div></section></div>

<!-- This site is optimized with the Yoast SEO plugin v27.5 - https://yoast.com/product/yoast-seo-wordpress/ -->
<title>Management d’organisations et de réseaux - S A B</title>
<meta name="robots" content="index, follow, max-snippet:-1, max-image-preview:large, max-video-preview:-1" />
<link rel="canonical" href="https://www.sab.ch/fr/dienstleistungen/management-dorganisations-et-de-reseaux/" />
<meta property="og:locale" content="fr_FR" />
<meta property="og:type" content="article" />
<meta property="og:title" content="Management d’organisations et de réseaux - S A B" />
<meta property="og:url" content="https://www.sab.ch/fr/dienstleistungen/management-dorganisations-et-de-reseaux/" />
<meta property="og:site_name" content="S A B" />
<meta property="article:modified_time" content="2022-12-22T09:31:14+00:00" />
<meta name="twitter:card" content="summary_large_image" />
<meta name="twitter:label1" content="Durée de lecture estimée" />
	<meta name="twitter:data1" content="2 minutes" />
<script type="application/ld+json" class="yoast-schema-graph">{"@context":"https:\/\/schema.org","@graph":[{"@type":"WebPage","@id":"https:\/\/www.sab.ch\/fr\/dienstleistungen\/management-dorganisations-et-de-reseaux\/","url":"https:\/\/www.sab.ch\/fr\/dienstleistungen\/management-dorganisations-et-de-reseaux\/","name":"Management d’organisations et de réseaux - S A B","isPartOf":{"@id":"https:\/\/www.sab.ch\/fr\/#website"},"datePublished":"2022-12-22T09:02:18+00:00","dateModified":"2022-12-22T09:31:14+00:00","breadcrumb":{"@id":"https:\/\/www.sab.ch\/fr\/dienstleistungen\/management-dorganisations-et-de-reseaux\/#breadcrumb"},"inLanguage":"fr-FR","potentialAction":[{"@type":"ReadAction","target":["https:\/\/www.sab.ch\/fr\/dienstleistungen\/management-dorganisations-et-de-reseaux\/"]}]},{"@type":"BreadcrumbList","@id":"https:\/\/www.sab.ch\/fr\/dienstleistungen\/management-dorganisations-et-de-reseaux\/#breadcrumb","itemListElement":[{"@type":"ListItem","position":1,"name":"Startseite","item":"https:\/\/www.sab.ch\/fr\/home\/"},{"@type":"ListItem","position":2,"name":"Prestations","item":"https:\/\/www.sab.ch\/fr\/dienstleistungen\/"},{"@type":"ListItem","position":3,"name":"Management d’organisations et de réseaux"}]},{"@type":"WebSite","@id":"https:\/\/www.sab.ch\/fr\/#website","url":"https:\/\/www.sab.ch\/fr\/","name":"S A B","description":"","potentialAction":[{"@type":"SearchAction","target":{"@type":"EntryPoint","urlTemplate":"https:\/\/www.sab.ch\/fr\/?s={search_term_string}"},"query-input":{"@type":"PropertyValueSpecification","valueRequired":true,"valueName":"search_term_string"}}],"inLanguage":"fr-FR"}]}</script>
<!-- / Yoast SEO plugin. -->

Management d’organisations et de réseaux - S A B
