{"id":10547,"date":"2022-12-22T14:10:04","date_gmt":"2022-12-22T13:10:04","guid":{"rendered":"https:\/\/www.sab.ch\/dienstleistungen\/protection-des-produits-de-montagne-et-dalpage\/les-signes\/"},"modified":"2022-12-22T14:10:04","modified_gmt":"2022-12-22T13:10:04","slug":"les-signes","status":"publish","type":"page","link":"https:\/\/www.sab.ch\/fr\/dienstleistungen\/protection-des-produits-de-montagne-et-dalpage\/les-signes\/","title":{"rendered":"Les signes"},"content":{"rendered":"<div  class='flex_column av-3hivp0-d1673827f779a08163df903bbfbce313 av_two_third  avia-builder-el-0  el_before_av_one_third  avia-builder-el-first  first flex_column_div  '     ><section  class='av_textblock_section av-2cded0-7f1e6914dccdc75774f07f98adef12d4 '   itemscope=\"itemscope\" itemtype=\"https:\/\/schema.org\/CreativeWork\" ><div class='avia_textblock'  itemprop=\"text\" ><h2 class=\"csc-firstHeader\">Les signes<\/h2>\n<p><span lang=\"DE\">Les signes officiels destin\u00e9s aux produits de montagne et d&rsquo;alpage certifient l&rsquo;origine des produits issus de la r\u00e9gion de montagne ou d&rsquo;alpage. Ils ont pour vocation la protection officielle de ces produits et permettent d&rsquo;am\u00e9liorer la transparence. Pour pouvoir utiliser ces signes, il faut que les produits ainsi \u00e9tiquet\u00e9s ou pr\u00e9sent\u00e9s en tant que tels satisfassent aux <a href=\"https:\/\/sab.ch\/dienstleistungen\/berg-und-alpprodukte\/die-anforderungen\/\">exigences<\/a> de l&rsquo;ordonnance sur les d\u00e9signations <a href=\"https:\/\/sab.ch\/dienstleistungen\/berg-und-alpprodukte\/die-zeichen\/dienstleistungen-berg-und-alpprodukte-die-zeichen-bergzeichen\/\">\u00abmontagne<\/a>\u00bb et <a href=\"https:\/\/sab.ch\/dienstleistungen\/berg-und-alpprodukte\/die-zeichen\/alpzeichen\/\">\u00abalpage\u00bb<\/a>. <\/span><\/p>\n<p><span lang=\"DE\">Le recours aux signes officiels est libre et gratuit. L&rsquo;utilisation abusive de ces signes est interdite.<\/span><\/p>\n<p><span lang=\"DE\">Les labels et marques priv\u00e9s ne sont pas concurrenc\u00e9s par la marque officielle de la Conf\u00e9d\u00e9ration, mais renforc\u00e9s. Si le symbole de montagne ou d&rsquo;alpage est utilis\u00e9 seul &#8211; par exemple pour la vente directe. <\/span><span lang=\"DE\"> &#8211; il a un caract\u00e8re de marque.<\/span><\/p>\n<\/div><\/section><\/div><div  class='flex_column av-25lp7o-c32cc945cd03fe026721914d7f5a6259 av_one_third  avia-builder-el-2  el_after_av_two_third  avia-builder-el-last  flex_column_div  '     ><style type=\"text\/css\" data-created_by=\"avia_inline_auto\" id=\"style-css-av-lav3rca2-4a460e8934c12fd0f7d08fdb7fbb91b8\">\n.avia-image-container.av-lav3rca2-4a460e8934c12fd0f7d08fdb7fbb91b8 img.avia_image{\nbox-shadow:none;\n}\n.avia-image-container.av-lav3rca2-4a460e8934c12fd0f7d08fdb7fbb91b8 .av-image-caption-overlay-center{\ncolor:#ffffff;\n}\n<\/style>\n<div  class='avia-image-container av-lav3rca2-4a460e8934c12fd0f7d08fdb7fbb91b8 av-styling- avia-align-left  avia-builder-el-3  avia-builder-el-no-sibling '   itemprop=\"image\" itemscope=\"itemscope\" itemtype=\"https:\/\/schema.org\/ImageObject\" ><div class=\"avia-image-container-inner\"><div class=\"avia-image-overlay-wrap\"><img decoding=\"async\" fetchpriority=\"high\" class='wp-image-4705 avia-img-lazy-loading-not-4705 avia_image ' src=\"https:\/\/www.sab.ch\/wp-content\/uploads\/2022\/11\/csm_produkte_ue_6fcdae0ddf-1.jpg\" alt='' title='csm_produkte_ue_6fcdae0ddf'  height=\"283\" width=\"700\"  itemprop=\"thumbnailUrl\"  \/><\/div><\/div><\/div><\/div><\/p>\n","protected":false},"excerpt":{"rendered":"","protected":false},"author":3,"featured_media":0,"parent":10541,"menu_order":0,"comment_status":"closed","ping_status":"closed","template":"","meta":{"footnotes":""},"class_list":["post-10547","page","type-page","status-publish","hentry"],"yoast_head":"<!-- This site is optimized with the Yoast SEO plugin v27.5 - https:\/\/yoast.com\/product\/yoast-seo-wordpress\/ -->\n<title>Les signes - S A B<\/title>\n<meta name=\"robots\" content=\"index, follow, max-snippet:-1, max-image-preview:large, max-video-preview:-1\" \/>\n<link rel=\"canonical\" href=\"https:\/\/www.sab.ch\/fr\/dienstleistungen\/protection-des-produits-de-montagne-et-dalpage\/les-signes\/\" \/>\n<meta property=\"og:locale\" content=\"fr_FR\" \/>\n<meta property=\"og:type\" content=\"article\" \/>\n<meta property=\"og:title\" content=\"Les signes - S A B\" \/>\n<meta property=\"og:url\" content=\"https:\/\/www.sab.ch\/fr\/dienstleistungen\/protection-des-produits-de-montagne-et-dalpage\/les-signes\/\" \/>\n<meta property=\"og:site_name\" content=\"S A B\" \/>\n<meta name=\"twitter:card\" content=\"summary_large_image\" \/>\n<meta name=\"twitter:label1\" content=\"Dur\u00e9e de lecture estim\u00e9e\" \/>\n\t<meta name=\"twitter:data1\" content=\"7 minutes\" \/>\n<script type=\"application\/ld+json\" class=\"yoast-schema-graph\">{\"@context\":\"https:\\\/\\\/schema.org\",\"@graph\":[{\"@type\":\"WebPage\",\"@id\":\"https:\\\/\\\/www.sab.ch\\\/fr\\\/dienstleistungen\\\/protection-des-produits-de-montagne-et-dalpage\\\/les-signes\\\/\",\"url\":\"https:\\\/\\\/www.sab.ch\\\/fr\\\/dienstleistungen\\\/protection-des-produits-de-montagne-et-dalpage\\\/les-signes\\\/\",\"name\":\"Les signes - S A B\",\"isPartOf\":{\"@id\":\"https:\\\/\\\/www.sab.ch\\\/fr\\\/#website\"},\"datePublished\":\"2022-12-22T13:10:04+00:00\",\"breadcrumb\":{\"@id\":\"https:\\\/\\\/www.sab.ch\\\/fr\\\/dienstleistungen\\\/protection-des-produits-de-montagne-et-dalpage\\\/les-signes\\\/#breadcrumb\"},\"inLanguage\":\"fr-FR\",\"potentialAction\":[{\"@type\":\"ReadAction\",\"target\":[\"https:\\\/\\\/www.sab.ch\\\/fr\\\/dienstleistungen\\\/protection-des-produits-de-montagne-et-dalpage\\\/les-signes\\\/\"]}]},{\"@type\":\"BreadcrumbList\",\"@id\":\"https:\\\/\\\/www.sab.ch\\\/fr\\\/dienstleistungen\\\/protection-des-produits-de-montagne-et-dalpage\\\/les-signes\\\/#breadcrumb\",\"itemListElement\":[{\"@type\":\"ListItem\",\"position\":1,\"name\":\"Startseite\",\"item\":\"https:\\\/\\\/www.sab.ch\\\/fr\\\/home\\\/\"},{\"@type\":\"ListItem\",\"position\":2,\"name\":\"Prestations\",\"item\":\"https:\\\/\\\/www.sab.ch\\\/fr\\\/dienstleistungen\\\/\"},{\"@type\":\"ListItem\",\"position\":3,\"name\":\"Protection des produits de montagne et d\u2019alpage\",\"item\":\"https:\\\/\\\/www.sab.ch\\\/fr\\\/dienstleistungen\\\/protection-des-produits-de-montagne-et-dalpage\\\/\"},{\"@type\":\"ListItem\",\"position\":4,\"name\":\"Les signes\"}]},{\"@type\":\"WebSite\",\"@id\":\"https:\\\/\\\/www.sab.ch\\\/fr\\\/#website\",\"url\":\"https:\\\/\\\/www.sab.ch\\\/fr\\\/\",\"name\":\"S A B\",\"description\":\"\",\"potentialAction\":[{\"@type\":\"SearchAction\",\"target\":{\"@type\":\"EntryPoint\",\"urlTemplate\":\"https:\\\/\\\/www.sab.ch\\\/fr\\\/?s={search_term_string}\"},\"query-input\":{\"@type\":\"PropertyValueSpecification\",\"valueRequired\":true,\"valueName\":\"search_term_string\"}}],\"inLanguage\":\"fr-FR\"}]}<\/script>\n<!-- \/ Yoast SEO plugin. -->","yoast_head_json":{"title":"Les signes - S A B","robots":{"index":"index","follow":"follow","max-snippet":"max-snippet:-1","max-image-preview":"max-image-preview:large","max-video-preview":"max-video-preview:-1"},"canonical":"https:\/\/www.sab.ch\/fr\/dienstleistungen\/protection-des-produits-de-montagne-et-dalpage\/les-signes\/","og_locale":"fr_FR","og_type":"article","og_title":"Les signes - S A B","og_url":"https:\/\/www.sab.ch\/fr\/dienstleistungen\/protection-des-produits-de-montagne-et-dalpage\/les-signes\/","og_site_name":"S A B","twitter_card":"summary_large_image","twitter_misc":{"Dur\u00e9e de lecture estim\u00e9e":"7 minutes"},"schema":{"@context":"https:\/\/schema.org","@graph":[{"@type":"WebPage","@id":"https:\/\/www.sab.ch\/fr\/dienstleistungen\/protection-des-produits-de-montagne-et-dalpage\/les-signes\/","url":"https:\/\/www.sab.ch\/fr\/dienstleistungen\/protection-des-produits-de-montagne-et-dalpage\/les-signes\/","name":"Les signes - S A B","isPartOf":{"@id":"https:\/\/www.sab.ch\/fr\/#website"},"datePublished":"2022-12-22T13:10:04+00:00","breadcrumb":{"@id":"https:\/\/www.sab.ch\/fr\/dienstleistungen\/protection-des-produits-de-montagne-et-dalpage\/les-signes\/#breadcrumb"},"inLanguage":"fr-FR","potentialAction":[{"@type":"ReadAction","target":["https:\/\/www.sab.ch\/fr\/dienstleistungen\/protection-des-produits-de-montagne-et-dalpage\/les-signes\/"]}]},{"@type":"BreadcrumbList","@id":"https:\/\/www.sab.ch\/fr\/dienstleistungen\/protection-des-produits-de-montagne-et-dalpage\/les-signes\/#breadcrumb","itemListElement":[{"@type":"ListItem","position":1,"name":"Startseite","item":"https:\/\/www.sab.ch\/fr\/home\/"},{"@type":"ListItem","position":2,"name":"Prestations","item":"https:\/\/www.sab.ch\/fr\/dienstleistungen\/"},{"@type":"ListItem","position":3,"name":"Protection des produits de montagne et d\u2019alpage","item":"https:\/\/www.sab.ch\/fr\/dienstleistungen\/protection-des-produits-de-montagne-et-dalpage\/"},{"@type":"ListItem","position":4,"name":"Les signes"}]},{"@type":"WebSite","@id":"https:\/\/www.sab.ch\/fr\/#website","url":"https:\/\/www.sab.ch\/fr\/","name":"S A B","description":"","potentialAction":[{"@type":"SearchAction","target":{"@type":"EntryPoint","urlTemplate":"https:\/\/www.sab.ch\/fr\/?s={search_term_string}"},"query-input":{"@type":"PropertyValueSpecification","valueRequired":true,"valueName":"search_term_string"}}],"inLanguage":"fr-FR"}]}},"_links":{"self":[{"href":"https:\/\/www.sab.ch\/fr\/wp-json\/wp\/v2\/pages\/10547","targetHints":{"allow":["GET"]}}],"collection":[{"href":"https:\/\/www.sab.ch\/fr\/wp-json\/wp\/v2\/pages"}],"about":[{"href":"https:\/\/www.sab.ch\/fr\/wp-json\/wp\/v2\/types\/page"}],"author":[{"embeddable":true,"href":"https:\/\/www.sab.ch\/fr\/wp-json\/wp\/v2\/users\/3"}],"replies":[{"embeddable":true,"href":"https:\/\/www.sab.ch\/fr\/wp-json\/wp\/v2\/comments?post=10547"}],"version-history":[{"count":2,"href":"https:\/\/www.sab.ch\/fr\/wp-json\/wp\/v2\/pages\/10547\/revisions"}],"predecessor-version":[{"id":10549,"href":"https:\/\/www.sab.ch\/fr\/wp-json\/wp\/v2\/pages\/10547\/revisions\/10549"}],"up":[{"embeddable":true,"href":"https:\/\/www.sab.ch\/fr\/wp-json\/wp\/v2\/pages\/10541"}],"wp:attachment":[{"href":"https:\/\/www.sab.ch\/fr\/wp-json\/wp\/v2\/media?parent=10547"}],"curies":[{"name":"wp","href":"https:\/\/api.w.org\/{rel}","templated":true}]}}

<div  class='flex_column av-3hivp0-d1673827f779a08163df903bbfbce313 av_two_third  avia-builder-el-0  el_before_av_one_third  avia-builder-el-first  first flex_column_div  '     ><section  class='av_textblock_section av-2cded0-7f1e6914dccdc75774f07f98adef12d4 '   itemscope="itemscope" itemtype="https://schema.org/CreativeWork" ><div class='avia_textblock'  itemprop="text" ><h2 class="csc-firstHeader">Les signes</h2>
<p><span lang="DE">Les signes officiels destinés aux produits de montagne et d&rsquo;alpage certifient l&rsquo;origine des produits issus de la région de montagne ou d&rsquo;alpage. Ils ont pour vocation la protection officielle de ces produits et permettent d&rsquo;améliorer la transparence. Pour pouvoir utiliser ces signes, il faut que les produits ainsi étiquetés ou présentés en tant que tels satisfassent aux <a href="https://sab.ch/dienstleistungen/berg-und-alpprodukte/die-anforderungen/">exigences</a> de l&rsquo;ordonnance sur les désignations <a href="https://sab.ch/dienstleistungen/berg-und-alpprodukte/die-zeichen/dienstleistungen-berg-und-alpprodukte-die-zeichen-bergzeichen/">«montagne</a>» et <a href="https://sab.ch/dienstleistungen/berg-und-alpprodukte/die-zeichen/alpzeichen/">«alpage»</a>. </span></p>
<p><span lang="DE">Le recours aux signes officiels est libre et gratuit. L&rsquo;utilisation abusive de ces signes est interdite.</span></p>
<p><span lang="DE">Les labels et marques privés ne sont pas concurrencés par la marque officielle de la Confédération, mais renforcés. Si le symbole de montagne ou d&rsquo;alpage est utilisé seul &#8211; par exemple pour la vente directe. </span><span lang="DE"> &#8211; il a un caractère de marque.</span></p>
</div></section></div><div  class='flex_column av-25lp7o-c32cc945cd03fe026721914d7f5a6259 av_one_third  avia-builder-el-2  el_after_av_two_third  avia-builder-el-last  flex_column_div  '     ><style type="text/css" data-created_by="avia_inline_auto" id="style-css-av-lav3rca2-4a460e8934c12fd0f7d08fdb7fbb91b8">
.avia-image-container.av-lav3rca2-4a460e8934c12fd0f7d08fdb7fbb91b8 img.avia_image{
box-shadow:none;
}
.avia-image-container.av-lav3rca2-4a460e8934c12fd0f7d08fdb7fbb91b8 .av-image-caption-overlay-center{
color:#ffffff;
}
</style>
<div  class='avia-image-container av-lav3rca2-4a460e8934c12fd0f7d08fdb7fbb91b8 av-styling- avia-align-left  avia-builder-el-3  avia-builder-el-no-sibling '   itemprop="image" itemscope="itemscope" itemtype="https://schema.org/ImageObject" ><div class="avia-image-container-inner"><div class="avia-image-overlay-wrap"><img decoding="async" fetchpriority="high" class='wp-image-4705 avia-img-lazy-loading-not-4705 avia_image ' src="https://www.sab.ch/wp-content/uploads/2022/11/csm_produkte_ue_6fcdae0ddf-1.jpg" alt='' title='csm_produkte_ue_6fcdae0ddf'  height="283" width="700"  itemprop="thumbnailUrl"  /></div></div></div></div></p>

<!-- This site is optimized with the Yoast SEO plugin v27.5 - https://yoast.com/product/yoast-seo-wordpress/ -->
<title>Les signes - S A B</title>
<meta name="robots" content="index, follow, max-snippet:-1, max-image-preview:large, max-video-preview:-1" />
<link rel="canonical" href="https://www.sab.ch/fr/dienstleistungen/protection-des-produits-de-montagne-et-dalpage/les-signes/" />
<meta property="og:locale" content="fr_FR" />
<meta property="og:type" content="article" />
<meta property="og:title" content="Les signes - S A B" />
<meta property="og:url" content="https://www.sab.ch/fr/dienstleistungen/protection-des-produits-de-montagne-et-dalpage/les-signes/" />
<meta property="og:site_name" content="S A B" />
<meta name="twitter:card" content="summary_large_image" />
<meta name="twitter:label1" content="Durée de lecture estimée" />
	<meta name="twitter:data1" content="7 minutes" />
<script type="application/ld+json" class="yoast-schema-graph">{"@context":"https:\/\/schema.org","@graph":[{"@type":"WebPage","@id":"https:\/\/www.sab.ch\/fr\/dienstleistungen\/protection-des-produits-de-montagne-et-dalpage\/les-signes\/","url":"https:\/\/www.sab.ch\/fr\/dienstleistungen\/protection-des-produits-de-montagne-et-dalpage\/les-signes\/","name":"Les signes - S A B","isPartOf":{"@id":"https:\/\/www.sab.ch\/fr\/#website"},"datePublished":"2022-12-22T13:10:04+00:00","breadcrumb":{"@id":"https:\/\/www.sab.ch\/fr\/dienstleistungen\/protection-des-produits-de-montagne-et-dalpage\/les-signes\/#breadcrumb"},"inLanguage":"fr-FR","potentialAction":[{"@type":"ReadAction","target":["https:\/\/www.sab.ch\/fr\/dienstleistungen\/protection-des-produits-de-montagne-et-dalpage\/les-signes\/"]}]},{"@type":"BreadcrumbList","@id":"https:\/\/www.sab.ch\/fr\/dienstleistungen\/protection-des-produits-de-montagne-et-dalpage\/les-signes\/#breadcrumb","itemListElement":[{"@type":"ListItem","position":1,"name":"Startseite","item":"https:\/\/www.sab.ch\/fr\/home\/"},{"@type":"ListItem","position":2,"name":"Prestations","item":"https:\/\/www.sab.ch\/fr\/dienstleistungen\/"},{"@type":"ListItem","position":3,"name":"Protection des produits de montagne et d’alpage","item":"https:\/\/www.sab.ch\/fr\/dienstleistungen\/protection-des-produits-de-montagne-et-dalpage\/"},{"@type":"ListItem","position":4,"name":"Les signes"}]},{"@type":"WebSite","@id":"https:\/\/www.sab.ch\/fr\/#website","url":"https:\/\/www.sab.ch\/fr\/","name":"S A B","description":"","potentialAction":[{"@type":"SearchAction","target":{"@type":"EntryPoint","urlTemplate":"https:\/\/www.sab.ch\/fr\/?s={search_term_string}"},"query-input":{"@type":"PropertyValueSpecification","valueRequired":true,"valueName":"search_term_string"}}],"inLanguage":"fr-FR"}]}</script>
<!-- / Yoast SEO plugin. -->
