{"id":10563,"date":"2022-12-22T14:21:14","date_gmt":"2022-12-22T13:21:14","guid":{"rendered":"https:\/\/www.sab.ch\/dienstleistungen\/protection-des-produits-de-montagne-et-dalpage\/publications\/"},"modified":"2022-12-22T14:21:15","modified_gmt":"2022-12-22T13:21:15","slug":"publications","status":"publish","type":"page","link":"https:\/\/www.sab.ch\/fr\/dienstleistungen\/protection-des-produits-de-montagne-et-dalpage\/publications\/","title":{"rendered":"Publications"},"content":{"rendered":"<div  class='flex_column av-6seix-3ac063d3063c1184618ce755c85686fd av_two_third  avia-builder-el-0  avia-builder-el-no-sibling  first flex_column_div  '     ><section  class='av_textblock_section av-jxk41cbl-de8745f204dcd65c5170bef159d7e21a '   itemscope=\"itemscope\" itemtype=\"https:\/\/schema.org\/CreativeWork\" ><div class='avia_textblock'  itemprop=\"text\" ><h2 class=\"csc-firstHeader\">Publications<\/h2>\n<p><span style=\"font-weight: bold;\">a votre disposition<\/span><\/p>\n<p>Des brochures de promotion sont \u00e0 disposition. D&rsquo;autres moyens, comme des pr\u00e9sentations \u00ab\u00a0PowerPoint\u00a0\u00bb, peuvent aussi \u00eatre obtenues.<\/p>\n<ul class=\"csc-uploads csc-uploads-0\">\n<li class=\"li-odd li-first csc-uploads-element csc-uploads-element-pdf\"><a href=\"\/wp-content\/uploads\/2022\/11\/Flyer_BLW_offiziellen_Zeichen_Berg-_und_Alpprodukte.pdf\">Flyer BLW offiziellen Zeichen Berg- und Alpprodukte.pdf (3,1 MiB<\/a><\/li>\n<li class=\"li-even csc-uploads-element csc-uploads-element-pdf\"><a href=\"\/wp-content\/uploads\/2022\/11\/Faktenblatt_Berg_Alpzeichen.pdf\">Faktenblatt Berg Alpzeichen.pdf (5,8 MiB)<\/a><\/li>\n<\/ul>\n<h2>a disposition<\/h2>\n<p>Celui qui utilise les logos \u00ab montagne \u00bb ou \u00ab alpage \u00bb doit assurer une certaine transparence aupr\u00e8s des consommateurs. Nous vous mettons \u00e0 disposition les diff\u00e9rents logos. Ces derniers peuvent \u00eatre t\u00e9l\u00e9charg\u00e9s gratuitement.<\/p>\n<p><span style=\"font-weight: bold;\">Logo alpage<\/span><\/p>\n<ul>\n<li class=\"download-element ext-zip\"> <a href=\"http:\/\/www.sab.ch\/fileadmin\/user_upload\/customers\/sab\/Projekte_SAB\/Berg-und_Alpprodukte\/BLW_Garantiezeichen_Bergprodukt_COULEUR.zip\" title=\"Logo alpage-EPS-couleur.zip (2,8 MiB)\">Logo alpage-EPS-couleur.zip <span class=\"size\">(2,8 MiB)<\/span><\/a><\/li>\n<li class=\"download-element ext-zip\"> <a href=\"http:\/\/www.sab.ch\/fileadmin\/user_upload\/customers\/sab\/Projekte_SAB\/Berg-und_Alpprodukte\/Logo_Alpprodukte\/BLW_Garantiezeichen_Alpprodukt_SW.zip\" title=\"Logo-alpage-EPS-nb.zip (1,3 MiB)\">Logo-alpage-EPS-nb.zip <span class=\"size\">(1,3 MiB)<\/span><\/a><\/li>\n<\/ul>\n<p><span style=\"font-weight: bold;\"><br \/>\nLogo montagne<\/span><\/p>\n<ul>\n<li class=\"download-element ext-zip\"> <a href=\"http:\/\/www.sab.ch\/fileadmin\/user_upload\/customers\/sab\/Projekte_SAB\/Berg-und_Alpprodukte\/BLW_Garantiezeichen_Bergprodukt_COULEUR.zip\" title=\"Logo_montagne-EPS-couleur.zip (5,1 MiB)\">Logo_montagne-EPS-couleur.zip <span class=\"size\">(5,1 MiB)<\/span><\/a><\/li>\n<li class=\"download-element ext-zip\"> <a href=\"http:\/\/www.sab.ch\/fileadmin\/user_upload\/customers\/sab\/Projekte_SAB\/Berg-und_Alpprodukte\/BLW_Garantiezeichen_Bergprodukt_SW.zip\" title=\"Logo_montagne-EPS-nb.zip (5,1 MiB)\">Logo_montagne-EPS-nb.zip <span class=\"size\">(5,1 MiB)<\/span><\/a><\/li>\n<\/ul>\n<p><span style=\"font-weight: bold;\">Informations compl\u00e9mentaires<\/span><\/p>\n<p><a href=\"https:\/\/www.blw.admin.ch\/blw\/de\/home\/instrumente\/kennzeichnung\/berg-und-alp.html\" target=\"_blank\" rel=\"noopener\">BLW<\/a><\/p>\n<\/div><\/section><\/div>\n","protected":false},"excerpt":{"rendered":"","protected":false},"author":3,"featured_media":0,"parent":10541,"menu_order":0,"comment_status":"closed","ping_status":"closed","template":"","meta":{"footnotes":""},"class_list":["post-10563","page","type-page","status-publish","hentry"],"yoast_head":"<!-- This site is optimized with the Yoast SEO plugin v27.5 - https:\/\/yoast.com\/product\/yoast-seo-wordpress\/ -->\n<title>Publications - S A B<\/title>\n<meta name=\"robots\" content=\"index, follow, max-snippet:-1, max-image-preview:large, max-video-preview:-1\" \/>\n<link rel=\"canonical\" href=\"https:\/\/www.sab.ch\/fr\/dienstleistungen\/protection-des-produits-de-montagne-et-dalpage\/publications\/\" \/>\n<meta property=\"og:locale\" content=\"fr_FR\" \/>\n<meta property=\"og:type\" content=\"article\" \/>\n<meta property=\"og:title\" content=\"Publications - S A B\" \/>\n<meta property=\"og:url\" content=\"https:\/\/www.sab.ch\/fr\/dienstleistungen\/protection-des-produits-de-montagne-et-dalpage\/publications\/\" \/>\n<meta property=\"og:site_name\" content=\"S A B\" \/>\n<meta property=\"article:modified_time\" content=\"2022-12-22T13:21:15+00:00\" \/>\n<meta name=\"twitter:card\" content=\"summary_large_image\" \/>\n<meta name=\"twitter:label1\" content=\"Dur\u00e9e de lecture estim\u00e9e\" \/>\n\t<meta name=\"twitter:data1\" content=\"3 minutes\" \/>\n<script type=\"application\/ld+json\" class=\"yoast-schema-graph\">{\"@context\":\"https:\\\/\\\/schema.org\",\"@graph\":[{\"@type\":\"WebPage\",\"@id\":\"https:\\\/\\\/www.sab.ch\\\/fr\\\/dienstleistungen\\\/protection-des-produits-de-montagne-et-dalpage\\\/publications\\\/\",\"url\":\"https:\\\/\\\/www.sab.ch\\\/fr\\\/dienstleistungen\\\/protection-des-produits-de-montagne-et-dalpage\\\/publications\\\/\",\"name\":\"Publications - S A B\",\"isPartOf\":{\"@id\":\"https:\\\/\\\/www.sab.ch\\\/fr\\\/#website\"},\"datePublished\":\"2022-12-22T13:21:14+00:00\",\"dateModified\":\"2022-12-22T13:21:15+00:00\",\"breadcrumb\":{\"@id\":\"https:\\\/\\\/www.sab.ch\\\/fr\\\/dienstleistungen\\\/protection-des-produits-de-montagne-et-dalpage\\\/publications\\\/#breadcrumb\"},\"inLanguage\":\"fr-FR\",\"potentialAction\":[{\"@type\":\"ReadAction\",\"target\":[\"https:\\\/\\\/www.sab.ch\\\/fr\\\/dienstleistungen\\\/protection-des-produits-de-montagne-et-dalpage\\\/publications\\\/\"]}]},{\"@type\":\"BreadcrumbList\",\"@id\":\"https:\\\/\\\/www.sab.ch\\\/fr\\\/dienstleistungen\\\/protection-des-produits-de-montagne-et-dalpage\\\/publications\\\/#breadcrumb\",\"itemListElement\":[{\"@type\":\"ListItem\",\"position\":1,\"name\":\"Startseite\",\"item\":\"https:\\\/\\\/www.sab.ch\\\/fr\\\/home\\\/\"},{\"@type\":\"ListItem\",\"position\":2,\"name\":\"Prestations\",\"item\":\"https:\\\/\\\/www.sab.ch\\\/fr\\\/dienstleistungen\\\/\"},{\"@type\":\"ListItem\",\"position\":3,\"name\":\"Protection des produits de montagne et d\u2019alpage\",\"item\":\"https:\\\/\\\/www.sab.ch\\\/fr\\\/dienstleistungen\\\/protection-des-produits-de-montagne-et-dalpage\\\/\"},{\"@type\":\"ListItem\",\"position\":4,\"name\":\"Publications\"}]},{\"@type\":\"WebSite\",\"@id\":\"https:\\\/\\\/www.sab.ch\\\/fr\\\/#website\",\"url\":\"https:\\\/\\\/www.sab.ch\\\/fr\\\/\",\"name\":\"S A B\",\"description\":\"\",\"potentialAction\":[{\"@type\":\"SearchAction\",\"target\":{\"@type\":\"EntryPoint\",\"urlTemplate\":\"https:\\\/\\\/www.sab.ch\\\/fr\\\/?s={search_term_string}\"},\"query-input\":{\"@type\":\"PropertyValueSpecification\",\"valueRequired\":true,\"valueName\":\"search_term_string\"}}],\"inLanguage\":\"fr-FR\"}]}<\/script>\n<!-- \/ Yoast SEO plugin. -->","yoast_head_json":{"title":"Publications - S A B","robots":{"index":"index","follow":"follow","max-snippet":"max-snippet:-1","max-image-preview":"max-image-preview:large","max-video-preview":"max-video-preview:-1"},"canonical":"https:\/\/www.sab.ch\/fr\/dienstleistungen\/protection-des-produits-de-montagne-et-dalpage\/publications\/","og_locale":"fr_FR","og_type":"article","og_title":"Publications - S A B","og_url":"https:\/\/www.sab.ch\/fr\/dienstleistungen\/protection-des-produits-de-montagne-et-dalpage\/publications\/","og_site_name":"S A B","article_modified_time":"2022-12-22T13:21:15+00:00","twitter_card":"summary_large_image","twitter_misc":{"Dur\u00e9e de lecture estim\u00e9e":"3 minutes"},"schema":{"@context":"https:\/\/schema.org","@graph":[{"@type":"WebPage","@id":"https:\/\/www.sab.ch\/fr\/dienstleistungen\/protection-des-produits-de-montagne-et-dalpage\/publications\/","url":"https:\/\/www.sab.ch\/fr\/dienstleistungen\/protection-des-produits-de-montagne-et-dalpage\/publications\/","name":"Publications - S A B","isPartOf":{"@id":"https:\/\/www.sab.ch\/fr\/#website"},"datePublished":"2022-12-22T13:21:14+00:00","dateModified":"2022-12-22T13:21:15+00:00","breadcrumb":{"@id":"https:\/\/www.sab.ch\/fr\/dienstleistungen\/protection-des-produits-de-montagne-et-dalpage\/publications\/#breadcrumb"},"inLanguage":"fr-FR","potentialAction":[{"@type":"ReadAction","target":["https:\/\/www.sab.ch\/fr\/dienstleistungen\/protection-des-produits-de-montagne-et-dalpage\/publications\/"]}]},{"@type":"BreadcrumbList","@id":"https:\/\/www.sab.ch\/fr\/dienstleistungen\/protection-des-produits-de-montagne-et-dalpage\/publications\/#breadcrumb","itemListElement":[{"@type":"ListItem","position":1,"name":"Startseite","item":"https:\/\/www.sab.ch\/fr\/home\/"},{"@type":"ListItem","position":2,"name":"Prestations","item":"https:\/\/www.sab.ch\/fr\/dienstleistungen\/"},{"@type":"ListItem","position":3,"name":"Protection des produits de montagne et d\u2019alpage","item":"https:\/\/www.sab.ch\/fr\/dienstleistungen\/protection-des-produits-de-montagne-et-dalpage\/"},{"@type":"ListItem","position":4,"name":"Publications"}]},{"@type":"WebSite","@id":"https:\/\/www.sab.ch\/fr\/#website","url":"https:\/\/www.sab.ch\/fr\/","name":"S A B","description":"","potentialAction":[{"@type":"SearchAction","target":{"@type":"EntryPoint","urlTemplate":"https:\/\/www.sab.ch\/fr\/?s={search_term_string}"},"query-input":{"@type":"PropertyValueSpecification","valueRequired":true,"valueName":"search_term_string"}}],"inLanguage":"fr-FR"}]}},"_links":{"self":[{"href":"https:\/\/www.sab.ch\/fr\/wp-json\/wp\/v2\/pages\/10563","targetHints":{"allow":["GET"]}}],"collection":[{"href":"https:\/\/www.sab.ch\/fr\/wp-json\/wp\/v2\/pages"}],"about":[{"href":"https:\/\/www.sab.ch\/fr\/wp-json\/wp\/v2\/types\/page"}],"author":[{"embeddable":true,"href":"https:\/\/www.sab.ch\/fr\/wp-json\/wp\/v2\/users\/3"}],"replies":[{"embeddable":true,"href":"https:\/\/www.sab.ch\/fr\/wp-json\/wp\/v2\/comments?post=10563"}],"version-history":[{"count":2,"href":"https:\/\/www.sab.ch\/fr\/wp-json\/wp\/v2\/pages\/10563\/revisions"}],"predecessor-version":[{"id":10565,"href":"https:\/\/www.sab.ch\/fr\/wp-json\/wp\/v2\/pages\/10563\/revisions\/10565"}],"up":[{"embeddable":true,"href":"https:\/\/www.sab.ch\/fr\/wp-json\/wp\/v2\/pages\/10541"}],"wp:attachment":[{"href":"https:\/\/www.sab.ch\/fr\/wp-json\/wp\/v2\/media?parent=10563"}],"curies":[{"name":"wp","href":"https:\/\/api.w.org\/{rel}","templated":true}]}}

<div  class='flex_column av-6seix-3ac063d3063c1184618ce755c85686fd av_two_third  avia-builder-el-0  avia-builder-el-no-sibling  first flex_column_div  '     ><section  class='av_textblock_section av-jxk41cbl-de8745f204dcd65c5170bef159d7e21a '   itemscope="itemscope" itemtype="https://schema.org/CreativeWork" ><div class='avia_textblock'  itemprop="text" ><h2 class="csc-firstHeader">Publications</h2>
<p><span style="font-weight: bold;">a votre disposition</span></p>
<p>Des brochures de promotion sont à disposition. D&rsquo;autres moyens, comme des présentations « PowerPoint », peuvent aussi être obtenues.</p>
<ul class="csc-uploads csc-uploads-0">
<li class="li-odd li-first csc-uploads-element csc-uploads-element-pdf"><a href="/wp-content/uploads/2022/11/Flyer_BLW_offiziellen_Zeichen_Berg-_und_Alpprodukte.pdf">Flyer BLW offiziellen Zeichen Berg- und Alpprodukte.pdf (3,1 MiB</a></li>
<li class="li-even csc-uploads-element csc-uploads-element-pdf"><a href="/wp-content/uploads/2022/11/Faktenblatt_Berg_Alpzeichen.pdf">Faktenblatt Berg Alpzeichen.pdf (5,8 MiB)</a></li>
</ul>
<h2>a disposition</h2>
<p>Celui qui utilise les logos « montagne » ou « alpage » doit assurer une certaine transparence auprès des consommateurs. Nous vous mettons à disposition les différents logos. Ces derniers peuvent être téléchargés gratuitement.</p>
<p><span style="font-weight: bold;">Logo alpage</span></p>
<ul>
<li class="download-element ext-zip"> <a href="http://www.sab.ch/fileadmin/user_upload/customers/sab/Projekte_SAB/Berg-und_Alpprodukte/BLW_Garantiezeichen_Bergprodukt_COULEUR.zip" title="Logo alpage-EPS-couleur.zip (2,8 MiB)">Logo alpage-EPS-couleur.zip <span class="size">(2,8 MiB)</span></a></li>
<li class="download-element ext-zip"> <a href="http://www.sab.ch/fileadmin/user_upload/customers/sab/Projekte_SAB/Berg-und_Alpprodukte/Logo_Alpprodukte/BLW_Garantiezeichen_Alpprodukt_SW.zip" title="Logo-alpage-EPS-nb.zip (1,3 MiB)">Logo-alpage-EPS-nb.zip <span class="size">(1,3 MiB)</span></a></li>
</ul>
<p><span style="font-weight: bold;"><br />
Logo montagne</span></p>
<ul>
<li class="download-element ext-zip"> <a href="http://www.sab.ch/fileadmin/user_upload/customers/sab/Projekte_SAB/Berg-und_Alpprodukte/BLW_Garantiezeichen_Bergprodukt_COULEUR.zip" title="Logo_montagne-EPS-couleur.zip (5,1 MiB)">Logo_montagne-EPS-couleur.zip <span class="size">(5,1 MiB)</span></a></li>
<li class="download-element ext-zip"> <a href="http://www.sab.ch/fileadmin/user_upload/customers/sab/Projekte_SAB/Berg-und_Alpprodukte/BLW_Garantiezeichen_Bergprodukt_SW.zip" title="Logo_montagne-EPS-nb.zip (5,1 MiB)">Logo_montagne-EPS-nb.zip <span class="size">(5,1 MiB)</span></a></li>
</ul>
<p><span style="font-weight: bold;">Informations complémentaires</span></p>
<p><a href="https://www.blw.admin.ch/blw/de/home/instrumente/kennzeichnung/berg-und-alp.html" target="_blank" rel="noopener">BLW</a></p>
</div></section></div>

<!-- This site is optimized with the Yoast SEO plugin v27.5 - https://yoast.com/product/yoast-seo-wordpress/ -->
<title>Publications - S A B</title>
<meta name="robots" content="index, follow, max-snippet:-1, max-image-preview:large, max-video-preview:-1" />
<link rel="canonical" href="https://www.sab.ch/fr/dienstleistungen/protection-des-produits-de-montagne-et-dalpage/publications/" />
<meta property="og:locale" content="fr_FR" />
<meta property="og:type" content="article" />
<meta property="og:title" content="Publications - S A B" />
<meta property="og:url" content="https://www.sab.ch/fr/dienstleistungen/protection-des-produits-de-montagne-et-dalpage/publications/" />
<meta property="og:site_name" content="S A B" />
<meta property="article:modified_time" content="2022-12-22T13:21:15+00:00" />
<meta name="twitter:card" content="summary_large_image" />
<meta name="twitter:label1" content="Durée de lecture estimée" />
	<meta name="twitter:data1" content="3 minutes" />
<script type="application/ld+json" class="yoast-schema-graph">{"@context":"https:\/\/schema.org","@graph":[{"@type":"WebPage","@id":"https:\/\/www.sab.ch\/fr\/dienstleistungen\/protection-des-produits-de-montagne-et-dalpage\/publications\/","url":"https:\/\/www.sab.ch\/fr\/dienstleistungen\/protection-des-produits-de-montagne-et-dalpage\/publications\/","name":"Publications - S A B","isPartOf":{"@id":"https:\/\/www.sab.ch\/fr\/#website"},"datePublished":"2022-12-22T13:21:14+00:00","dateModified":"2022-12-22T13:21:15+00:00","breadcrumb":{"@id":"https:\/\/www.sab.ch\/fr\/dienstleistungen\/protection-des-produits-de-montagne-et-dalpage\/publications\/#breadcrumb"},"inLanguage":"fr-FR","potentialAction":[{"@type":"ReadAction","target":["https:\/\/www.sab.ch\/fr\/dienstleistungen\/protection-des-produits-de-montagne-et-dalpage\/publications\/"]}]},{"@type":"BreadcrumbList","@id":"https:\/\/www.sab.ch\/fr\/dienstleistungen\/protection-des-produits-de-montagne-et-dalpage\/publications\/#breadcrumb","itemListElement":[{"@type":"ListItem","position":1,"name":"Startseite","item":"https:\/\/www.sab.ch\/fr\/home\/"},{"@type":"ListItem","position":2,"name":"Prestations","item":"https:\/\/www.sab.ch\/fr\/dienstleistungen\/"},{"@type":"ListItem","position":3,"name":"Protection des produits de montagne et d’alpage","item":"https:\/\/www.sab.ch\/fr\/dienstleistungen\/protection-des-produits-de-montagne-et-dalpage\/"},{"@type":"ListItem","position":4,"name":"Publications"}]},{"@type":"WebSite","@id":"https:\/\/www.sab.ch\/fr\/#website","url":"https:\/\/www.sab.ch\/fr\/","name":"S A B","description":"","potentialAction":[{"@type":"SearchAction","target":{"@type":"EntryPoint","urlTemplate":"https:\/\/www.sab.ch\/fr\/?s={search_term_string}"},"query-input":{"@type":"PropertyValueSpecification","valueRequired":true,"valueName":"search_term_string"}}],"inLanguage":"fr-FR"}]}</script>
<!-- / Yoast SEO plugin. -->
