{"id":10807,"date":"2023-01-10T10:45:56","date_gmt":"2023-01-10T09:45:56","guid":{"rendered":"https:\/\/www.sab.ch\/dienstleistungen\/information-et-communication\/"},"modified":"2023-01-10T10:45:57","modified_gmt":"2023-01-10T09:45:57","slug":"information-et-communication","status":"publish","type":"page","link":"https:\/\/www.sab.ch\/fr\/dienstleistungen\/information-et-communication\/","title":{"rendered":"Information et communication"},"content":{"rendered":"<div id='av_section_1'  class='avia-section av-kbufzd3s-dd428f854b73db9c732bdb3b761e163e main_color avia-section-default avia-shadow  avia-builder-el-0  avia-builder-el-no-sibling  avia-bg-style-scroll container_wrap fullsize'  ><div class='container av-section-cont-open' ><main  role=\"main\" itemprop=\"mainContentOfPage\"  class='template-page content  av-content-full alpha units'><div class='post-entry post-entry-type-page post-entry-10807'><div class='entry-content-wrapper clearfix'>\n\n<style type=\"text\/css\" data-created_by=\"avia_inline_auto\" id=\"style-css-av-38q1-59d4a1d61c1719c885de0a85685ce4ed\">\n.flex_column.av-38q1-59d4a1d61c1719c885de0a85685ce4ed{\nborder-radius:0px 0px 0px 0px;\npadding:0px 0px 0px 0px;\n}\n<\/style>\n<div  class='flex_column av-38q1-59d4a1d61c1719c885de0a85685ce4ed av_one_full  avia-builder-el-1  el_before_av_image  avia-builder-el-first  first flex_column_div av-zero-column-padding  '     ><\/div>\n<style type=\"text\/css\" data-created_by=\"avia_inline_auto\" id=\"style-css-av-lav2j99v-5a054891036cefa8e384abc4d550c741\">\n.avia-image-container.av-lav2j99v-5a054891036cefa8e384abc4d550c741 img.avia_image{\nbox-shadow:none;\n}\n.avia-image-container.av-lav2j99v-5a054891036cefa8e384abc4d550c741 .av-image-caption-overlay-center{\ncolor:#ffffff;\n}\n<\/style>\n<div  class='avia-image-container av-lav2j99v-5a054891036cefa8e384abc4d550c741 av-styling- avia-align-left  avia-builder-el-2  el_after_av_one_full  el_before_av_one_full '   itemprop=\"image\" itemscope=\"itemscope\" itemtype=\"https:\/\/schema.org\/ImageObject\" ><div class=\"avia-image-container-inner\"><div class=\"avia-image-overlay-wrap\"><img decoding=\"async\" fetchpriority=\"high\" class='wp-image-5070 avia-img-lazy-loading-not-5070 avia_image ' src=\"https:\/\/www.sab.ch\/wp-content\/uploads\/2022\/11\/kommunikation-1.png\" alt='' title='kommunikation'  height=\"201\" width=\"200\"  itemprop=\"thumbnailUrl\" srcset=\"https:\/\/www.sab.ch\/wp-content\/uploads\/2022\/11\/kommunikation-1.png 200w, https:\/\/www.sab.ch\/wp-content\/uploads\/2022\/11\/kommunikation-1-80x80.png 80w, https:\/\/www.sab.ch\/wp-content\/uploads\/2022\/11\/kommunikation-1-36x36.png 36w, https:\/\/www.sab.ch\/wp-content\/uploads\/2022\/11\/kommunikation-1-180x180.png 180w\" sizes=\"(max-width: 200px) 100vw, 200px\" \/><\/div><\/div><\/div>\n\n<style type=\"text\/css\" data-created_by=\"avia_inline_auto\" id=\"style-css-av-32am1m-015f7d0e77c826aeeaec3718a7c45290\">\n.flex_column.av-32am1m-015f7d0e77c826aeeaec3718a7c45290{\nborder-radius:0px 0px 0px 0px;\npadding:0px 0px 0px 0px;\n}\n<\/style>\n<div  class='flex_column av-32am1m-015f7d0e77c826aeeaec3718a7c45290 av_one_full  avia-builder-el-3  el_after_av_image  avia-builder-el-last  first flex_column_div av-zero-column-padding  '     ><section  class='av_textblock_section av-lav2jxhs-0ccc52fc8e18b8a99a2da1ac5b6effa6 '   itemscope=\"itemscope\" itemtype=\"https:\/\/schema.org\/CreativeWork\" ><div class='avia_textblock'  itemprop=\"text\" ><h2><\/h2>\n<h2 class=\"csc-firstHeader\">Information et communication<\/h2>\n<p>Le SAB informe r\u00e9guli\u00e8rement ses publics, en recourant \u00e0 divers canaux.Les moyens utilis\u00e9s par le SAB pour communiquer sont multiples :<\/p>\n<p>\u25a0 site Internet (www.sab.ch)<br \/>\n\u25a0 revue montagna (publi\u00e9e dix fois par an)<br \/>\n\u25a0 communiqu\u00e9s de presse<br \/>\n\u25a0 contacts avec les m\u00e9dias<br \/>\n\u25a0 rapports th\u00e9matiques<br \/>\n\u25a0 rapport annuel<br \/>\n\u25a0Prix Montagne<\/p>\n<p>Le SAB organise aussi r\u00e9guli\u00e8rement des s\u00e9minaires et des journ\u00e9es d\u2019\u00e9tude destin\u00e9s \u00e0 sensibiliser et \u00e0 informer les acteurs r\u00e9gionaux, vis-\u00e0-vis de th\u00e8mes strat\u00e9giques. Le SAB r\u00e9alise \u00e9galement des \u00e9tudes sur mandat. Comme celle consacr\u00e9e au tourisme rural en Suisse pour le compte d\u2019AGORA et de tourisme-rural.ch.<\/p>\n<p>Contact :<br \/>\nVincent Gillioz<br \/>\nE-Mail: <a href=\"&#109;&#x61;&#x69;&#108;&#x74;&#x6f;:&#x76;&#x69;n&#99;&#x65;n&#116;&#x2e;g&#105;&#x6c;l&#105;&#x6f;z&#64;&#x73;&#x61;&#98;&#x2e;&#x63;&#104;\">vi&#110;&#99;&#x65;&#x6e;&#x74;&#x2e;gi&#108;&#108;&#x69;&#x6f;&#x7a;&#x40;sa&#98;&#46;&#99;&#x68;<\/a><\/p>\n<\/div><\/section><\/div>\n","protected":false},"excerpt":{"rendered":"","protected":false},"author":3,"featured_media":0,"parent":7623,"menu_order":0,"comment_status":"closed","ping_status":"closed","template":"","meta":{"footnotes":""},"class_list":["post-10807","page","type-page","status-publish","hentry"],"yoast_head":"<!-- This site is optimized with the Yoast SEO plugin v27.5 - https:\/\/yoast.com\/product\/yoast-seo-wordpress\/ -->\n<title>Information et communication - S A B<\/title>\n<meta name=\"robots\" content=\"index, follow, max-snippet:-1, max-image-preview:large, max-video-preview:-1\" \/>\n<link rel=\"canonical\" href=\"https:\/\/www.sab.ch\/fr\/dienstleistungen\/information-et-communication\/\" \/>\n<meta property=\"og:locale\" content=\"fr_FR\" \/>\n<meta property=\"og:type\" content=\"article\" \/>\n<meta property=\"og:title\" content=\"Information et communication - S A B\" \/>\n<meta property=\"og:url\" content=\"https:\/\/www.sab.ch\/fr\/dienstleistungen\/information-et-communication\/\" \/>\n<meta property=\"og:site_name\" content=\"S A B\" \/>\n<meta property=\"article:modified_time\" content=\"2023-01-10T09:45:57+00:00\" \/>\n<meta name=\"twitter:card\" content=\"summary_large_image\" \/>\n<meta name=\"twitter:label1\" content=\"Dur\u00e9e de lecture estim\u00e9e\" \/>\n\t<meta name=\"twitter:data1\" content=\"4 minutes\" \/>\n<script type=\"application\/ld+json\" class=\"yoast-schema-graph\">{\"@context\":\"https:\\\/\\\/schema.org\",\"@graph\":[{\"@type\":\"WebPage\",\"@id\":\"https:\\\/\\\/www.sab.ch\\\/fr\\\/dienstleistungen\\\/information-et-communication\\\/\",\"url\":\"https:\\\/\\\/www.sab.ch\\\/fr\\\/dienstleistungen\\\/information-et-communication\\\/\",\"name\":\"Information et communication - S A B\",\"isPartOf\":{\"@id\":\"https:\\\/\\\/www.sab.ch\\\/fr\\\/#website\"},\"datePublished\":\"2023-01-10T09:45:56+00:00\",\"dateModified\":\"2023-01-10T09:45:57+00:00\",\"breadcrumb\":{\"@id\":\"https:\\\/\\\/www.sab.ch\\\/fr\\\/dienstleistungen\\\/information-et-communication\\\/#breadcrumb\"},\"inLanguage\":\"fr-FR\",\"potentialAction\":[{\"@type\":\"ReadAction\",\"target\":[\"https:\\\/\\\/www.sab.ch\\\/fr\\\/dienstleistungen\\\/information-et-communication\\\/\"]}]},{\"@type\":\"BreadcrumbList\",\"@id\":\"https:\\\/\\\/www.sab.ch\\\/fr\\\/dienstleistungen\\\/information-et-communication\\\/#breadcrumb\",\"itemListElement\":[{\"@type\":\"ListItem\",\"position\":1,\"name\":\"Startseite\",\"item\":\"https:\\\/\\\/www.sab.ch\\\/fr\\\/home\\\/\"},{\"@type\":\"ListItem\",\"position\":2,\"name\":\"Prestations\",\"item\":\"https:\\\/\\\/www.sab.ch\\\/fr\\\/dienstleistungen\\\/\"},{\"@type\":\"ListItem\",\"position\":3,\"name\":\"Information et communication\"}]},{\"@type\":\"WebSite\",\"@id\":\"https:\\\/\\\/www.sab.ch\\\/fr\\\/#website\",\"url\":\"https:\\\/\\\/www.sab.ch\\\/fr\\\/\",\"name\":\"S A B\",\"description\":\"\",\"potentialAction\":[{\"@type\":\"SearchAction\",\"target\":{\"@type\":\"EntryPoint\",\"urlTemplate\":\"https:\\\/\\\/www.sab.ch\\\/fr\\\/?s={search_term_string}\"},\"query-input\":{\"@type\":\"PropertyValueSpecification\",\"valueRequired\":true,\"valueName\":\"search_term_string\"}}],\"inLanguage\":\"fr-FR\"}]}<\/script>\n<!-- \/ Yoast SEO plugin. -->","yoast_head_json":{"title":"Information et communication - S A B","robots":{"index":"index","follow":"follow","max-snippet":"max-snippet:-1","max-image-preview":"max-image-preview:large","max-video-preview":"max-video-preview:-1"},"canonical":"https:\/\/www.sab.ch\/fr\/dienstleistungen\/information-et-communication\/","og_locale":"fr_FR","og_type":"article","og_title":"Information et communication - S A B","og_url":"https:\/\/www.sab.ch\/fr\/dienstleistungen\/information-et-communication\/","og_site_name":"S A B","article_modified_time":"2023-01-10T09:45:57+00:00","twitter_card":"summary_large_image","twitter_misc":{"Dur\u00e9e de lecture estim\u00e9e":"4 minutes"},"schema":{"@context":"https:\/\/schema.org","@graph":[{"@type":"WebPage","@id":"https:\/\/www.sab.ch\/fr\/dienstleistungen\/information-et-communication\/","url":"https:\/\/www.sab.ch\/fr\/dienstleistungen\/information-et-communication\/","name":"Information et communication - S A B","isPartOf":{"@id":"https:\/\/www.sab.ch\/fr\/#website"},"datePublished":"2023-01-10T09:45:56+00:00","dateModified":"2023-01-10T09:45:57+00:00","breadcrumb":{"@id":"https:\/\/www.sab.ch\/fr\/dienstleistungen\/information-et-communication\/#breadcrumb"},"inLanguage":"fr-FR","potentialAction":[{"@type":"ReadAction","target":["https:\/\/www.sab.ch\/fr\/dienstleistungen\/information-et-communication\/"]}]},{"@type":"BreadcrumbList","@id":"https:\/\/www.sab.ch\/fr\/dienstleistungen\/information-et-communication\/#breadcrumb","itemListElement":[{"@type":"ListItem","position":1,"name":"Startseite","item":"https:\/\/www.sab.ch\/fr\/home\/"},{"@type":"ListItem","position":2,"name":"Prestations","item":"https:\/\/www.sab.ch\/fr\/dienstleistungen\/"},{"@type":"ListItem","position":3,"name":"Information et communication"}]},{"@type":"WebSite","@id":"https:\/\/www.sab.ch\/fr\/#website","url":"https:\/\/www.sab.ch\/fr\/","name":"S A B","description":"","potentialAction":[{"@type":"SearchAction","target":{"@type":"EntryPoint","urlTemplate":"https:\/\/www.sab.ch\/fr\/?s={search_term_string}"},"query-input":{"@type":"PropertyValueSpecification","valueRequired":true,"valueName":"search_term_string"}}],"inLanguage":"fr-FR"}]}},"_links":{"self":[{"href":"https:\/\/www.sab.ch\/fr\/wp-json\/wp\/v2\/pages\/10807","targetHints":{"allow":["GET"]}}],"collection":[{"href":"https:\/\/www.sab.ch\/fr\/wp-json\/wp\/v2\/pages"}],"about":[{"href":"https:\/\/www.sab.ch\/fr\/wp-json\/wp\/v2\/types\/page"}],"author":[{"embeddable":true,"href":"https:\/\/www.sab.ch\/fr\/wp-json\/wp\/v2\/users\/3"}],"replies":[{"embeddable":true,"href":"https:\/\/www.sab.ch\/fr\/wp-json\/wp\/v2\/comments?post=10807"}],"version-history":[{"count":2,"href":"https:\/\/www.sab.ch\/fr\/wp-json\/wp\/v2\/pages\/10807\/revisions"}],"predecessor-version":[{"id":10809,"href":"https:\/\/www.sab.ch\/fr\/wp-json\/wp\/v2\/pages\/10807\/revisions\/10809"}],"up":[{"embeddable":true,"href":"https:\/\/www.sab.ch\/fr\/wp-json\/wp\/v2\/pages\/7623"}],"wp:attachment":[{"href":"https:\/\/www.sab.ch\/fr\/wp-json\/wp\/v2\/media?parent=10807"}],"curies":[{"name":"wp","href":"https:\/\/api.w.org\/{rel}","templated":true}]}}

<div id='av_section_1'  class='avia-section av-kbufzd3s-dd428f854b73db9c732bdb3b761e163e main_color avia-section-default avia-shadow  avia-builder-el-0  avia-builder-el-no-sibling  avia-bg-style-scroll container_wrap fullsize'  ><div class='container av-section-cont-open' ><main  role="main" itemprop="mainContentOfPage"  class='template-page content  av-content-full alpha units'><div class='post-entry post-entry-type-page post-entry-10807'><div class='entry-content-wrapper clearfix'>

<style type="text/css" data-created_by="avia_inline_auto" id="style-css-av-38q1-59d4a1d61c1719c885de0a85685ce4ed">
.flex_column.av-38q1-59d4a1d61c1719c885de0a85685ce4ed{
border-radius:0px 0px 0px 0px;
padding:0px 0px 0px 0px;
}
</style>
<div  class='flex_column av-38q1-59d4a1d61c1719c885de0a85685ce4ed av_one_full  avia-builder-el-1  el_before_av_image  avia-builder-el-first  first flex_column_div av-zero-column-padding  '     ></div>
<style type="text/css" data-created_by="avia_inline_auto" id="style-css-av-lav2j99v-5a054891036cefa8e384abc4d550c741">
.avia-image-container.av-lav2j99v-5a054891036cefa8e384abc4d550c741 img.avia_image{
box-shadow:none;
}
.avia-image-container.av-lav2j99v-5a054891036cefa8e384abc4d550c741 .av-image-caption-overlay-center{
color:#ffffff;
}
</style>
<div  class='avia-image-container av-lav2j99v-5a054891036cefa8e384abc4d550c741 av-styling- avia-align-left  avia-builder-el-2  el_after_av_one_full  el_before_av_one_full '   itemprop="image" itemscope="itemscope" itemtype="https://schema.org/ImageObject" ><div class="avia-image-container-inner"><div class="avia-image-overlay-wrap"><img decoding="async" fetchpriority="high" class='wp-image-5070 avia-img-lazy-loading-not-5070 avia_image ' src="https://www.sab.ch/wp-content/uploads/2022/11/kommunikation-1.png" alt='' title='kommunikation'  height="201" width="200"  itemprop="thumbnailUrl" srcset="https://www.sab.ch/wp-content/uploads/2022/11/kommunikation-1.png 200w, https://www.sab.ch/wp-content/uploads/2022/11/kommunikation-1-80x80.png 80w, https://www.sab.ch/wp-content/uploads/2022/11/kommunikation-1-36x36.png 36w, https://www.sab.ch/wp-content/uploads/2022/11/kommunikation-1-180x180.png 180w" sizes="(max-width: 200px) 100vw, 200px" /></div></div></div>

<style type="text/css" data-created_by="avia_inline_auto" id="style-css-av-32am1m-015f7d0e77c826aeeaec3718a7c45290">
.flex_column.av-32am1m-015f7d0e77c826aeeaec3718a7c45290{
border-radius:0px 0px 0px 0px;
padding:0px 0px 0px 0px;
}
</style>
<div  class='flex_column av-32am1m-015f7d0e77c826aeeaec3718a7c45290 av_one_full  avia-builder-el-3  el_after_av_image  avia-builder-el-last  first flex_column_div av-zero-column-padding  '     ><section  class='av_textblock_section av-lav2jxhs-0ccc52fc8e18b8a99a2da1ac5b6effa6 '   itemscope="itemscope" itemtype="https://schema.org/CreativeWork" ><div class='avia_textblock'  itemprop="text" ><h2></h2>
<h2 class="csc-firstHeader">Information et communication</h2>
<p>Le SAB informe régulièrement ses publics, en recourant à divers canaux.Les moyens utilisés par le SAB pour communiquer sont multiples :</p>
<p>■ site Internet (www.sab.ch)<br />
■ revue montagna (publiée dix fois par an)<br />
■ communiqués de presse<br />
■ contacts avec les médias<br />
■ rapports thématiques<br />
■ rapport annuel<br />
■Prix Montagne</p>
<p>Le SAB organise aussi régulièrement des séminaires et des journées d’étude destinés à sensibiliser et à informer les acteurs régionaux, vis-à-vis de thèmes stratégiques. Le SAB réalise également des études sur mandat. Comme celle consacrée au tourisme rural en Suisse pour le compte d’AGORA et de tourisme-rural.ch.</p>
<p>Contact :<br />
Vincent Gillioz<br />
E-Mail: <a href="&#109;&#x61;&#x69;&#108;&#x74;&#x6f;:&#x76;&#x69;n&#99;&#x65;n&#116;&#x2e;g&#105;&#x6c;l&#105;&#x6f;z&#64;&#x73;&#x61;&#98;&#x2e;&#x63;&#104;">vi&#110;&#99;&#x65;&#x6e;&#x74;&#x2e;gi&#108;&#108;&#x69;&#x6f;&#x7a;&#x40;sa&#98;&#46;&#99;&#x68;</a></p>
</div></section></div>

<!-- This site is optimized with the Yoast SEO plugin v27.5 - https://yoast.com/product/yoast-seo-wordpress/ -->
<title>Information et communication - S A B</title>
<meta name="robots" content="index, follow, max-snippet:-1, max-image-preview:large, max-video-preview:-1" />
<link rel="canonical" href="https://www.sab.ch/fr/dienstleistungen/information-et-communication/" />
<meta property="og:locale" content="fr_FR" />
<meta property="og:type" content="article" />
<meta property="og:title" content="Information et communication - S A B" />
<meta property="og:url" content="https://www.sab.ch/fr/dienstleistungen/information-et-communication/" />
<meta property="og:site_name" content="S A B" />
<meta property="article:modified_time" content="2023-01-10T09:45:57+00:00" />
<meta name="twitter:card" content="summary_large_image" />
<meta name="twitter:label1" content="Durée de lecture estimée" />
	<meta name="twitter:data1" content="4 minutes" />
<script type="application/ld+json" class="yoast-schema-graph">{"@context":"https:\/\/schema.org","@graph":[{"@type":"WebPage","@id":"https:\/\/www.sab.ch\/fr\/dienstleistungen\/information-et-communication\/","url":"https:\/\/www.sab.ch\/fr\/dienstleistungen\/information-et-communication\/","name":"Information et communication - S A B","isPartOf":{"@id":"https:\/\/www.sab.ch\/fr\/#website"},"datePublished":"2023-01-10T09:45:56+00:00","dateModified":"2023-01-10T09:45:57+00:00","breadcrumb":{"@id":"https:\/\/www.sab.ch\/fr\/dienstleistungen\/information-et-communication\/#breadcrumb"},"inLanguage":"fr-FR","potentialAction":[{"@type":"ReadAction","target":["https:\/\/www.sab.ch\/fr\/dienstleistungen\/information-et-communication\/"]}]},{"@type":"BreadcrumbList","@id":"https:\/\/www.sab.ch\/fr\/dienstleistungen\/information-et-communication\/#breadcrumb","itemListElement":[{"@type":"ListItem","position":1,"name":"Startseite","item":"https:\/\/www.sab.ch\/fr\/home\/"},{"@type":"ListItem","position":2,"name":"Prestations","item":"https:\/\/www.sab.ch\/fr\/dienstleistungen\/"},{"@type":"ListItem","position":3,"name":"Information et communication"}]},{"@type":"WebSite","@id":"https:\/\/www.sab.ch\/fr\/#website","url":"https:\/\/www.sab.ch\/fr\/","name":"S A B","description":"","potentialAction":[{"@type":"SearchAction","target":{"@type":"EntryPoint","urlTemplate":"https:\/\/www.sab.ch\/fr\/?s={search_term_string}"},"query-input":{"@type":"PropertyValueSpecification","valueRequired":true,"valueName":"search_term_string"}}],"inLanguage":"fr-FR"}]}</script>
<!-- / Yoast SEO plugin. -->
