{"id":10810,"date":"2023-01-10T11:41:48","date_gmt":"2023-01-10T10:41:48","guid":{"rendered":"https:\/\/www.sab.ch\/cross-border-mobility\/"},"modified":"2023-01-10T11:41:48","modified_gmt":"2023-01-10T10:41:48","slug":"cross-border-mobility","status":"publish","type":"page","link":"https:\/\/www.sab.ch\/fr\/dienstleistungen\/cooperation-internationale\/cross-border-mobility\/","title":{"rendered":"Cross-border mobility"},"content":{"rendered":"<div id='av_section_1'  class='avia-section av-kbufzd3s-dd428f854b73db9c732bdb3b761e163e main_color avia-section-default avia-shadow  avia-builder-el-0  avia-builder-el-no-sibling  avia-bg-style-scroll container_wrap fullsize'  ><div class='container av-section-cont-open' ><main  role=\"main\" itemprop=\"mainContentOfPage\"  class='template-page content  av-content-full alpha units'><div class='post-entry post-entry-type-page post-entry-10810'><div class='entry-content-wrapper clearfix'>\n<div  class='flex_column av-4umxdi-9e7a7af45fec6087da08c3e63f049161 av_two_third  avia-builder-el-1  el_before_av_one_third  avia-builder-el-first  first flex_column_div  '     ><section  class='av_textblock_section av-lav29itq-f2e83e0ed1e11e5b04d3be34f9c07612 '   itemscope=\"itemscope\" itemtype=\"https:\/\/schema.org\/CreativeWork\" ><div class='avia_textblock'  itemprop=\"text\" ><h2 class=\"csc-firstHeader\">Cross-border mobility<\/h2>\n<p>Dans l&rsquo;espace alpin, des milliers de navetteurs professionnels se d\u00e9placent quotidiennement au-del\u00e0 des fronti\u00e8res nationales. Pourtant, les voies de communication ont g\u00e9n\u00e9ralement \u00e9t\u00e9 construites dans une perspective purement nationale et ne sont pas adapt\u00e9es \u00e0 ces flux de navetteurs transfrontaliers. Il en r\u00e9sulte des routes encombr\u00e9es et des nuisances sonores pour les riverains. Dans le cadre du projet de deux ans \u00ab\u00a0Cross-border mobility\u00a0\u00bb, la strat\u00e9gie macror\u00e9gionale pour l&rsquo;espace alpin EUSALP analyse le statu quo, pr\u00e9sente les bons exemples de coop\u00e9ration, recherche des solutions et \u00e9labore des plans d&rsquo;action concrets avec des mesures dans des hotspots s\u00e9lectionn\u00e9s.<\/p>\n<p>Dates cl\u00e9s<br \/>\n\u2022 Dur\u00e9e du projet : 01.01.2018 &#8211; 31.12.2019<br \/>\n\u2022 Budget total : \u20ac 698.742<br \/>\n\u2022 Financement ARPAF (Alpine Region Preparatory Action Fund) : UE \u20ac 628.868<br \/>\n\u2022 Cofinancement par les partenaires \u20ac 65.303<\/p>\n<p>Partenaires<br \/>\n\u2022 Groupement suisse pour les r\u00e9gions de montagne (SAB), Lead Partner<br \/>\n\u2022 Office du gouvernement r\u00e9gional du Tyrol, domaine de la planification des transports<br \/>\n\u2022 CIPRA International<\/p>\n<p>Contact<br \/>\n<a href=\"&#x6d;&#x61;&#x69;&#108;&#116;o:&#x70;&#x65;&#x74;&#x65;&#114;&#46;ni&#x65;&#x64;&#x65;&#114;&#101;&#114;&#64;s&#x61;&#x62;&#x2e;&#99;&#104;\">&#x70;&#x65;&#116;e&#x72;&#x2e;&#110;&#105;e&#x64;&#x65;&#114;&#101;r&#x40;&#x73;&#97;b&#46;&#x63;&#x68;<\/a><\/p>\n<p>voir aussi <a href=\"https:\/\/www.alpine-region.eu\/projects\/arpaf-crossborder\" target=\"_blank\" rel=\"noopener\">https:\/\/www.alpine-region.eu\/projects\/arpaf-cross-border<\/a><\/p>\n<h2>Documents suppl\u00e9mentaires (disponibles dans la langue originale)<\/h2>\n<ul class=\"csc-uploads csc-uploads-0\">\n<li class=\"li-odd li-first csc-uploads-element csc-uploads-element-pdf\"><a href=\"\/wp-content\/uploads\/2022\/11\/Broschuere_EN_20191121.pdf\">Schlussbericht des ARPAF-Projektes zur grenz\u00fcberschreitenden Pendlermobilit\u00e4t &#8211; in Englisch<\/a><\/li>\n<li class=\"li-even csc-uploads-element csc-uploads-element-pdf\"><a href=\"\/wp-content\/uploads\/2022\/11\/cipra_brossborder_flyer_druck.pdf\">Flyer ARPAF CrossBorder<\/a><\/li>\n<li class=\"li-odd csc-uploads-element csc-uploads-element-pdf\"><a href=\"\/wp-content\/uploads\/2022\/11\/toolbox_for_company_mobility_management_all_languages.pdf\">toolbox f\u00fcr company mobility management<\/a><\/li>\n<li class=\"li-even csc-uploads-element csc-uploads-element-pdf\"><a href=\"\/wp-content\/uploads\/2022\/11\/arpaf_project_crossborder_wp2_finalreport_20190123.pdf\">WP2 ANALYSIS OF EXISTING CROSS-BORDER MOBILITY NETWORKS<\/a><\/li>\n<li class=\"li-odd csc-uploads-element csc-uploads-element-pdf\"><a href=\"\/wp-content\/uploads\/2022\/11\/final_report_-_wp3._cross-border_mobility_in_the_alpine_region_0.pdf\">WP3 REPORT ON COOPERATION MODELS FOR CROSS-BORDER MOBILITY<\/a><\/li>\n<li class=\"li-even csc-uploads-element csc-uploads-element-pdf\"><a href=\"\/wp-content\/uploads\/2022\/11\/20190731_working_step_4_synthesis_report_eusalp_format_-final.pdf\">WP4 SYNTHESIS REPORT ON IMPROVEMENT OF CROSS-BORDER MOBILITY AND PASSENGER FLOWS<\/a><\/li>\n<li class=\"li-odd csc-uploads-element csc-uploads-element-pdf\"><a href=\"\/wp-content\/uploads\/2022\/11\/archetype_factsheets_new_v1.pdf\">WP4 ARCHETYPE FACTSHEETS<\/a><\/li>\n<li class=\"li-even csc-uploads-element csc-uploads-element-pdf\"><a href=\"\/wp-content\/uploads\/2022\/11\/project_factsheets_new_v1.pdf\">WP4 PROJECT FACTSHEETS<\/a><\/li>\n<li class=\"li-odd csc-uploads-element csc-uploads-element-pdf\"><a href=\"\/wp-content\/uploads\/2022\/11\/cipra_cbm_en_klein.pdf\">Changing views, changing thoughts, changing behaviour<\/a><\/li>\n<li class=\"li-even csc-uploads-element csc-uploads-element-pdf\"><a href=\"\/wp-content\/uploads\/2022\/11\/Crossborder_montagna_11_November_2020.pdf\">Eusalp-Crossboarder: Grenz\u00fcberschreitendes Pendeln im Alpenraum &#8211; Auszug aus Montagna 11\/2020<\/a><\/li>\n<\/ul>\n<\/div><\/section><\/div><div  class='flex_column av-2469cm-2e687a43633b00f80b403ea5cfb3d8b9 av_one_third  avia-builder-el-3  el_after_av_two_third  avia-builder-el-last  flex_column_div  '     ><style type=\"text\/css\" data-created_by=\"avia_inline_auto\" id=\"style-css-av-lav286ni-1650f83c28e32969763045e58910bd4c\">\n.avia-image-container.av-lav286ni-1650f83c28e32969763045e58910bd4c img.avia_image{\nbox-shadow:none;\n}\n.avia-image-container.av-lav286ni-1650f83c28e32969763045e58910bd4c .av-image-caption-overlay-center{\ncolor:#ffffff;\n}\n<\/style>\n<div  class='avia-image-container av-lav286ni-1650f83c28e32969763045e58910bd4c av-styling- avia-align-left  avia-builder-el-4  avia-builder-el-no-sibling '   itemprop=\"image\" itemscope=\"itemscope\" itemtype=\"https:\/\/schema.org\/ImageObject\" ><div class=\"avia-image-container-inner\"><div class=\"avia-image-overlay-wrap\"><img decoding=\"async\" fetchpriority=\"high\" class='wp-image-7699 avia-img-lazy-loading-not-7699 avia_image ' src=\"https:\/\/www.sab.ch\/wp-content\/uploads\/2022\/11\/Logo_Arpaf-2.png\" alt='' title='Logo_Arpaf'  height=\"105\" width=\"588\"  itemprop=\"thumbnailUrl\"  \/><\/div><\/div><\/div><\/div>\n","protected":false},"excerpt":{"rendered":"","protected":false},"author":3,"featured_media":0,"parent":11320,"menu_order":0,"comment_status":"closed","ping_status":"closed","template":"","meta":{"footnotes":""},"class_list":["post-10810","page","type-page","status-publish","hentry"],"yoast_head":"<!-- This site is optimized with the Yoast SEO plugin v27.5 - https:\/\/yoast.com\/product\/yoast-seo-wordpress\/ -->\n<title>Cross-border mobility - S A B<\/title>\n<meta name=\"robots\" content=\"index, follow, max-snippet:-1, max-image-preview:large, max-video-preview:-1\" \/>\n<link rel=\"canonical\" href=\"https:\/\/www.sab.ch\/fr\/dienstleistungen\/cooperation-internationale\/cross-border-mobility\/\" \/>\n<meta property=\"og:locale\" content=\"fr_FR\" \/>\n<meta property=\"og:type\" content=\"article\" \/>\n<meta property=\"og:title\" content=\"Cross-border mobility - S A B\" \/>\n<meta property=\"og:url\" content=\"https:\/\/www.sab.ch\/fr\/dienstleistungen\/cooperation-internationale\/cross-border-mobility\/\" \/>\n<meta property=\"og:site_name\" content=\"S A B\" \/>\n<meta name=\"twitter:card\" content=\"summary_large_image\" \/>\n<meta name=\"twitter:label1\" content=\"Dur\u00e9e de lecture estim\u00e9e\" \/>\n\t<meta name=\"twitter:data1\" content=\"8 minutes\" \/>\n<script type=\"application\/ld+json\" class=\"yoast-schema-graph\">{\"@context\":\"https:\\\/\\\/schema.org\",\"@graph\":[{\"@type\":\"WebPage\",\"@id\":\"https:\\\/\\\/www.sab.ch\\\/fr\\\/dienstleistungen\\\/cooperation-internationale\\\/cross-border-mobility\\\/\",\"url\":\"https:\\\/\\\/www.sab.ch\\\/fr\\\/dienstleistungen\\\/cooperation-internationale\\\/cross-border-mobility\\\/\",\"name\":\"Cross-border mobility - S A B\",\"isPartOf\":{\"@id\":\"https:\\\/\\\/www.sab.ch\\\/fr\\\/#website\"},\"datePublished\":\"2023-01-10T10:41:48+00:00\",\"breadcrumb\":{\"@id\":\"https:\\\/\\\/www.sab.ch\\\/fr\\\/dienstleistungen\\\/cooperation-internationale\\\/cross-border-mobility\\\/#breadcrumb\"},\"inLanguage\":\"fr-FR\",\"potentialAction\":[{\"@type\":\"ReadAction\",\"target\":[\"https:\\\/\\\/www.sab.ch\\\/fr\\\/dienstleistungen\\\/cooperation-internationale\\\/cross-border-mobility\\\/\"]}]},{\"@type\":\"BreadcrumbList\",\"@id\":\"https:\\\/\\\/www.sab.ch\\\/fr\\\/dienstleistungen\\\/cooperation-internationale\\\/cross-border-mobility\\\/#breadcrumb\",\"itemListElement\":[{\"@type\":\"ListItem\",\"position\":1,\"name\":\"Startseite\",\"item\":\"https:\\\/\\\/www.sab.ch\\\/fr\\\/home\\\/\"},{\"@type\":\"ListItem\",\"position\":2,\"name\":\"Cross-border mobility\"}]},{\"@type\":\"WebSite\",\"@id\":\"https:\\\/\\\/www.sab.ch\\\/fr\\\/#website\",\"url\":\"https:\\\/\\\/www.sab.ch\\\/fr\\\/\",\"name\":\"S A B\",\"description\":\"\",\"potentialAction\":[{\"@type\":\"SearchAction\",\"target\":{\"@type\":\"EntryPoint\",\"urlTemplate\":\"https:\\\/\\\/www.sab.ch\\\/fr\\\/?s={search_term_string}\"},\"query-input\":{\"@type\":\"PropertyValueSpecification\",\"valueRequired\":true,\"valueName\":\"search_term_string\"}}],\"inLanguage\":\"fr-FR\"}]}<\/script>\n<!-- \/ Yoast SEO plugin. -->","yoast_head_json":{"title":"Cross-border mobility - S A B","robots":{"index":"index","follow":"follow","max-snippet":"max-snippet:-1","max-image-preview":"max-image-preview:large","max-video-preview":"max-video-preview:-1"},"canonical":"https:\/\/www.sab.ch\/fr\/dienstleistungen\/cooperation-internationale\/cross-border-mobility\/","og_locale":"fr_FR","og_type":"article","og_title":"Cross-border mobility - S A B","og_url":"https:\/\/www.sab.ch\/fr\/dienstleistungen\/cooperation-internationale\/cross-border-mobility\/","og_site_name":"S A B","twitter_card":"summary_large_image","twitter_misc":{"Dur\u00e9e de lecture estim\u00e9e":"8 minutes"},"schema":{"@context":"https:\/\/schema.org","@graph":[{"@type":"WebPage","@id":"https:\/\/www.sab.ch\/fr\/dienstleistungen\/cooperation-internationale\/cross-border-mobility\/","url":"https:\/\/www.sab.ch\/fr\/dienstleistungen\/cooperation-internationale\/cross-border-mobility\/","name":"Cross-border mobility - S A B","isPartOf":{"@id":"https:\/\/www.sab.ch\/fr\/#website"},"datePublished":"2023-01-10T10:41:48+00:00","breadcrumb":{"@id":"https:\/\/www.sab.ch\/fr\/dienstleistungen\/cooperation-internationale\/cross-border-mobility\/#breadcrumb"},"inLanguage":"fr-FR","potentialAction":[{"@type":"ReadAction","target":["https:\/\/www.sab.ch\/fr\/dienstleistungen\/cooperation-internationale\/cross-border-mobility\/"]}]},{"@type":"BreadcrumbList","@id":"https:\/\/www.sab.ch\/fr\/dienstleistungen\/cooperation-internationale\/cross-border-mobility\/#breadcrumb","itemListElement":[{"@type":"ListItem","position":1,"name":"Startseite","item":"https:\/\/www.sab.ch\/fr\/home\/"},{"@type":"ListItem","position":2,"name":"Cross-border mobility"}]},{"@type":"WebSite","@id":"https:\/\/www.sab.ch\/fr\/#website","url":"https:\/\/www.sab.ch\/fr\/","name":"S A B","description":"","potentialAction":[{"@type":"SearchAction","target":{"@type":"EntryPoint","urlTemplate":"https:\/\/www.sab.ch\/fr\/?s={search_term_string}"},"query-input":{"@type":"PropertyValueSpecification","valueRequired":true,"valueName":"search_term_string"}}],"inLanguage":"fr-FR"}]}},"_links":{"self":[{"href":"https:\/\/www.sab.ch\/fr\/wp-json\/wp\/v2\/pages\/10810","targetHints":{"allow":["GET"]}}],"collection":[{"href":"https:\/\/www.sab.ch\/fr\/wp-json\/wp\/v2\/pages"}],"about":[{"href":"https:\/\/www.sab.ch\/fr\/wp-json\/wp\/v2\/types\/page"}],"author":[{"embeddable":true,"href":"https:\/\/www.sab.ch\/fr\/wp-json\/wp\/v2\/users\/3"}],"replies":[{"embeddable":true,"href":"https:\/\/www.sab.ch\/fr\/wp-json\/wp\/v2\/comments?post=10810"}],"version-history":[{"count":2,"href":"https:\/\/www.sab.ch\/fr\/wp-json\/wp\/v2\/pages\/10810\/revisions"}],"predecessor-version":[{"id":10812,"href":"https:\/\/www.sab.ch\/fr\/wp-json\/wp\/v2\/pages\/10810\/revisions\/10812"}],"up":[{"embeddable":true,"href":"https:\/\/www.sab.ch\/fr\/wp-json\/wp\/v2\/pages\/11320"}],"wp:attachment":[{"href":"https:\/\/www.sab.ch\/fr\/wp-json\/wp\/v2\/media?parent=10810"}],"curies":[{"name":"wp","href":"https:\/\/api.w.org\/{rel}","templated":true}]}}

<div id='av_section_1'  class='avia-section av-kbufzd3s-dd428f854b73db9c732bdb3b761e163e main_color avia-section-default avia-shadow  avia-builder-el-0  avia-builder-el-no-sibling  avia-bg-style-scroll container_wrap fullsize'  ><div class='container av-section-cont-open' ><main  role="main" itemprop="mainContentOfPage"  class='template-page content  av-content-full alpha units'><div class='post-entry post-entry-type-page post-entry-10810'><div class='entry-content-wrapper clearfix'>
<div  class='flex_column av-4umxdi-9e7a7af45fec6087da08c3e63f049161 av_two_third  avia-builder-el-1  el_before_av_one_third  avia-builder-el-first  first flex_column_div  '     ><section  class='av_textblock_section av-lav29itq-f2e83e0ed1e11e5b04d3be34f9c07612 '   itemscope="itemscope" itemtype="https://schema.org/CreativeWork" ><div class='avia_textblock'  itemprop="text" ><h2 class="csc-firstHeader">Cross-border mobility</h2>
<p>Dans l&rsquo;espace alpin, des milliers de navetteurs professionnels se déplacent quotidiennement au-delà des frontières nationales. Pourtant, les voies de communication ont généralement été construites dans une perspective purement nationale et ne sont pas adaptées à ces flux de navetteurs transfrontaliers. Il en résulte des routes encombrées et des nuisances sonores pour les riverains. Dans le cadre du projet de deux ans « Cross-border mobility », la stratégie macrorégionale pour l&rsquo;espace alpin EUSALP analyse le statu quo, présente les bons exemples de coopération, recherche des solutions et élabore des plans d&rsquo;action concrets avec des mesures dans des hotspots sélectionnés.</p>
<p>Dates clés<br />
• Durée du projet : 01.01.2018 &#8211; 31.12.2019<br />
• Budget total : € 698.742<br />
• Financement ARPAF (Alpine Region Preparatory Action Fund) : UE € 628.868<br />
• Cofinancement par les partenaires € 65.303</p>
<p>Partenaires<br />
• Groupement suisse pour les régions de montagne (SAB), Lead Partner<br />
• Office du gouvernement régional du Tyrol, domaine de la planification des transports<br />
• CIPRA International</p>
<p>Contact<br />
<a href="&#x6d;&#x61;&#x69;&#108;&#116;o:&#x70;&#x65;&#x74;&#x65;&#114;&#46;ni&#x65;&#x64;&#x65;&#114;&#101;&#114;&#64;s&#x61;&#x62;&#x2e;&#99;&#104;">&#x70;&#x65;&#116;e&#x72;&#x2e;&#110;&#105;e&#x64;&#x65;&#114;&#101;r&#x40;&#x73;&#97;b&#46;&#x63;&#x68;</a></p>
<p>voir aussi <a href="https://www.alpine-region.eu/projects/arpaf-crossborder" target="_blank" rel="noopener">https://www.alpine-region.eu/projects/arpaf-cross-border</a></p>
<h2>Documents supplémentaires (disponibles dans la langue originale)</h2>
<ul class="csc-uploads csc-uploads-0">
<li class="li-odd li-first csc-uploads-element csc-uploads-element-pdf"><a href="/wp-content/uploads/2022/11/Broschuere_EN_20191121.pdf">Schlussbericht des ARPAF-Projektes zur grenzüberschreitenden Pendlermobilität &#8211; in Englisch</a></li>
<li class="li-even csc-uploads-element csc-uploads-element-pdf"><a href="/wp-content/uploads/2022/11/cipra_brossborder_flyer_druck.pdf">Flyer ARPAF CrossBorder</a></li>
<li class="li-odd csc-uploads-element csc-uploads-element-pdf"><a href="/wp-content/uploads/2022/11/toolbox_for_company_mobility_management_all_languages.pdf">toolbox für company mobility management</a></li>
<li class="li-even csc-uploads-element csc-uploads-element-pdf"><a href="/wp-content/uploads/2022/11/arpaf_project_crossborder_wp2_finalreport_20190123.pdf">WP2 ANALYSIS OF EXISTING CROSS-BORDER MOBILITY NETWORKS</a></li>
<li class="li-odd csc-uploads-element csc-uploads-element-pdf"><a href="/wp-content/uploads/2022/11/final_report_-_wp3._cross-border_mobility_in_the_alpine_region_0.pdf">WP3 REPORT ON COOPERATION MODELS FOR CROSS-BORDER MOBILITY</a></li>
<li class="li-even csc-uploads-element csc-uploads-element-pdf"><a href="/wp-content/uploads/2022/11/20190731_working_step_4_synthesis_report_eusalp_format_-final.pdf">WP4 SYNTHESIS REPORT ON IMPROVEMENT OF CROSS-BORDER MOBILITY AND PASSENGER FLOWS</a></li>
<li class="li-odd csc-uploads-element csc-uploads-element-pdf"><a href="/wp-content/uploads/2022/11/archetype_factsheets_new_v1.pdf">WP4 ARCHETYPE FACTSHEETS</a></li>
<li class="li-even csc-uploads-element csc-uploads-element-pdf"><a href="/wp-content/uploads/2022/11/project_factsheets_new_v1.pdf">WP4 PROJECT FACTSHEETS</a></li>
<li class="li-odd csc-uploads-element csc-uploads-element-pdf"><a href="/wp-content/uploads/2022/11/cipra_cbm_en_klein.pdf">Changing views, changing thoughts, changing behaviour</a></li>
<li class="li-even csc-uploads-element csc-uploads-element-pdf"><a href="/wp-content/uploads/2022/11/Crossborder_montagna_11_November_2020.pdf">Eusalp-Crossboarder: Grenzüberschreitendes Pendeln im Alpenraum &#8211; Auszug aus Montagna 11/2020</a></li>
</ul>
</div></section></div><div  class='flex_column av-2469cm-2e687a43633b00f80b403ea5cfb3d8b9 av_one_third  avia-builder-el-3  el_after_av_two_third  avia-builder-el-last  flex_column_div  '     ><style type="text/css" data-created_by="avia_inline_auto" id="style-css-av-lav286ni-1650f83c28e32969763045e58910bd4c">
.avia-image-container.av-lav286ni-1650f83c28e32969763045e58910bd4c img.avia_image{
box-shadow:none;
}
.avia-image-container.av-lav286ni-1650f83c28e32969763045e58910bd4c .av-image-caption-overlay-center{
color:#ffffff;
}
</style>
<div  class='avia-image-container av-lav286ni-1650f83c28e32969763045e58910bd4c av-styling- avia-align-left  avia-builder-el-4  avia-builder-el-no-sibling '   itemprop="image" itemscope="itemscope" itemtype="https://schema.org/ImageObject" ><div class="avia-image-container-inner"><div class="avia-image-overlay-wrap"><img decoding="async" fetchpriority="high" class='wp-image-7699 avia-img-lazy-loading-not-7699 avia_image ' src="https://www.sab.ch/wp-content/uploads/2022/11/Logo_Arpaf-2.png" alt='' title='Logo_Arpaf'  height="105" width="588"  itemprop="thumbnailUrl"  /></div></div></div></div>

<!-- This site is optimized with the Yoast SEO plugin v27.5 - https://yoast.com/product/yoast-seo-wordpress/ -->
<title>Cross-border mobility - S A B</title>
<meta name="robots" content="index, follow, max-snippet:-1, max-image-preview:large, max-video-preview:-1" />
<link rel="canonical" href="https://www.sab.ch/fr/dienstleistungen/cooperation-internationale/cross-border-mobility/" />
<meta property="og:locale" content="fr_FR" />
<meta property="og:type" content="article" />
<meta property="og:title" content="Cross-border mobility - S A B" />
<meta property="og:url" content="https://www.sab.ch/fr/dienstleistungen/cooperation-internationale/cross-border-mobility/" />
<meta property="og:site_name" content="S A B" />
<meta name="twitter:card" content="summary_large_image" />
<meta name="twitter:label1" content="Durée de lecture estimée" />
	<meta name="twitter:data1" content="8 minutes" />
<script type="application/ld+json" class="yoast-schema-graph">{"@context":"https:\/\/schema.org","@graph":[{"@type":"WebPage","@id":"https:\/\/www.sab.ch\/fr\/dienstleistungen\/cooperation-internationale\/cross-border-mobility\/","url":"https:\/\/www.sab.ch\/fr\/dienstleistungen\/cooperation-internationale\/cross-border-mobility\/","name":"Cross-border mobility - S A B","isPartOf":{"@id":"https:\/\/www.sab.ch\/fr\/#website"},"datePublished":"2023-01-10T10:41:48+00:00","breadcrumb":{"@id":"https:\/\/www.sab.ch\/fr\/dienstleistungen\/cooperation-internationale\/cross-border-mobility\/#breadcrumb"},"inLanguage":"fr-FR","potentialAction":[{"@type":"ReadAction","target":["https:\/\/www.sab.ch\/fr\/dienstleistungen\/cooperation-internationale\/cross-border-mobility\/"]}]},{"@type":"BreadcrumbList","@id":"https:\/\/www.sab.ch\/fr\/dienstleistungen\/cooperation-internationale\/cross-border-mobility\/#breadcrumb","itemListElement":[{"@type":"ListItem","position":1,"name":"Startseite","item":"https:\/\/www.sab.ch\/fr\/home\/"},{"@type":"ListItem","position":2,"name":"Cross-border mobility"}]},{"@type":"WebSite","@id":"https:\/\/www.sab.ch\/fr\/#website","url":"https:\/\/www.sab.ch\/fr\/","name":"S A B","description":"","potentialAction":[{"@type":"SearchAction","target":{"@type":"EntryPoint","urlTemplate":"https:\/\/www.sab.ch\/fr\/?s={search_term_string}"},"query-input":{"@type":"PropertyValueSpecification","valueRequired":true,"valueName":"search_term_string"}}],"inLanguage":"fr-FR"}]}</script>
<!-- / Yoast SEO plugin. -->
