{"id":11004,"date":"2023-01-16T08:45:44","date_gmt":"2023-01-16T07:45:44","guid":{"rendered":"https:\/\/www.sab.ch\/conseil-des-regions-de-montagne\/"},"modified":"2026-01-16T11:23:17","modified_gmt":"2026-01-16T10:23:17","slug":"conseil-des-regions-de-montagne","status":"publish","type":"page","link":"https:\/\/www.sab.ch\/fr\/au-sujet-du-sab-2\/conseil-des-regions-de-montagne\/","title":{"rendered":"Conseil des r\u00e9gions de montagne"},"content":{"rendered":"<div id='av_section_1'  class='avia-section av-kbufzd3s-dd428f854b73db9c732bdb3b761e163e main_color avia-section-default avia-shadow  avia-builder-el-0  avia-builder-el-no-sibling  avia-bg-style-scroll container_wrap fullsize'  ><div class='container av-section-cont-open' ><main  role=\"main\" itemprop=\"mainContentOfPage\"  class='template-page content  av-content-full alpha units'><div class='post-entry post-entry-type-page post-entry-11004'><div class='entry-content-wrapper clearfix'>\n<div  class='flex_column av-2jflk3-6adfb6b69e3d07b876f903c1d5239086 av_two_third  avia-builder-el-1  avia-builder-el-no-sibling  first flex_column_div  '     ><section  class='av_textblock_section av-jxk41cbl-a1fc1525f09076e0644c7e0771550ccd '   itemscope=\"itemscope\" itemtype=\"https:\/\/schema.org\/CreativeWork\" ><div class='avia_textblock'  itemprop=\"text\" ><h1 class=\"csc-firstHeader\">Conseil des r\u00e9gions de montagne<\/h1>\n<p><br class=\"avia-permanent-lb\" \/>Le Conseil des r\u00e9gions de montagne est \u00e9lu par l&rsquo;Assembl\u00e9e g\u00e9n\u00e9rale sur proposition du Comit\u00e9. Le Conseil se r\u00e9unit une fois par ann\u00e9e pour discuter des questions de principes concernant les r\u00e9gions de montagne. Il \u00e9labore \u00e9galement des recommandations sur des sujets importants \u00e0 l&rsquo;intention du Comit\u00e9.<\/p>\n<p><span style=\"font-weight: bold;\"> <br class=\"avia-permanent-lb\" \/>Prochaine s\u00e9ance: 14 janvier 2026 \u00e0 Berne<\/span><\/p>\n<p><br class=\"avia-permanent-lb\" \/>Membres<\/p>\n<ul>\n<li>Andrey Aline, Einzelmitglied, Charmey<\/li>\n<li>Arnold Sebastian, Vorsitzender Netzwerk Oberwalliser Berggemeinden, Simplon-Dorf<\/li>\n<li>Bapst Bernard , Gemeindepr\u00e4sident von Hauteville FR<\/li>\n<li>Bourgeois-Bach Sabine, Prom\u00e9terre, Lausanne<\/li>\n<li>Brand Alois, alt Pr\u00e4sident Bauernverband Uri, Spiringen<\/li>\n<li>Cereda Manuel, Ente regionale di Sviluppo Bellinzonese e Valli<\/li>\n<li>Clivaz Patrice, Randogne<\/li>\n<li>Doutaz Jean-Pierre, Gemeindepr\u00e4sident von Gruy\u00e8res FR<\/li>\n<li>Eggermann Dummermuth Heinerika, Gemeinde Sigriswil<\/li>\n<li>Felix Nadine, Schweizer Berghilfe<\/li>\n<li>Fuchs Albin, Pr\u00e4sident Bauernverband des Kantons Schwyz<\/li>\n<li>Genini Sem, Unione Contadini Ticinesi, Cresciano<\/li>\n<li>Gunzenreiner Alois, Gemeindepr\u00e4sident Wattwil SG, Wattwil<\/li>\n<li>Grohmann Reto , Leiter Beratung der Schweizerischen Gesellschaft f\u00fcr Hotelkredit SGH, Z\u00fcrich<\/li>\n<li>Infanger Markus, Korporation Uri, Altdorf<\/li>\n<li>Kaspar M\u00fcller, Einzelmitglied, Biel-Benken<\/li>\n<li>Kiener Urs, Gemeindepr\u00e4sident Hergiswil b.W., Hergiswil<\/li>\n<li>Lombardi Giovanni, Ente regionale di Sviluppo del Locarnese<\/li>\n<li>Looser Kilian, Gemeindepr\u00e4sident Nesslau, Nesslau<\/li>\n<li>L\u00f6tscher Otto, Gemeinde Plaffeien, Plaffeien<\/li>\n<li>Martial Minnig, Gemeindepr\u00e4sident Bettmeralp<\/li>\n<li>Martinelli Linard, Gemeinde Zernez, Zernez<\/li>\n<li>Mettler Daniel, Agridea, Lindau<\/li>\n<li>Michel Jacqueline, Einwohnergemeinde Meiringen, Meiringen<\/li>\n<li>Michi Gehret, Pr\u00e4sident Verein sch\u00fcr.li, Feutersoey<\/li>\n<li>Mounir Etienne, Vercorin<\/li>\n<li>M\u00fcller Ren\u00e9, Gemeindepr\u00e4sident Lenk<\/li>\n<li>Niederberger Karin , Gemeindepr\u00e4sidentin Churwalden<\/li>\n<li>Odermatt Paul, Einzelmitglied, Landwirt und Landrat NW, Oberdorf<\/li>\n<li>Pfiffner Paul , Ortsgemeindepr\u00e4sident Mels, Mels<\/li>\n<li>Portmann Thomas , Pr\u00e4sident Bergbauernverein Langenbruck BL<\/li>\n<li>Rausis Jocachim, Gemeindepr\u00e4sident von Orsi\u00e8res VS<\/li>\n<li>Schiesser-Steiner Peter, Vertreter GL Bauernverband, Linthal<\/li>\n<li>Schnider Hella, Gemeindepr\u00e4sidentin von Fl\u00fchli LU<\/li>\n<li>Stauffacher Miriam, Vorstandsmitglied St. Galler Bauernverband<\/li>\n<li>Sturzenegger Kaspar, Einzelmitglied, Serneus<\/li>\n<li>Volken Herbert, Vizepr\u00e4sident Bauernvereinigung Oberwallis<\/li>\n<li>Zufferey Marion, Schweizerischer Bauernverband<\/li>\n<li>Zufferey Norbert, Gesch\u00e4ftsf\u00fchrer Region Chablais VD\/VS<\/li>\n<\/ul>\n<\/div><\/section><\/div>\n","protected":false},"excerpt":{"rendered":"","protected":false},"author":3,"featured_media":0,"parent":11057,"menu_order":0,"comment_status":"closed","ping_status":"closed","template":"","meta":{"footnotes":""},"class_list":["post-11004","page","type-page","status-publish","hentry"],"yoast_head":"<!-- This site is optimized with the Yoast SEO plugin v27.5 - https:\/\/yoast.com\/product\/yoast-seo-wordpress\/ -->\n<title>Conseil des r\u00e9gions de montagne - S A B<\/title>\n<meta name=\"robots\" content=\"index, follow, max-snippet:-1, max-image-preview:large, max-video-preview:-1\" \/>\n<link rel=\"canonical\" href=\"https:\/\/www.sab.ch\/fr\/au-sujet-du-sab-2\/conseil-des-regions-de-montagne\/\" \/>\n<meta property=\"og:locale\" content=\"fr_FR\" \/>\n<meta property=\"og:type\" content=\"article\" \/>\n<meta property=\"og:title\" content=\"Conseil des r\u00e9gions de montagne - S A B\" \/>\n<meta property=\"og:url\" content=\"https:\/\/www.sab.ch\/fr\/au-sujet-du-sab-2\/conseil-des-regions-de-montagne\/\" \/>\n<meta property=\"og:site_name\" content=\"S A B\" \/>\n<meta property=\"article:modified_time\" content=\"2026-01-16T10:23:17+00:00\" \/>\n<meta name=\"twitter:card\" content=\"summary_large_image\" \/>\n<meta name=\"twitter:label1\" content=\"Dur\u00e9e de lecture estim\u00e9e\" \/>\n\t<meta name=\"twitter:data1\" content=\"2 minutes\" \/>\n<script type=\"application\/ld+json\" class=\"yoast-schema-graph\">{\"@context\":\"https:\\\/\\\/schema.org\",\"@graph\":[{\"@type\":\"WebPage\",\"@id\":\"https:\\\/\\\/www.sab.ch\\\/fr\\\/au-sujet-du-sab-2\\\/conseil-des-regions-de-montagne\\\/\",\"url\":\"https:\\\/\\\/www.sab.ch\\\/fr\\\/au-sujet-du-sab-2\\\/conseil-des-regions-de-montagne\\\/\",\"name\":\"Conseil des r\u00e9gions de montagne - S A B\",\"isPartOf\":{\"@id\":\"https:\\\/\\\/www.sab.ch\\\/fr\\\/#website\"},\"datePublished\":\"2023-01-16T07:45:44+00:00\",\"dateModified\":\"2026-01-16T10:23:17+00:00\",\"breadcrumb\":{\"@id\":\"https:\\\/\\\/www.sab.ch\\\/fr\\\/au-sujet-du-sab-2\\\/conseil-des-regions-de-montagne\\\/#breadcrumb\"},\"inLanguage\":\"fr-FR\",\"potentialAction\":[{\"@type\":\"ReadAction\",\"target\":[\"https:\\\/\\\/www.sab.ch\\\/fr\\\/au-sujet-du-sab-2\\\/conseil-des-regions-de-montagne\\\/\"]}]},{\"@type\":\"BreadcrumbList\",\"@id\":\"https:\\\/\\\/www.sab.ch\\\/fr\\\/au-sujet-du-sab-2\\\/conseil-des-regions-de-montagne\\\/#breadcrumb\",\"itemListElement\":[{\"@type\":\"ListItem\",\"position\":1,\"name\":\"Startseite\",\"item\":\"https:\\\/\\\/www.sab.ch\\\/fr\\\/home\\\/\"},{\"@type\":\"ListItem\",\"position\":2,\"name\":\"Au sujet du SAB\",\"item\":\"https:\\\/\\\/www.sab.ch\\\/fr\\\/au-sujet-du-sab-2\\\/\"},{\"@type\":\"ListItem\",\"position\":3,\"name\":\"Conseil des r\u00e9gions de montagne\"}]},{\"@type\":\"WebSite\",\"@id\":\"https:\\\/\\\/www.sab.ch\\\/fr\\\/#website\",\"url\":\"https:\\\/\\\/www.sab.ch\\\/fr\\\/\",\"name\":\"S A B\",\"description\":\"\",\"potentialAction\":[{\"@type\":\"SearchAction\",\"target\":{\"@type\":\"EntryPoint\",\"urlTemplate\":\"https:\\\/\\\/www.sab.ch\\\/fr\\\/?s={search_term_string}\"},\"query-input\":{\"@type\":\"PropertyValueSpecification\",\"valueRequired\":true,\"valueName\":\"search_term_string\"}}],\"inLanguage\":\"fr-FR\"}]}<\/script>\n<!-- \/ Yoast SEO plugin. -->","yoast_head_json":{"title":"Conseil des r\u00e9gions de montagne - S A B","robots":{"index":"index","follow":"follow","max-snippet":"max-snippet:-1","max-image-preview":"max-image-preview:large","max-video-preview":"max-video-preview:-1"},"canonical":"https:\/\/www.sab.ch\/fr\/au-sujet-du-sab-2\/conseil-des-regions-de-montagne\/","og_locale":"fr_FR","og_type":"article","og_title":"Conseil des r\u00e9gions de montagne - S A B","og_url":"https:\/\/www.sab.ch\/fr\/au-sujet-du-sab-2\/conseil-des-regions-de-montagne\/","og_site_name":"S A B","article_modified_time":"2026-01-16T10:23:17+00:00","twitter_card":"summary_large_image","twitter_misc":{"Dur\u00e9e de lecture estim\u00e9e":"2 minutes"},"schema":{"@context":"https:\/\/schema.org","@graph":[{"@type":"WebPage","@id":"https:\/\/www.sab.ch\/fr\/au-sujet-du-sab-2\/conseil-des-regions-de-montagne\/","url":"https:\/\/www.sab.ch\/fr\/au-sujet-du-sab-2\/conseil-des-regions-de-montagne\/","name":"Conseil des r\u00e9gions de montagne - S A B","isPartOf":{"@id":"https:\/\/www.sab.ch\/fr\/#website"},"datePublished":"2023-01-16T07:45:44+00:00","dateModified":"2026-01-16T10:23:17+00:00","breadcrumb":{"@id":"https:\/\/www.sab.ch\/fr\/au-sujet-du-sab-2\/conseil-des-regions-de-montagne\/#breadcrumb"},"inLanguage":"fr-FR","potentialAction":[{"@type":"ReadAction","target":["https:\/\/www.sab.ch\/fr\/au-sujet-du-sab-2\/conseil-des-regions-de-montagne\/"]}]},{"@type":"BreadcrumbList","@id":"https:\/\/www.sab.ch\/fr\/au-sujet-du-sab-2\/conseil-des-regions-de-montagne\/#breadcrumb","itemListElement":[{"@type":"ListItem","position":1,"name":"Startseite","item":"https:\/\/www.sab.ch\/fr\/home\/"},{"@type":"ListItem","position":2,"name":"Au sujet du SAB","item":"https:\/\/www.sab.ch\/fr\/au-sujet-du-sab-2\/"},{"@type":"ListItem","position":3,"name":"Conseil des r\u00e9gions de montagne"}]},{"@type":"WebSite","@id":"https:\/\/www.sab.ch\/fr\/#website","url":"https:\/\/www.sab.ch\/fr\/","name":"S A B","description":"","potentialAction":[{"@type":"SearchAction","target":{"@type":"EntryPoint","urlTemplate":"https:\/\/www.sab.ch\/fr\/?s={search_term_string}"},"query-input":{"@type":"PropertyValueSpecification","valueRequired":true,"valueName":"search_term_string"}}],"inLanguage":"fr-FR"}]}},"_links":{"self":[{"href":"https:\/\/www.sab.ch\/fr\/wp-json\/wp\/v2\/pages\/11004","targetHints":{"allow":["GET"]}}],"collection":[{"href":"https:\/\/www.sab.ch\/fr\/wp-json\/wp\/v2\/pages"}],"about":[{"href":"https:\/\/www.sab.ch\/fr\/wp-json\/wp\/v2\/types\/page"}],"author":[{"embeddable":true,"href":"https:\/\/www.sab.ch\/fr\/wp-json\/wp\/v2\/users\/3"}],"replies":[{"embeddable":true,"href":"https:\/\/www.sab.ch\/fr\/wp-json\/wp\/v2\/comments?post=11004"}],"version-history":[{"count":34,"href":"https:\/\/www.sab.ch\/fr\/wp-json\/wp\/v2\/pages\/11004\/revisions"}],"predecessor-version":[{"id":30789,"href":"https:\/\/www.sab.ch\/fr\/wp-json\/wp\/v2\/pages\/11004\/revisions\/30789"}],"up":[{"embeddable":true,"href":"https:\/\/www.sab.ch\/fr\/wp-json\/wp\/v2\/pages\/11057"}],"wp:attachment":[{"href":"https:\/\/www.sab.ch\/fr\/wp-json\/wp\/v2\/media?parent=11004"}],"curies":[{"name":"wp","href":"https:\/\/api.w.org\/{rel}","templated":true}]}}

Conseil des régions de montagne

<div id='av_section_1'  class='avia-section av-kbufzd3s-dd428f854b73db9c732bdb3b761e163e main_color avia-section-default avia-shadow  avia-builder-el-0  avia-builder-el-no-sibling  avia-bg-style-scroll container_wrap fullsize'  ><div class='container av-section-cont-open' ><main  role="main" itemprop="mainContentOfPage"  class='template-page content  av-content-full alpha units'><div class='post-entry post-entry-type-page post-entry-11004'><div class='entry-content-wrapper clearfix'>
<div  class='flex_column av-2jflk3-6adfb6b69e3d07b876f903c1d5239086 av_two_third  avia-builder-el-1  avia-builder-el-no-sibling  first flex_column_div  '     ><section  class='av_textblock_section av-jxk41cbl-a1fc1525f09076e0644c7e0771550ccd '   itemscope="itemscope" itemtype="https://schema.org/CreativeWork" ><div class='avia_textblock'  itemprop="text" ><h1 class="csc-firstHeader">Conseil des régions de montagne</h1>
<p><br class="avia-permanent-lb" />Le Conseil des régions de montagne est élu par l&rsquo;Assemblée générale sur proposition du Comité. Le Conseil se réunit une fois par année pour discuter des questions de principes concernant les régions de montagne. Il élabore également des recommandations sur des sujets importants à l&rsquo;intention du Comité.</p>
<p><span style="font-weight: bold;"> <br class="avia-permanent-lb" />Prochaine séance: 14 janvier 2026 à Berne</span></p>
<p><br class="avia-permanent-lb" />Membres</p>
<ul>
<li>Andrey Aline, Einzelmitglied, Charmey</li>
<li>Arnold Sebastian, Vorsitzender Netzwerk Oberwalliser Berggemeinden, Simplon-Dorf</li>
<li>Bapst Bernard , Gemeindepräsident von Hauteville FR</li>
<li>Bourgeois-Bach Sabine, Prométerre, Lausanne</li>
<li>Brand Alois, alt Präsident Bauernverband Uri, Spiringen</li>
<li>Cereda Manuel, Ente regionale di Sviluppo Bellinzonese e Valli</li>
<li>Clivaz Patrice, Randogne</li>
<li>Doutaz Jean-Pierre, Gemeindepräsident von Gruyères FR</li>
<li>Eggermann Dummermuth Heinerika, Gemeinde Sigriswil</li>
<li>Felix Nadine, Schweizer Berghilfe</li>
<li>Fuchs Albin, Präsident Bauernverband des Kantons Schwyz</li>
<li>Genini Sem, Unione Contadini Ticinesi, Cresciano</li>
<li>Gunzenreiner Alois, Gemeindepräsident Wattwil SG, Wattwil</li>
<li>Grohmann Reto , Leiter Beratung der Schweizerischen Gesellschaft für Hotelkredit SGH, Zürich</li>
<li>Infanger Markus, Korporation Uri, Altdorf</li>
<li>Kaspar Müller, Einzelmitglied, Biel-Benken</li>
<li>Kiener Urs, Gemeindepräsident Hergiswil b.W., Hergiswil</li>
<li>Lombardi Giovanni, Ente regionale di Sviluppo del Locarnese</li>
<li>Looser Kilian, Gemeindepräsident Nesslau, Nesslau</li>
<li>Lötscher Otto, Gemeinde Plaffeien, Plaffeien</li>
<li>Martial Minnig, Gemeindepräsident Bettmeralp</li>
<li>Martinelli Linard, Gemeinde Zernez, Zernez</li>
<li>Mettler Daniel, Agridea, Lindau</li>
<li>Michel Jacqueline, Einwohnergemeinde Meiringen, Meiringen</li>
<li>Michi Gehret, Präsident Verein schür.li, Feutersoey</li>
<li>Mounir Etienne, Vercorin</li>
<li>Müller René, Gemeindepräsident Lenk</li>
<li>Niederberger Karin , Gemeindepräsidentin Churwalden</li>
<li>Odermatt Paul, Einzelmitglied, Landwirt und Landrat NW, Oberdorf</li>
<li>Pfiffner Paul , Ortsgemeindepräsident Mels, Mels</li>
<li>Portmann Thomas , Präsident Bergbauernverein Langenbruck BL</li>
<li>Rausis Jocachim, Gemeindepräsident von Orsières VS</li>
<li>Schiesser-Steiner Peter, Vertreter GL Bauernverband, Linthal</li>
<li>Schnider Hella, Gemeindepräsidentin von Flühli LU</li>
<li>Stauffacher Miriam, Vorstandsmitglied St. Galler Bauernverband</li>
<li>Sturzenegger Kaspar, Einzelmitglied, Serneus</li>
<li>Volken Herbert, Vizepräsident Bauernvereinigung Oberwallis</li>
<li>Zufferey Marion, Schweizerischer Bauernverband</li>
<li>Zufferey Norbert, Geschäftsführer Region Chablais VD/VS</li>
</ul>
</div></section></div>

<!-- This site is optimized with the Yoast SEO plugin v27.5 - https://yoast.com/product/yoast-seo-wordpress/ -->
<title>Conseil des régions de montagne - S A B</title>
<meta name="robots" content="index, follow, max-snippet:-1, max-image-preview:large, max-video-preview:-1" />
<link rel="canonical" href="https://www.sab.ch/fr/au-sujet-du-sab-2/conseil-des-regions-de-montagne/" />
<meta property="og:locale" content="fr_FR" />
<meta property="og:type" content="article" />
<meta property="og:title" content="Conseil des régions de montagne - S A B" />
<meta property="og:url" content="https://www.sab.ch/fr/au-sujet-du-sab-2/conseil-des-regions-de-montagne/" />
<meta property="og:site_name" content="S A B" />
<meta property="article:modified_time" content="2026-01-16T10:23:17+00:00" />
<meta name="twitter:card" content="summary_large_image" />
<meta name="twitter:label1" content="Durée de lecture estimée" />
	<meta name="twitter:data1" content="2 minutes" />
<script type="application/ld+json" class="yoast-schema-graph">{"@context":"https:\/\/schema.org","@graph":[{"@type":"WebPage","@id":"https:\/\/www.sab.ch\/fr\/au-sujet-du-sab-2\/conseil-des-regions-de-montagne\/","url":"https:\/\/www.sab.ch\/fr\/au-sujet-du-sab-2\/conseil-des-regions-de-montagne\/","name":"Conseil des régions de montagne - S A B","isPartOf":{"@id":"https:\/\/www.sab.ch\/fr\/#website"},"datePublished":"2023-01-16T07:45:44+00:00","dateModified":"2026-01-16T10:23:17+00:00","breadcrumb":{"@id":"https:\/\/www.sab.ch\/fr\/au-sujet-du-sab-2\/conseil-des-regions-de-montagne\/#breadcrumb"},"inLanguage":"fr-FR","potentialAction":[{"@type":"ReadAction","target":["https:\/\/www.sab.ch\/fr\/au-sujet-du-sab-2\/conseil-des-regions-de-montagne\/"]}]},{"@type":"BreadcrumbList","@id":"https:\/\/www.sab.ch\/fr\/au-sujet-du-sab-2\/conseil-des-regions-de-montagne\/#breadcrumb","itemListElement":[{"@type":"ListItem","position":1,"name":"Startseite","item":"https:\/\/www.sab.ch\/fr\/home\/"},{"@type":"ListItem","position":2,"name":"Au sujet du SAB","item":"https:\/\/www.sab.ch\/fr\/au-sujet-du-sab-2\/"},{"@type":"ListItem","position":3,"name":"Conseil des régions de montagne"}]},{"@type":"WebSite","@id":"https:\/\/www.sab.ch\/fr\/#website","url":"https:\/\/www.sab.ch\/fr\/","name":"S A B","description":"","potentialAction":[{"@type":"SearchAction","target":{"@type":"EntryPoint","urlTemplate":"https:\/\/www.sab.ch\/fr\/?s={search_term_string}"},"query-input":{"@type":"PropertyValueSpecification","valueRequired":true,"valueName":"search_term_string"}}],"inLanguage":"fr-FR"}]}</script>
<!-- / Yoast SEO plugin. -->

Conseil des régions de montagne - S A B
