{"id":11057,"date":"2023-01-16T09:44:22","date_gmt":"2023-01-16T08:44:22","guid":{"rendered":"https:\/\/www.sab.ch\/au-sujet-du-sab-2\/"},"modified":"2023-01-16T09:44:22","modified_gmt":"2023-01-16T08:44:22","slug":"au-sujet-du-sab-2","status":"publish","type":"page","link":"https:\/\/www.sab.ch\/fr\/au-sujet-du-sab-2\/","title":{"rendered":"Au sujet du SAB"},"content":{"rendered":"<div id='av_section_1'  class='avia-section av-kbufzd3s-dd428f854b73db9c732bdb3b761e163e main_color avia-section-default avia-shadow  avia-builder-el-0  avia-builder-el-no-sibling  avia-bg-style-scroll container_wrap fullsize'  ><div class='container av-section-cont-open' ><main  role=\"main\" itemprop=\"mainContentOfPage\"  class='template-page content  av-content-full alpha units'><div class='post-entry post-entry-type-page post-entry-11057'><div class='entry-content-wrapper clearfix'>\n\n<style type=\"text\/css\" data-created_by=\"avia_inline_auto\" id=\"style-css-av-38q1-7e66325e600aaa9e9b9b4a927529e2fb\">\n.flex_column.av-38q1-7e66325e600aaa9e9b9b4a927529e2fb{\nborder-radius:0px 0px 0px 0px;\npadding:0px 0px 0px 0px;\nbackground-color:#ffffff;\n}\n<\/style>\n<div  class='flex_column av-38q1-7e66325e600aaa9e9b9b4a927529e2fb av_one_full  avia-builder-el-1  avia-builder-el-no-sibling  first flex_column_div av-zero-column-padding  '     ><section  class='av_textblock_section av-lb22g5bm-3c11df5a9cbc94c9ab8d6697ebc2dc39 '   itemscope=\"itemscope\" itemtype=\"https:\/\/schema.org\/CreativeWork\" ><div class='avia_textblock'  itemprop=\"text\" ><h1>Au sujet du SAB<\/h1>\n<p>Le SAB a \u00e9t\u00e9 fond\u00e9 le 28 mai 1943 \u00e0 Berne. Ses membres sont tous les cantons de montagne, les communes de montagne, les organisations agricoles et d&rsquo;entraide, les r\u00e9gions de montagne (r\u00e9gions LIM) et d&rsquo;autres collectivit\u00e9s dans les r\u00e9gions de montagne, ainsi que de nombreuses personnes individuelles. Nos principales activit\u00e9s sont les suivantes : &#8211; Repr\u00e9sentation politique des int\u00e9r\u00eats des r\u00e9gions de montagne et des espaces ruraux &#8211; Prestations de services pour les r\u00e9gions de montagne et les espaces ruraux &#8211; Information du public sur les pr\u00e9occupations des r\u00e9gions de montagne et des espaces ruraux Vous trouverez une pr\u00e9sentation d\u00e9taill\u00e9e ici. Des informations d\u00e9taill\u00e9es sur nos diff\u00e9rents services sont disponibles dans notre <a href=\"http:\/\/www.sab.ch\/fileadmin\/user_upload\/customers\/sab\/Dokumente\/Dokumente_SAB\/Praesentation_SAB2019.pdf\">d\u00e9pliant<\/a>. Des informations d\u00e9taill\u00e9es sur nos diff\u00e9rents services sont disponibles dans notre <a href=\"http:\/\/www.sab.ch\/fileadmin\/user_upload\/customers\/sab\/Dokumente\/Dokumente_SAB\/SAB_Flyer_de.pdf\">d\u00e9pliant<\/a>. Sur la barre de navigation \u00e0 gauche, vous trouverez des informations suppl\u00e9mentaires sur notre organisation.<\/p>\n<\/div><\/section><br \/>\n\n<style type=\"text\/css\" data-created_by=\"avia_inline_auto\" id=\"style-css-av-lb22nupp-bb104ee5f8dae9fb0227ee781efe9c68\">\n#top .hr.hr-invisible.av-lb22nupp-bb104ee5f8dae9fb0227ee781efe9c68{\nheight:50px;\n}\n<\/style>\n<div  class='hr av-lb22nupp-bb104ee5f8dae9fb0227ee781efe9c68 hr-invisible  avia-builder-el-3  el_after_av_textblock  el_before_av_textblock '><span class='hr-inner '><span class=\"hr-inner-style\"><\/span><\/span><\/div><br \/>\n<section  class='av_textblock_section av-lb22ht8c-af6a0fe89b5fdd19f223ade22ee6ea31 '   itemscope=\"itemscope\" itemtype=\"https:\/\/schema.org\/CreativeWork\" ><div class='avia_textblock'  itemprop=\"text\" ><h3>R\u00e9gions de montagne et espace rural en Suisse<\/h3>\n<\/div><\/section><br \/>\n\n<style type=\"text\/css\" data-created_by=\"avia_inline_auto\" id=\"style-css-av-lb22oagb-4ec3316f5e7899e947418966aeae8172\">\n#top .hr.hr-invisible.av-lb22oagb-4ec3316f5e7899e947418966aeae8172{\nheight:50px;\n}\n<\/style>\n<div  class='hr av-lb22oagb-4ec3316f5e7899e947418966aeae8172 hr-invisible  avia-builder-el-5  el_after_av_textblock  el_before_av_image '><span class='hr-inner '><span class=\"hr-inner-style\"><\/span><\/span><\/div><br \/>\n\n<style type=\"text\/css\" data-created_by=\"avia_inline_auto\" id=\"style-css-av-lb22ierc-26239ba23c623531f55eb02c225616d7\">\n.avia-image-container.av-lb22ierc-26239ba23c623531f55eb02c225616d7 img.avia_image{\nbox-shadow:none;\n}\n.avia-image-container.av-lb22ierc-26239ba23c623531f55eb02c225616d7 .av-image-caption-overlay-center{\ncolor:#ffffff;\n}\n<\/style>\n<div  class='avia-image-container av-lb22ierc-26239ba23c623531f55eb02c225616d7 av-styling- avia-align-left  avia-builder-el-6  el_after_av_hr  el_before_av_textblock '   itemprop=\"image\" itemscope=\"itemscope\" itemtype=\"https:\/\/schema.org\/ImageObject\" ><div class=\"avia-image-container-inner\"><div class=\"avia-image-overlay-wrap\"><img decoding=\"async\" fetchpriority=\"high\" class='wp-image-216 avia-img-lazy-loading-not-216 avia_image ' src=\"https:\/\/www.sab.ch\/wp-content\/uploads\/2022\/10\/G2_Berggebiete_GDE_de-1024x685.jpg\" alt='' title='G2_Berggebiete_GDE_de'  height=\"685\" width=\"1024\"  itemprop=\"thumbnailUrl\" srcset=\"https:\/\/www.sab.ch\/wp-content\/uploads\/2022\/10\/G2_Berggebiete_GDE_de-1024x685.jpg 1024w, https:\/\/www.sab.ch\/wp-content\/uploads\/2022\/10\/G2_Berggebiete_GDE_de-768x514.jpg 768w, https:\/\/www.sab.ch\/wp-content\/uploads\/2022\/10\/G2_Berggebiete_GDE_de-705x472.jpg 705w, https:\/\/www.sab.ch\/wp-content\/uploads\/2022\/10\/G2_Berggebiete_GDE_de.jpg 1127w\" sizes=\"(max-width: 1024px) 100vw, 1024px\" \/><\/div><\/div><\/div><br \/>\n<section  class='av_textblock_section av-lb22iv1u-1ba1a15c769064b3adcfa2cc25be5775 '   itemscope=\"itemscope\" itemtype=\"https:\/\/schema.org\/CreativeWork\" ><div class='avia_textblock'  itemprop=\"text\" ><p>Source: BFS Raumgliederung Schweiz<\/p>\n<\/div><\/section><br \/>\n\n<style type=\"text\/css\" data-created_by=\"avia_inline_auto\" id=\"style-css-av-lb22ot6i-9b15efb70926ab4da911306cb915ad5b\">\n#top .hr.hr-invisible.av-lb22ot6i-9b15efb70926ab4da911306cb915ad5b{\nheight:50px;\n}\n<\/style>\n<div  class='hr av-lb22ot6i-9b15efb70926ab4da911306cb915ad5b hr-invisible  avia-builder-el-8  el_after_av_textblock  el_before_av_textblock '><span class='hr-inner '><span class=\"hr-inner-style\"><\/span><\/span><\/div><br \/>\n<section  class='av_textblock_section av-jxk41cbl-de8745f204dcd65c5170bef159d7e21a '   itemscope=\"itemscope\" itemtype=\"https:\/\/schema.org\/CreativeWork\" ><div class='avia_textblock'  itemprop=\"text\" ><h3>Agenda politique 2020 &#8211; 2023<\/h3>\n<p>Dans son <a href=\"\/wp-content\/uploads\/2022\/11\/Politische_Agenda_der_SAB_2020-2023.pdf\">agenda politique 2020 &#8211; 2023<\/a>, le SAB a d\u00e9termin\u00e9 les plus importants th\u00e8mes politiques, du point de vue des r\u00e9gions de montagne et de l&rsquo;espace rural.<\/p>\n<div  class='hr av-2fj7ji-04695daca9cc38ac23a8ec7d571a65cb hr-default  avia-builder-el-10  avia-builder-el-no-sibling '><span class='hr-inner '><span class=\"hr-inner-style\"><\/span><\/span><\/div>\n<\/div><\/section><br \/>\n\n<style type=\"text\/css\" data-created_by=\"avia_inline_auto\" id=\"style-css-av-lb22pull-ad05a461dae9a5a757fabd7d5571678e\">\n#top .hr.hr-invisible.av-lb22pull-ad05a461dae9a5a757fabd7d5571678e{\nheight:50px;\n}\n<\/style>\n<div  class='hr av-lb22pull-ad05a461dae9a5a757fabd7d5571678e hr-invisible  avia-builder-el-11  el_after_av_textblock  el_before_av_textblock  av-desktop-hide'><span class='hr-inner '><span class=\"hr-inner-style\"><\/span><\/span><\/div><br \/>\n<section  class='av_textblock_section av-lb22pj0b-ca9d74c2e9719a77ee80dfe0c4275df5 '   itemscope=\"itemscope\" itemtype=\"https:\/\/schema.org\/CreativeWork\" ><div class='avia_textblock'  itemprop=\"text\" ><h3><\/h3>\n<h3>Vision du SAB 2035<\/h3>\n<ul class=\"csc-uploads csc-uploads-0\">\n<li class=\"li-odd li-first csc-uploads-element csc-uploads-element-pdf\"><a href=\"\/wp-content\/uploads\/2022\/11\/Vision_2035_dt.pdf\">Vision 2035<\/a><\/li>\n<li class=\"li-even csc-uploads-element csc-uploads-element-pdf\"><a href=\"\/wp-content\/uploads\/2022\/11\/ST242_Vision_2035.pdf\">Informations d\u00e9taill\u00e9es au sujet de la vision 2035 (en allemand)<\/a><\/li>\n<\/ul>\n<\/div><\/section><\/p><\/div>\n","protected":false},"excerpt":{"rendered":"","protected":false},"author":3,"featured_media":0,"parent":0,"menu_order":0,"comment_status":"closed","ping_status":"closed","template":"","meta":{"footnotes":""},"class_list":["post-11057","page","type-page","status-publish","hentry"],"yoast_head":"<!-- This site is optimized with the Yoast SEO plugin v27.5 - https:\/\/yoast.com\/product\/yoast-seo-wordpress\/ -->\n<title>Au sujet du SAB - S A B<\/title>\n<meta name=\"robots\" content=\"index, follow, max-snippet:-1, max-image-preview:large, max-video-preview:-1\" \/>\n<link rel=\"canonical\" href=\"https:\/\/www.sab.ch\/fr\/au-sujet-du-sab-2\/\" \/>\n<meta property=\"og:locale\" content=\"fr_FR\" \/>\n<meta property=\"og:type\" content=\"article\" \/>\n<meta property=\"og:title\" content=\"Au sujet du SAB - S A B\" \/>\n<meta property=\"og:url\" content=\"https:\/\/www.sab.ch\/fr\/au-sujet-du-sab-2\/\" \/>\n<meta property=\"og:site_name\" content=\"S A B\" \/>\n<meta name=\"twitter:card\" content=\"summary_large_image\" \/>\n<meta name=\"twitter:label1\" content=\"Dur\u00e9e de lecture estim\u00e9e\" \/>\n\t<meta name=\"twitter:data1\" content=\"8 minutes\" \/>\n<script type=\"application\/ld+json\" class=\"yoast-schema-graph\">{\"@context\":\"https:\\\/\\\/schema.org\",\"@graph\":[{\"@type\":\"WebPage\",\"@id\":\"https:\\\/\\\/www.sab.ch\\\/fr\\\/au-sujet-du-sab-2\\\/\",\"url\":\"https:\\\/\\\/www.sab.ch\\\/fr\\\/au-sujet-du-sab-2\\\/\",\"name\":\"Au sujet du SAB - S A B\",\"isPartOf\":{\"@id\":\"https:\\\/\\\/www.sab.ch\\\/fr\\\/#website\"},\"datePublished\":\"2023-01-16T08:44:22+00:00\",\"breadcrumb\":{\"@id\":\"https:\\\/\\\/www.sab.ch\\\/fr\\\/au-sujet-du-sab-2\\\/#breadcrumb\"},\"inLanguage\":\"fr-FR\",\"potentialAction\":[{\"@type\":\"ReadAction\",\"target\":[\"https:\\\/\\\/www.sab.ch\\\/fr\\\/au-sujet-du-sab-2\\\/\"]}]},{\"@type\":\"BreadcrumbList\",\"@id\":\"https:\\\/\\\/www.sab.ch\\\/fr\\\/au-sujet-du-sab-2\\\/#breadcrumb\",\"itemListElement\":[{\"@type\":\"ListItem\",\"position\":1,\"name\":\"Startseite\",\"item\":\"https:\\\/\\\/www.sab.ch\\\/fr\\\/home\\\/\"},{\"@type\":\"ListItem\",\"position\":2,\"name\":\"Au sujet du SAB\"}]},{\"@type\":\"WebSite\",\"@id\":\"https:\\\/\\\/www.sab.ch\\\/fr\\\/#website\",\"url\":\"https:\\\/\\\/www.sab.ch\\\/fr\\\/\",\"name\":\"S A B\",\"description\":\"\",\"potentialAction\":[{\"@type\":\"SearchAction\",\"target\":{\"@type\":\"EntryPoint\",\"urlTemplate\":\"https:\\\/\\\/www.sab.ch\\\/fr\\\/?s={search_term_string}\"},\"query-input\":{\"@type\":\"PropertyValueSpecification\",\"valueRequired\":true,\"valueName\":\"search_term_string\"}}],\"inLanguage\":\"fr-FR\"}]}<\/script>\n<!-- \/ Yoast SEO plugin. -->","yoast_head_json":{"title":"Au sujet du SAB - S A B","robots":{"index":"index","follow":"follow","max-snippet":"max-snippet:-1","max-image-preview":"max-image-preview:large","max-video-preview":"max-video-preview:-1"},"canonical":"https:\/\/www.sab.ch\/fr\/au-sujet-du-sab-2\/","og_locale":"fr_FR","og_type":"article","og_title":"Au sujet du SAB - S A B","og_url":"https:\/\/www.sab.ch\/fr\/au-sujet-du-sab-2\/","og_site_name":"S A B","twitter_card":"summary_large_image","twitter_misc":{"Dur\u00e9e de lecture estim\u00e9e":"8 minutes"},"schema":{"@context":"https:\/\/schema.org","@graph":[{"@type":"WebPage","@id":"https:\/\/www.sab.ch\/fr\/au-sujet-du-sab-2\/","url":"https:\/\/www.sab.ch\/fr\/au-sujet-du-sab-2\/","name":"Au sujet du SAB - S A B","isPartOf":{"@id":"https:\/\/www.sab.ch\/fr\/#website"},"datePublished":"2023-01-16T08:44:22+00:00","breadcrumb":{"@id":"https:\/\/www.sab.ch\/fr\/au-sujet-du-sab-2\/#breadcrumb"},"inLanguage":"fr-FR","potentialAction":[{"@type":"ReadAction","target":["https:\/\/www.sab.ch\/fr\/au-sujet-du-sab-2\/"]}]},{"@type":"BreadcrumbList","@id":"https:\/\/www.sab.ch\/fr\/au-sujet-du-sab-2\/#breadcrumb","itemListElement":[{"@type":"ListItem","position":1,"name":"Startseite","item":"https:\/\/www.sab.ch\/fr\/home\/"},{"@type":"ListItem","position":2,"name":"Au sujet du SAB"}]},{"@type":"WebSite","@id":"https:\/\/www.sab.ch\/fr\/#website","url":"https:\/\/www.sab.ch\/fr\/","name":"S A B","description":"","potentialAction":[{"@type":"SearchAction","target":{"@type":"EntryPoint","urlTemplate":"https:\/\/www.sab.ch\/fr\/?s={search_term_string}"},"query-input":{"@type":"PropertyValueSpecification","valueRequired":true,"valueName":"search_term_string"}}],"inLanguage":"fr-FR"}]}},"_links":{"self":[{"href":"https:\/\/www.sab.ch\/fr\/wp-json\/wp\/v2\/pages\/11057","targetHints":{"allow":["GET"]}}],"collection":[{"href":"https:\/\/www.sab.ch\/fr\/wp-json\/wp\/v2\/pages"}],"about":[{"href":"https:\/\/www.sab.ch\/fr\/wp-json\/wp\/v2\/types\/page"}],"author":[{"embeddable":true,"href":"https:\/\/www.sab.ch\/fr\/wp-json\/wp\/v2\/users\/3"}],"replies":[{"embeddable":true,"href":"https:\/\/www.sab.ch\/fr\/wp-json\/wp\/v2\/comments?post=11057"}],"version-history":[{"count":2,"href":"https:\/\/www.sab.ch\/fr\/wp-json\/wp\/v2\/pages\/11057\/revisions"}],"predecessor-version":[{"id":11059,"href":"https:\/\/www.sab.ch\/fr\/wp-json\/wp\/v2\/pages\/11057\/revisions\/11059"}],"wp:attachment":[{"href":"https:\/\/www.sab.ch\/fr\/wp-json\/wp\/v2\/media?parent=11057"}],"curies":[{"name":"wp","href":"https:\/\/api.w.org\/{rel}","templated":true}]}}

<div id='av_section_1'  class='avia-section av-kbufzd3s-dd428f854b73db9c732bdb3b761e163e main_color avia-section-default avia-shadow  avia-builder-el-0  avia-builder-el-no-sibling  avia-bg-style-scroll container_wrap fullsize'  ><div class='container av-section-cont-open' ><main  role="main" itemprop="mainContentOfPage"  class='template-page content  av-content-full alpha units'><div class='post-entry post-entry-type-page post-entry-11057'><div class='entry-content-wrapper clearfix'>

<style type="text/css" data-created_by="avia_inline_auto" id="style-css-av-38q1-7e66325e600aaa9e9b9b4a927529e2fb">
.flex_column.av-38q1-7e66325e600aaa9e9b9b4a927529e2fb{
border-radius:0px 0px 0px 0px;
padding:0px 0px 0px 0px;
background-color:#ffffff;
}
</style>
<div  class='flex_column av-38q1-7e66325e600aaa9e9b9b4a927529e2fb av_one_full  avia-builder-el-1  avia-builder-el-no-sibling  first flex_column_div av-zero-column-padding  '     ><section  class='av_textblock_section av-lb22g5bm-3c11df5a9cbc94c9ab8d6697ebc2dc39 '   itemscope="itemscope" itemtype="https://schema.org/CreativeWork" ><div class='avia_textblock'  itemprop="text" ><h1>Au sujet du SAB</h1>
<p>Le SAB a été fondé le 28 mai 1943 à Berne. Ses membres sont tous les cantons de montagne, les communes de montagne, les organisations agricoles et d&rsquo;entraide, les régions de montagne (régions LIM) et d&rsquo;autres collectivités dans les régions de montagne, ainsi que de nombreuses personnes individuelles. Nos principales activités sont les suivantes : &#8211; Représentation politique des intérêts des régions de montagne et des espaces ruraux &#8211; Prestations de services pour les régions de montagne et les espaces ruraux &#8211; Information du public sur les préoccupations des régions de montagne et des espaces ruraux Vous trouverez une présentation détaillée ici. Des informations détaillées sur nos différents services sont disponibles dans notre <a href="http://www.sab.ch/fileadmin/user_upload/customers/sab/Dokumente/Dokumente_SAB/Praesentation_SAB2019.pdf">dépliant</a>. Des informations détaillées sur nos différents services sont disponibles dans notre <a href="http://www.sab.ch/fileadmin/user_upload/customers/sab/Dokumente/Dokumente_SAB/SAB_Flyer_de.pdf">dépliant</a>. Sur la barre de navigation à gauche, vous trouverez des informations supplémentaires sur notre organisation.</p>
</div></section><br />

<style type="text/css" data-created_by="avia_inline_auto" id="style-css-av-lb22nupp-bb104ee5f8dae9fb0227ee781efe9c68">
#top .hr.hr-invisible.av-lb22nupp-bb104ee5f8dae9fb0227ee781efe9c68{
height:50px;
}
</style>
<div  class='hr av-lb22nupp-bb104ee5f8dae9fb0227ee781efe9c68 hr-invisible  avia-builder-el-3  el_after_av_textblock  el_before_av_textblock '><span class='hr-inner '><span class="hr-inner-style"></span></span></div><br />
<section  class='av_textblock_section av-lb22ht8c-af6a0fe89b5fdd19f223ade22ee6ea31 '   itemscope="itemscope" itemtype="https://schema.org/CreativeWork" ><div class='avia_textblock'  itemprop="text" ><h3>Régions de montagne et espace rural en Suisse</h3>
</div></section><br />

<style type="text/css" data-created_by="avia_inline_auto" id="style-css-av-lb22oagb-4ec3316f5e7899e947418966aeae8172">
#top .hr.hr-invisible.av-lb22oagb-4ec3316f5e7899e947418966aeae8172{
height:50px;
}
</style>
<div  class='hr av-lb22oagb-4ec3316f5e7899e947418966aeae8172 hr-invisible  avia-builder-el-5  el_after_av_textblock  el_before_av_image '><span class='hr-inner '><span class="hr-inner-style"></span></span></div><br />

<style type="text/css" data-created_by="avia_inline_auto" id="style-css-av-lb22ierc-26239ba23c623531f55eb02c225616d7">
.avia-image-container.av-lb22ierc-26239ba23c623531f55eb02c225616d7 img.avia_image{
box-shadow:none;
}
.avia-image-container.av-lb22ierc-26239ba23c623531f55eb02c225616d7 .av-image-caption-overlay-center{
color:#ffffff;
}
</style>
<div  class='avia-image-container av-lb22ierc-26239ba23c623531f55eb02c225616d7 av-styling- avia-align-left  avia-builder-el-6  el_after_av_hr  el_before_av_textblock '   itemprop="image" itemscope="itemscope" itemtype="https://schema.org/ImageObject" ><div class="avia-image-container-inner"><div class="avia-image-overlay-wrap"><img decoding="async" fetchpriority="high" class='wp-image-216 avia-img-lazy-loading-not-216 avia_image ' src="https://www.sab.ch/wp-content/uploads/2022/10/G2_Berggebiete_GDE_de-1024x685.jpg" alt='' title='G2_Berggebiete_GDE_de'  height="685" width="1024"  itemprop="thumbnailUrl" srcset="https://www.sab.ch/wp-content/uploads/2022/10/G2_Berggebiete_GDE_de-1024x685.jpg 1024w, https://www.sab.ch/wp-content/uploads/2022/10/G2_Berggebiete_GDE_de-768x514.jpg 768w, https://www.sab.ch/wp-content/uploads/2022/10/G2_Berggebiete_GDE_de-705x472.jpg 705w, https://www.sab.ch/wp-content/uploads/2022/10/G2_Berggebiete_GDE_de.jpg 1127w" sizes="(max-width: 1024px) 100vw, 1024px" /></div></div></div><br />
<section  class='av_textblock_section av-lb22iv1u-1ba1a15c769064b3adcfa2cc25be5775 '   itemscope="itemscope" itemtype="https://schema.org/CreativeWork" ><div class='avia_textblock'  itemprop="text" ><p>Source: BFS Raumgliederung Schweiz</p>
</div></section><br />

<style type="text/css" data-created_by="avia_inline_auto" id="style-css-av-lb22ot6i-9b15efb70926ab4da911306cb915ad5b">
#top .hr.hr-invisible.av-lb22ot6i-9b15efb70926ab4da911306cb915ad5b{
height:50px;
}
</style>
<div  class='hr av-lb22ot6i-9b15efb70926ab4da911306cb915ad5b hr-invisible  avia-builder-el-8  el_after_av_textblock  el_before_av_textblock '><span class='hr-inner '><span class="hr-inner-style"></span></span></div><br />
<section  class='av_textblock_section av-jxk41cbl-de8745f204dcd65c5170bef159d7e21a '   itemscope="itemscope" itemtype="https://schema.org/CreativeWork" ><div class='avia_textblock'  itemprop="text" ><h3>Agenda politique 2020 &#8211; 2023</h3>
<p>Dans son <a href="/wp-content/uploads/2022/11/Politische_Agenda_der_SAB_2020-2023.pdf">agenda politique 2020 &#8211; 2023</a>, le SAB a déterminé les plus importants thèmes politiques, du point de vue des régions de montagne et de l&rsquo;espace rural.</p>
<div  class='hr av-2fj7ji-04695daca9cc38ac23a8ec7d571a65cb hr-default  avia-builder-el-10  avia-builder-el-no-sibling '><span class='hr-inner '><span class="hr-inner-style"></span></span></div>
</div></section><br />

<style type="text/css" data-created_by="avia_inline_auto" id="style-css-av-lb22pull-ad05a461dae9a5a757fabd7d5571678e">
#top .hr.hr-invisible.av-lb22pull-ad05a461dae9a5a757fabd7d5571678e{
height:50px;
}
</style>
<div  class='hr av-lb22pull-ad05a461dae9a5a757fabd7d5571678e hr-invisible  avia-builder-el-11  el_after_av_textblock  el_before_av_textblock  av-desktop-hide'><span class='hr-inner '><span class="hr-inner-style"></span></span></div><br />
<section  class='av_textblock_section av-lb22pj0b-ca9d74c2e9719a77ee80dfe0c4275df5 '   itemscope="itemscope" itemtype="https://schema.org/CreativeWork" ><div class='avia_textblock'  itemprop="text" ><h3></h3>
<h3>Vision du SAB 2035</h3>
<ul class="csc-uploads csc-uploads-0">
<li class="li-odd li-first csc-uploads-element csc-uploads-element-pdf"><a href="/wp-content/uploads/2022/11/Vision_2035_dt.pdf">Vision 2035</a></li>
<li class="li-even csc-uploads-element csc-uploads-element-pdf"><a href="/wp-content/uploads/2022/11/ST242_Vision_2035.pdf">Informations détaillées au sujet de la vision 2035 (en allemand)</a></li>
</ul>
</div></section></p></div>

<!-- This site is optimized with the Yoast SEO plugin v27.5 - https://yoast.com/product/yoast-seo-wordpress/ -->
<title>Au sujet du SAB - S A B</title>
<meta name="robots" content="index, follow, max-snippet:-1, max-image-preview:large, max-video-preview:-1" />
<link rel="canonical" href="https://www.sab.ch/fr/au-sujet-du-sab-2/" />
<meta property="og:locale" content="fr_FR" />
<meta property="og:type" content="article" />
<meta property="og:title" content="Au sujet du SAB - S A B" />
<meta property="og:url" content="https://www.sab.ch/fr/au-sujet-du-sab-2/" />
<meta property="og:site_name" content="S A B" />
<meta name="twitter:card" content="summary_large_image" />
<meta name="twitter:label1" content="Durée de lecture estimée" />
	<meta name="twitter:data1" content="8 minutes" />
<script type="application/ld+json" class="yoast-schema-graph">{"@context":"https:\/\/schema.org","@graph":[{"@type":"WebPage","@id":"https:\/\/www.sab.ch\/fr\/au-sujet-du-sab-2\/","url":"https:\/\/www.sab.ch\/fr\/au-sujet-du-sab-2\/","name":"Au sujet du SAB - S A B","isPartOf":{"@id":"https:\/\/www.sab.ch\/fr\/#website"},"datePublished":"2023-01-16T08:44:22+00:00","breadcrumb":{"@id":"https:\/\/www.sab.ch\/fr\/au-sujet-du-sab-2\/#breadcrumb"},"inLanguage":"fr-FR","potentialAction":[{"@type":"ReadAction","target":["https:\/\/www.sab.ch\/fr\/au-sujet-du-sab-2\/"]}]},{"@type":"BreadcrumbList","@id":"https:\/\/www.sab.ch\/fr\/au-sujet-du-sab-2\/#breadcrumb","itemListElement":[{"@type":"ListItem","position":1,"name":"Startseite","item":"https:\/\/www.sab.ch\/fr\/home\/"},{"@type":"ListItem","position":2,"name":"Au sujet du SAB"}]},{"@type":"WebSite","@id":"https:\/\/www.sab.ch\/fr\/#website","url":"https:\/\/www.sab.ch\/fr\/","name":"S A B","description":"","potentialAction":[{"@type":"SearchAction","target":{"@type":"EntryPoint","urlTemplate":"https:\/\/www.sab.ch\/fr\/?s={search_term_string}"},"query-input":{"@type":"PropertyValueSpecification","valueRequired":true,"valueName":"search_term_string"}}],"inLanguage":"fr-FR"}]}</script>
<!-- / Yoast SEO plugin. -->
