{"id":11347,"date":"2023-01-19T11:40:10","date_gmt":"2023-01-19T10:40:10","guid":{"rendered":"https:\/\/www.sab.ch\/dienstleistungen\/cooperation-internationale\/smart-smes\/"},"modified":"2023-01-19T11:40:10","modified_gmt":"2023-01-19T10:40:10","slug":"smart-smes","status":"publish","type":"page","link":"https:\/\/www.sab.ch\/fr\/dienstleistungen\/cooperation-internationale\/smart-smes\/","title":{"rendered":"Smart SMEs"},"content":{"rendered":"<div id='av_section_1'  class='avia-section av-kbufzd3s-dd428f854b73db9c732bdb3b761e163e main_color avia-section-default avia-shadow  avia-builder-el-0  avia-builder-el-no-sibling  avia-bg-style-scroll container_wrap fullsize'  ><div class='container av-section-cont-open' ><main  role=\"main\" itemprop=\"mainContentOfPage\"  class='template-page content  av-content-full alpha units'><div class='post-entry post-entry-type-page post-entry-11347'><div class='entry-content-wrapper clearfix'>\n<div  class='flex_column av-3193pz-7743fb9f1d6a6486117fdb29fe09d5ee av_two_third  avia-builder-el-1  el_before_av_one_third  avia-builder-el-first  first flex_column_div  '     ><section  class='av_textblock_section av-jxk41cbl-de8745f204dcd65c5170bef159d7e21a '   itemscope=\"itemscope\" itemtype=\"https:\/\/schema.org\/CreativeWork\" ><div class='avia_textblock'  itemprop=\"text\" ><h2 class=\"csc-firstHeader\">Smart SMEs<\/h2>\n<p>L&rsquo;objectif du projet Smart SME est de combiner la bio\u00e9conomie et la num\u00e9risation. Le projet se concentre en particulier sur la cha\u00eene de cr\u00e9ation de valeur bas\u00e9e sur les fibres naturelles et doit analyser dans son ensemble les opportunit\u00e9s et les obstacles de la num\u00e9risation. Les mesures de num\u00e9risation ne sont toutefois efficaces que si elles sont voulues et soutenues par la direction de l&rsquo;entreprise. Or, dans les PME (PME = petites et moyennes entreprises), ce groupe de personnes est souvent d\u00e9j\u00e0 fortement sollicit\u00e9 par de multiples t\u00e2ches, de sorte que les potentiels offerts par la num\u00e9risation ne sont souvent pas exploit\u00e9s. De plus, dans les zones rurales, la connexion au r\u00e9seau est souvent insuffisante.<\/p>\n<p>Le projet \u00ab\u00a0Smart SMEs\u00a0\u00bb &#8211; qui est principalement financ\u00e9 par le Fonds d&rsquo;action pr\u00e9paratoire pour la r\u00e9gion alpine du Parlement europ\u00e9en &#8211; doit contribuer \u00e0 trouver des solutions pour surmonter les obstacles existants. Le projet men\u00e9 par le SAB se concentre en particulier sur les PME qui font partie des cha\u00eenes de valeur biosourc\u00e9es et qui produisent, transforment et utilisent des mat\u00e9riaux \u00e0 base de fibres naturelles, fabriqu\u00e9s \u00e0 partir de mati\u00e8res premi\u00e8res renouvelables et de biod\u00e9chets. De cette mani\u00e8re, le projet contribue \u00e0 une transformation durable de l&rsquo;espace alpin en tenant compte du concept de bio\u00e9conomie. Pour atteindre les objectifs du projet, les \u00e9tapes suivantes sont pr\u00e9vues : Collecte des connaissances disponibles sur la num\u00e9risation propos\u00e9es par les instituts de recherche, les clusters, les centres d&rsquo;innovation num\u00e9rique et autres prestataires de services ; \u00e9valuation du niveau de num\u00e9risation des PME et identification des obstacles ; et d\u00e9monstration de mesures concr\u00e8tes (techniques et non techniques) pour surmonter les barri\u00e8res existantes.<\/p>\n<p>Dates cl\u00e9s<\/p>\n<p>P\u00e9riode du projet : 01.08.2019 &#8211; 31.01.2021<\/p>\n<p>Budget total : \u20ac 233.589<\/p>\n<p>Subvention ARPAF (Alpine Region Preparatory Action Fund) : UE \u20ac 210.230<\/p>\n<p>Partenaires<\/p>\n<p>\u2022 Groupement suisse pour les r\u00e9gions de montagne (SAB), Lead Partner<\/p>\n<p>\u2022 ecoplus. The Business Agency of Lower Austria Ltd. \/ Clusters, Autriche<\/p>\n<p>BIOPRO Baden-W\u00fcrttemberg GmbH, Allemagne<\/p>\n<p>Poly4EmI accueilli par Anteja ECG d.o.o., Slov\u00e9nie<\/p>\n<p><span lang=\"FR-CH\">Universit\u00e9 de Maribor, Facult\u00e9 d&rsquo;ing\u00e9nierie \u00e9lectrique et d&rsquo;informatique, Slov\u00e9nie<\/span><\/p>\n<p>Hub Innovazione Trentino &#8211; Fondazione, Italie<\/p>\n<p><strong><br \/>\nContact<\/strong><\/p>\n<p>Peter Niederer, SAB, <a href=\"&#x6d;&#x61;&#x69;&#x6c;&#x74;&#x6f;&#58;&#112;&#101;&#116;er&#46;n&#x69;&#x65;&#x64;&#x65;&#x72;&#x65;&#114;&#64;&#115;&#97;&#98;&#46;ch\">&#112;&#x65;&#x74;e&#114;&#x2e;n&#105;&#x65;&#x64;&#101;&#x72;&#x65;r&#64;&#x73;a&#98;&#x2e;&#x63;&#104;<\/a><\/p>\n<p><strong>Liens<\/strong><\/p>\n<ul class=\"csc-uploads csc-uploads-0\">\n<li><a href=\"http:\/\/www.alpine-region.eu\/\">Alpine-region.eu<\/a><\/li>\n<li class=\"li-odd li-first csc-uploads-element csc-uploads-element-pdf\"><a href=\"\/wp-content\/uploads\/2022\/11\/Smart_SME_s_montagna_11_November_2020_2.pdf\">Smart SME&rsquo;s: schlaues Wirtschaften im Alpenraum &#8211; Montagna 11\/2020<\/a><\/li>\n<li class=\"li-even csc-uploads-element csc-uploads-element-pdf\"><a href=\"\/wp-content\/uploads\/2022\/11\/Bericht_Smart_SME_WSK_Holz_VS.pdf\">KMU und Digitalisierung &#8211; Regionale Fallstudie zur Wertsch\u00f6pfungskette Holz im Wallis (Oktober 2020)<\/a><\/li>\n<\/ul>\n<\/div><\/section><\/div><div  class='flex_column av-4wyax3-a973c8317eadb386d1558f7bfbf123af av_one_third  avia-builder-el-3  el_after_av_two_third  avia-builder-el-last  flex_column_div  '     ><style type=\"text\/css\" data-created_by=\"avia_inline_auto\" id=\"style-css-av-lav4oe8t-0a52ffa14dbd9f6662db0149b9545711\">\n.avia-image-container.av-lav4oe8t-0a52ffa14dbd9f6662db0149b9545711 img.avia_image{\nbox-shadow:none;\n}\n.avia-image-container.av-lav4oe8t-0a52ffa14dbd9f6662db0149b9545711 .av-image-caption-overlay-center{\ncolor:#ffffff;\n}\n<\/style>\n<div  class='avia-image-container av-lav4oe8t-0a52ffa14dbd9f6662db0149b9545711 av-styling- avia-align-left  avia-builder-el-4  avia-builder-el-no-sibling '   itemprop=\"image\" itemscope=\"itemscope\" itemtype=\"https:\/\/schema.org\/ImageObject\" ><div class=\"avia-image-container-inner\"><div class=\"avia-image-overlay-wrap\"><img decoding=\"async\" fetchpriority=\"high\" class='wp-image-7778 avia-img-lazy-loading-not-7778 avia_image ' src=\"https:\/\/www.sab.ch\/wp-content\/uploads\/2022\/11\/csm_logoSME-red_3790998abd-2.jpg\" alt='' title='csm_logoSME-red_3790998abd'  height=\"160\" width=\"750\"  itemprop=\"thumbnailUrl\" srcset=\"https:\/\/www.sab.ch\/wp-content\/uploads\/2022\/11\/csm_logoSME-red_3790998abd-2.jpg 750w, https:\/\/www.sab.ch\/wp-content\/uploads\/2022\/11\/csm_logoSME-red_3790998abd-2-705x150.jpg 705w\" sizes=\"(max-width: 750px) 100vw, 750px\" \/><\/div><\/div><\/div><\/div>\n","protected":false},"excerpt":{"rendered":"","protected":false},"author":3,"featured_media":0,"parent":11320,"menu_order":0,"comment_status":"closed","ping_status":"closed","template":"","meta":{"footnotes":""},"class_list":["post-11347","page","type-page","status-publish","hentry"],"yoast_head":"<!-- This site is optimized with the Yoast SEO plugin v27.5 - https:\/\/yoast.com\/product\/yoast-seo-wordpress\/ -->\n<title>Smart SMEs - S A B<\/title>\n<meta name=\"robots\" content=\"index, follow, max-snippet:-1, max-image-preview:large, max-video-preview:-1\" \/>\n<link rel=\"canonical\" href=\"https:\/\/www.sab.ch\/fr\/dienstleistungen\/cooperation-internationale\/smart-smes\/\" \/>\n<meta property=\"og:locale\" content=\"fr_FR\" \/>\n<meta property=\"og:type\" content=\"article\" \/>\n<meta property=\"og:title\" content=\"Smart SMEs - S A B\" \/>\n<meta property=\"og:url\" content=\"https:\/\/www.sab.ch\/fr\/dienstleistungen\/cooperation-internationale\/smart-smes\/\" \/>\n<meta property=\"og:site_name\" content=\"S A B\" \/>\n<meta name=\"twitter:card\" content=\"summary_large_image\" \/>\n<meta name=\"twitter:label1\" content=\"Dur\u00e9e de lecture estim\u00e9e\" \/>\n\t<meta name=\"twitter:data1\" content=\"9 minutes\" \/>\n<script type=\"application\/ld+json\" class=\"yoast-schema-graph\">{\"@context\":\"https:\\\/\\\/schema.org\",\"@graph\":[{\"@type\":\"WebPage\",\"@id\":\"https:\\\/\\\/www.sab.ch\\\/fr\\\/dienstleistungen\\\/cooperation-internationale\\\/smart-smes\\\/\",\"url\":\"https:\\\/\\\/www.sab.ch\\\/fr\\\/dienstleistungen\\\/cooperation-internationale\\\/smart-smes\\\/\",\"name\":\"Smart SMEs - S A B\",\"isPartOf\":{\"@id\":\"https:\\\/\\\/www.sab.ch\\\/fr\\\/#website\"},\"datePublished\":\"2023-01-19T10:40:10+00:00\",\"breadcrumb\":{\"@id\":\"https:\\\/\\\/www.sab.ch\\\/fr\\\/dienstleistungen\\\/cooperation-internationale\\\/smart-smes\\\/#breadcrumb\"},\"inLanguage\":\"fr-FR\",\"potentialAction\":[{\"@type\":\"ReadAction\",\"target\":[\"https:\\\/\\\/www.sab.ch\\\/fr\\\/dienstleistungen\\\/cooperation-internationale\\\/smart-smes\\\/\"]}]},{\"@type\":\"BreadcrumbList\",\"@id\":\"https:\\\/\\\/www.sab.ch\\\/fr\\\/dienstleistungen\\\/cooperation-internationale\\\/smart-smes\\\/#breadcrumb\",\"itemListElement\":[{\"@type\":\"ListItem\",\"position\":1,\"name\":\"Startseite\",\"item\":\"https:\\\/\\\/www.sab.ch\\\/fr\\\/home\\\/\"},{\"@type\":\"ListItem\",\"position\":2,\"name\":\"Prestations\",\"item\":\"https:\\\/\\\/www.sab.ch\\\/fr\\\/dienstleistungen\\\/\"},{\"@type\":\"ListItem\",\"position\":3,\"name\":\"Coop\u00e9ration internationale\",\"item\":\"https:\\\/\\\/www.sab.ch\\\/fr\\\/dienstleistungen\\\/cooperation-internationale\\\/\"},{\"@type\":\"ListItem\",\"position\":4,\"name\":\"Smart SMEs\"}]},{\"@type\":\"WebSite\",\"@id\":\"https:\\\/\\\/www.sab.ch\\\/fr\\\/#website\",\"url\":\"https:\\\/\\\/www.sab.ch\\\/fr\\\/\",\"name\":\"S A B\",\"description\":\"\",\"potentialAction\":[{\"@type\":\"SearchAction\",\"target\":{\"@type\":\"EntryPoint\",\"urlTemplate\":\"https:\\\/\\\/www.sab.ch\\\/fr\\\/?s={search_term_string}\"},\"query-input\":{\"@type\":\"PropertyValueSpecification\",\"valueRequired\":true,\"valueName\":\"search_term_string\"}}],\"inLanguage\":\"fr-FR\"}]}<\/script>\n<!-- \/ Yoast SEO plugin. -->","yoast_head_json":{"title":"Smart SMEs - S A B","robots":{"index":"index","follow":"follow","max-snippet":"max-snippet:-1","max-image-preview":"max-image-preview:large","max-video-preview":"max-video-preview:-1"},"canonical":"https:\/\/www.sab.ch\/fr\/dienstleistungen\/cooperation-internationale\/smart-smes\/","og_locale":"fr_FR","og_type":"article","og_title":"Smart SMEs - S A B","og_url":"https:\/\/www.sab.ch\/fr\/dienstleistungen\/cooperation-internationale\/smart-smes\/","og_site_name":"S A B","twitter_card":"summary_large_image","twitter_misc":{"Dur\u00e9e de lecture estim\u00e9e":"9 minutes"},"schema":{"@context":"https:\/\/schema.org","@graph":[{"@type":"WebPage","@id":"https:\/\/www.sab.ch\/fr\/dienstleistungen\/cooperation-internationale\/smart-smes\/","url":"https:\/\/www.sab.ch\/fr\/dienstleistungen\/cooperation-internationale\/smart-smes\/","name":"Smart SMEs - S A B","isPartOf":{"@id":"https:\/\/www.sab.ch\/fr\/#website"},"datePublished":"2023-01-19T10:40:10+00:00","breadcrumb":{"@id":"https:\/\/www.sab.ch\/fr\/dienstleistungen\/cooperation-internationale\/smart-smes\/#breadcrumb"},"inLanguage":"fr-FR","potentialAction":[{"@type":"ReadAction","target":["https:\/\/www.sab.ch\/fr\/dienstleistungen\/cooperation-internationale\/smart-smes\/"]}]},{"@type":"BreadcrumbList","@id":"https:\/\/www.sab.ch\/fr\/dienstleistungen\/cooperation-internationale\/smart-smes\/#breadcrumb","itemListElement":[{"@type":"ListItem","position":1,"name":"Startseite","item":"https:\/\/www.sab.ch\/fr\/home\/"},{"@type":"ListItem","position":2,"name":"Prestations","item":"https:\/\/www.sab.ch\/fr\/dienstleistungen\/"},{"@type":"ListItem","position":3,"name":"Coop\u00e9ration internationale","item":"https:\/\/www.sab.ch\/fr\/dienstleistungen\/cooperation-internationale\/"},{"@type":"ListItem","position":4,"name":"Smart SMEs"}]},{"@type":"WebSite","@id":"https:\/\/www.sab.ch\/fr\/#website","url":"https:\/\/www.sab.ch\/fr\/","name":"S A B","description":"","potentialAction":[{"@type":"SearchAction","target":{"@type":"EntryPoint","urlTemplate":"https:\/\/www.sab.ch\/fr\/?s={search_term_string}"},"query-input":{"@type":"PropertyValueSpecification","valueRequired":true,"valueName":"search_term_string"}}],"inLanguage":"fr-FR"}]}},"_links":{"self":[{"href":"https:\/\/www.sab.ch\/fr\/wp-json\/wp\/v2\/pages\/11347","targetHints":{"allow":["GET"]}}],"collection":[{"href":"https:\/\/www.sab.ch\/fr\/wp-json\/wp\/v2\/pages"}],"about":[{"href":"https:\/\/www.sab.ch\/fr\/wp-json\/wp\/v2\/types\/page"}],"author":[{"embeddable":true,"href":"https:\/\/www.sab.ch\/fr\/wp-json\/wp\/v2\/users\/3"}],"replies":[{"embeddable":true,"href":"https:\/\/www.sab.ch\/fr\/wp-json\/wp\/v2\/comments?post=11347"}],"version-history":[{"count":3,"href":"https:\/\/www.sab.ch\/fr\/wp-json\/wp\/v2\/pages\/11347\/revisions"}],"predecessor-version":[{"id":11350,"href":"https:\/\/www.sab.ch\/fr\/wp-json\/wp\/v2\/pages\/11347\/revisions\/11350"}],"up":[{"embeddable":true,"href":"https:\/\/www.sab.ch\/fr\/wp-json\/wp\/v2\/pages\/11320"}],"wp:attachment":[{"href":"https:\/\/www.sab.ch\/fr\/wp-json\/wp\/v2\/media?parent=11347"}],"curies":[{"name":"wp","href":"https:\/\/api.w.org\/{rel}","templated":true}]}}

<div id='av_section_1'  class='avia-section av-kbufzd3s-dd428f854b73db9c732bdb3b761e163e main_color avia-section-default avia-shadow  avia-builder-el-0  avia-builder-el-no-sibling  avia-bg-style-scroll container_wrap fullsize'  ><div class='container av-section-cont-open' ><main  role="main" itemprop="mainContentOfPage"  class='template-page content  av-content-full alpha units'><div class='post-entry post-entry-type-page post-entry-11347'><div class='entry-content-wrapper clearfix'>
<div  class='flex_column av-3193pz-7743fb9f1d6a6486117fdb29fe09d5ee av_two_third  avia-builder-el-1  el_before_av_one_third  avia-builder-el-first  first flex_column_div  '     ><section  class='av_textblock_section av-jxk41cbl-de8745f204dcd65c5170bef159d7e21a '   itemscope="itemscope" itemtype="https://schema.org/CreativeWork" ><div class='avia_textblock'  itemprop="text" ><h2 class="csc-firstHeader">Smart SMEs</h2>
<p>L&rsquo;objectif du projet Smart SME est de combiner la bioéconomie et la numérisation. Le projet se concentre en particulier sur la chaîne de création de valeur basée sur les fibres naturelles et doit analyser dans son ensemble les opportunités et les obstacles de la numérisation. Les mesures de numérisation ne sont toutefois efficaces que si elles sont voulues et soutenues par la direction de l&rsquo;entreprise. Or, dans les PME (PME = petites et moyennes entreprises), ce groupe de personnes est souvent déjà fortement sollicité par de multiples tâches, de sorte que les potentiels offerts par la numérisation ne sont souvent pas exploités. De plus, dans les zones rurales, la connexion au réseau est souvent insuffisante.</p>
<p>Le projet « Smart SMEs » &#8211; qui est principalement financé par le Fonds d&rsquo;action préparatoire pour la région alpine du Parlement européen &#8211; doit contribuer à trouver des solutions pour surmonter les obstacles existants. Le projet mené par le SAB se concentre en particulier sur les PME qui font partie des chaînes de valeur biosourcées et qui produisent, transforment et utilisent des matériaux à base de fibres naturelles, fabriqués à partir de matières premières renouvelables et de biodéchets. De cette manière, le projet contribue à une transformation durable de l&rsquo;espace alpin en tenant compte du concept de bioéconomie. Pour atteindre les objectifs du projet, les étapes suivantes sont prévues : Collecte des connaissances disponibles sur la numérisation proposées par les instituts de recherche, les clusters, les centres d&rsquo;innovation numérique et autres prestataires de services ; évaluation du niveau de numérisation des PME et identification des obstacles ; et démonstration de mesures concrètes (techniques et non techniques) pour surmonter les barrières existantes.</p>
<p>Dates clés</p>
<p>Période du projet : 01.08.2019 &#8211; 31.01.2021</p>
<p>Budget total : € 233.589</p>
<p>Subvention ARPAF (Alpine Region Preparatory Action Fund) : UE € 210.230</p>
<p>Partenaires</p>
<p>• Groupement suisse pour les régions de montagne (SAB), Lead Partner</p>
<p>• ecoplus. The Business Agency of Lower Austria Ltd. / Clusters, Autriche</p>
<p>BIOPRO Baden-Württemberg GmbH, Allemagne</p>
<p>Poly4EmI accueilli par Anteja ECG d.o.o., Slovénie</p>
<p><span lang="FR-CH">Université de Maribor, Faculté d&rsquo;ingénierie électrique et d&rsquo;informatique, Slovénie</span></p>
<p>Hub Innovazione Trentino &#8211; Fondazione, Italie</p>
<p><strong><br />
Contact</strong></p>
<p>Peter Niederer, SAB, <a href="&#x6d;&#x61;&#x69;&#x6c;&#x74;&#x6f;&#58;&#112;&#101;&#116;er&#46;n&#x69;&#x65;&#x64;&#x65;&#x72;&#x65;&#114;&#64;&#115;&#97;&#98;&#46;ch">&#112;&#x65;&#x74;e&#114;&#x2e;n&#105;&#x65;&#x64;&#101;&#x72;&#x65;r&#64;&#x73;a&#98;&#x2e;&#x63;&#104;</a></p>
<p><strong>Liens</strong></p>
<ul class="csc-uploads csc-uploads-0">
<li><a href="http://www.alpine-region.eu/">Alpine-region.eu</a></li>
<li class="li-odd li-first csc-uploads-element csc-uploads-element-pdf"><a href="/wp-content/uploads/2022/11/Smart_SME_s_montagna_11_November_2020_2.pdf">Smart SME&rsquo;s: schlaues Wirtschaften im Alpenraum &#8211; Montagna 11/2020</a></li>
<li class="li-even csc-uploads-element csc-uploads-element-pdf"><a href="/wp-content/uploads/2022/11/Bericht_Smart_SME_WSK_Holz_VS.pdf">KMU und Digitalisierung &#8211; Regionale Fallstudie zur Wertschöpfungskette Holz im Wallis (Oktober 2020)</a></li>
</ul>
</div></section></div><div  class='flex_column av-4wyax3-a973c8317eadb386d1558f7bfbf123af av_one_third  avia-builder-el-3  el_after_av_two_third  avia-builder-el-last  flex_column_div  '     ><style type="text/css" data-created_by="avia_inline_auto" id="style-css-av-lav4oe8t-0a52ffa14dbd9f6662db0149b9545711">
.avia-image-container.av-lav4oe8t-0a52ffa14dbd9f6662db0149b9545711 img.avia_image{
box-shadow:none;
}
.avia-image-container.av-lav4oe8t-0a52ffa14dbd9f6662db0149b9545711 .av-image-caption-overlay-center{
color:#ffffff;
}
</style>
<div  class='avia-image-container av-lav4oe8t-0a52ffa14dbd9f6662db0149b9545711 av-styling- avia-align-left  avia-builder-el-4  avia-builder-el-no-sibling '   itemprop="image" itemscope="itemscope" itemtype="https://schema.org/ImageObject" ><div class="avia-image-container-inner"><div class="avia-image-overlay-wrap"><img decoding="async" fetchpriority="high" class='wp-image-7778 avia-img-lazy-loading-not-7778 avia_image ' src="https://www.sab.ch/wp-content/uploads/2022/11/csm_logoSME-red_3790998abd-2.jpg" alt='' title='csm_logoSME-red_3790998abd'  height="160" width="750"  itemprop="thumbnailUrl" srcset="https://www.sab.ch/wp-content/uploads/2022/11/csm_logoSME-red_3790998abd-2.jpg 750w, https://www.sab.ch/wp-content/uploads/2022/11/csm_logoSME-red_3790998abd-2-705x150.jpg 705w" sizes="(max-width: 750px) 100vw, 750px" /></div></div></div></div>

<!-- This site is optimized with the Yoast SEO plugin v27.5 - https://yoast.com/product/yoast-seo-wordpress/ -->
<title>Smart SMEs - S A B</title>
<meta name="robots" content="index, follow, max-snippet:-1, max-image-preview:large, max-video-preview:-1" />
<link rel="canonical" href="https://www.sab.ch/fr/dienstleistungen/cooperation-internationale/smart-smes/" />
<meta property="og:locale" content="fr_FR" />
<meta property="og:type" content="article" />
<meta property="og:title" content="Smart SMEs - S A B" />
<meta property="og:url" content="https://www.sab.ch/fr/dienstleistungen/cooperation-internationale/smart-smes/" />
<meta property="og:site_name" content="S A B" />
<meta name="twitter:card" content="summary_large_image" />
<meta name="twitter:label1" content="Durée de lecture estimée" />
	<meta name="twitter:data1" content="9 minutes" />
<script type="application/ld+json" class="yoast-schema-graph">{"@context":"https:\/\/schema.org","@graph":[{"@type":"WebPage","@id":"https:\/\/www.sab.ch\/fr\/dienstleistungen\/cooperation-internationale\/smart-smes\/","url":"https:\/\/www.sab.ch\/fr\/dienstleistungen\/cooperation-internationale\/smart-smes\/","name":"Smart SMEs - S A B","isPartOf":{"@id":"https:\/\/www.sab.ch\/fr\/#website"},"datePublished":"2023-01-19T10:40:10+00:00","breadcrumb":{"@id":"https:\/\/www.sab.ch\/fr\/dienstleistungen\/cooperation-internationale\/smart-smes\/#breadcrumb"},"inLanguage":"fr-FR","potentialAction":[{"@type":"ReadAction","target":["https:\/\/www.sab.ch\/fr\/dienstleistungen\/cooperation-internationale\/smart-smes\/"]}]},{"@type":"BreadcrumbList","@id":"https:\/\/www.sab.ch\/fr\/dienstleistungen\/cooperation-internationale\/smart-smes\/#breadcrumb","itemListElement":[{"@type":"ListItem","position":1,"name":"Startseite","item":"https:\/\/www.sab.ch\/fr\/home\/"},{"@type":"ListItem","position":2,"name":"Prestations","item":"https:\/\/www.sab.ch\/fr\/dienstleistungen\/"},{"@type":"ListItem","position":3,"name":"Coopération internationale","item":"https:\/\/www.sab.ch\/fr\/dienstleistungen\/cooperation-internationale\/"},{"@type":"ListItem","position":4,"name":"Smart SMEs"}]},{"@type":"WebSite","@id":"https:\/\/www.sab.ch\/fr\/#website","url":"https:\/\/www.sab.ch\/fr\/","name":"S A B","description":"","potentialAction":[{"@type":"SearchAction","target":{"@type":"EntryPoint","urlTemplate":"https:\/\/www.sab.ch\/fr\/?s={search_term_string}"},"query-input":{"@type":"PropertyValueSpecification","valueRequired":true,"valueName":"search_term_string"}}],"inLanguage":"fr-FR"}]}</script>
<!-- / Yoast SEO plugin. -->

Coopération internationale
