{"id":11351,"date":"2023-01-19T11:46:15","date_gmt":"2023-01-19T10:46:15","guid":{"rendered":"https:\/\/www.sab.ch\/dienstleistungen\/cooperation-internationale\/smart-villages\/"},"modified":"2023-01-19T11:46:15","modified_gmt":"2023-01-19T10:46:15","slug":"smart-villages","status":"publish","type":"page","link":"https:\/\/www.sab.ch\/fr\/dienstleistungen\/cooperation-internationale\/smart-villages\/","title":{"rendered":"Smart Villages"},"content":{"rendered":"<div  class='flex_column av-4ouldk-507943d96b819677410361f2f8fb3852 av_two_third  avia-builder-el-0  el_before_av_one_third  avia-builder-el-first  first flex_column_div  '     ><section  class='av_textblock_section av-lav52j5w-976b8230bfc055d87aed08d8da51d455 '   itemscope=\"itemscope\" itemtype=\"https:\/\/schema.org\/CreativeWork\" ><div class='avia_textblock'  itemprop=\"text\" ><h1>Smartvillages: digitalisation dans l\u2019espace rural et les r\u00e9gions alpines<\/h1>\n<p>L\u2018objectif du projet Interreg Espace alpin \u00abSmartVillages\u00bb est de pr\u00e9parer les communes de l\u2018Espace alpin \u00e0 reconna\u00eetre et exploiter les possibilit\u00e9s offertes par la num\u00e9risation. Plusieurs villes d\u2018Europe se d\u00e9signent d\u00e9j\u00e0 comme des Smart Cities. Cette approche doit d\u00e9sormais s\u2018appliquer \u00e9galement aux communes rurales.. Le projet porte non seulement sur l\u2018innovation technique, mais aussi sur l\u2019implications des citoyens et des citoyennes et d\u2018autres acteurs concern\u00e9s par le processus de num\u00e9risation. Le projet a \u00e9t\u00e9 lanc\u00e9 en juin 2018 \u00e0 Maribor (SL) et rassemble 13 organisations partenaires et neuf r\u00e9gions test dans six \u00c9tats alpins. Le Groupement suisse pour les r\u00e9gions de montagne (SAB) est le chef de file de ce projet. La r\u00e9gion de Lucerne Ouest est le second partenaire suisse.<\/p>\n<p>\u00ab SmartVillages \u00bb est divis\u00e9 en modules :<br \/>\na) Analyse r\u00e9gionale permettant de savoir dans quelle mesure les r\u00e9gions test sont smart par rapport aux autres r\u00e9gions europ\u00e9ennes;<br \/>\nb) Plate-forme num\u00e9rique: d\u00e9veloppement d\u2018une plateforme d\u2018\u00e9change pour la num\u00e9risation dans les zones rurales;<br \/>\nc) Bo\u00eete \u00e0 outils pour la num\u00e9risation: fourniture d\u2018outils et de m\u00e9thodes pour la mise en oeuvre de projets de num\u00e9risation dans les municipalit\u00e9s;<br \/>\nd) Diffusion des r\u00e9sultats des projets au niveau politique par l\u2019\u00e9laboration de recommandations d\u2018action visant \u00e0 am\u00e9liorer encore les conditions cadres politiques pour la num\u00e9risation dans les zones rurales et de montagne.<\/p>\n<p>Le projet \u00abSmartVillages \u00bb contribue concr\u00e8tement \u00e0 la mise en oeuvre de la strat\u00e9gie et du plan d\u2018action \u00abSuisse num\u00e9rique \u00bb et de la strat\u00e9gie macro-r\u00e9gionale pour la r\u00e9gion alpine (EUSALP). Dans le cadre d\u2019EUSALP, la num\u00e9risation dans les villages de montagne a \u00e9t\u00e9 identifi\u00e9e comme un projet strat\u00e9gique.<\/p>\n<p><strong>Dates cl\u00e9s<\/strong><\/p>\n<ul>\n<li>P\u00e9riode d\u2018impl\u00e9mentation: 17.04.2018 \u2013 16.04.2021<\/li>\n<li>Interreg Espace Alpin cofinancement (EU ERDF) \u20ac 2\u2018061\u2018998.67<\/li>\n<li>Cofinancement Nouvelle Politique R\u00e9gionale (NRP) CHF 281\u2018377.50<\/li>\n<\/ul>\n<p><strong>Contact<\/strong><\/p>\n<p>Thomas Egger, SAB, <a href=\"&#x6d;&#x61;&#x69;&#x6c;&#x74;&#x6f;&#x3a;&#x74;&#x68;&#x6f;&#x6d;&#97;&#115;&#46;&#101;&#103;&#103;&#101;r&#64;sab&#46;&#x63;&#x68;\">t&#104;&#x6f;&#x6d;&#x61;s&#46;&#101;&#x67;&#x67;e&#114;&#64;&#x73;&#x61;b&#46;&#99;&#x68;<\/a><\/p>\n<p>Peter Niederer, SAB, <a href=\"&#x6d;a&#x69;&#108;t&#x6f;&#58;&#x70;&#101;t&#x65;&#114;&#x2e;&#110;i&#x65;&#100;&#x65;&#x72;e&#x72;&#64;s&#x61;&#98;&#x2e;&#99;h\">&#112;&#x65;&#116;&#x65;&#114;&#x2e;&#110;&#x69;e&#x64;e&#x72;e&#x72;&#64;&#115;&#x61;&#98;&#x2e;&#99;&#x68;<\/a><\/p>\n<p><strong>Informations compl\u00e9mentaires:<\/strong><\/p>\n<p><a href=\"https:\/\/sab.ch\/wp-content\/uploads\/2022\/12\/kompendium-smartvillages_d.pdf\">Compendium avec les principaux r\u00e9sultats<\/a><\/p>\n<p><a href=\"http:\/\/www.alpine-space.eu\/projects\/smartvillages\/en\/home\">http:\/\/www.alpine-space.eu\/projects\/smartvillages\/en\/home<\/a><a href=\"http:\/\/www.sab.ch\/fileadmin\/user_upload\/customers\/sab\/Projekte_SAB\/Smart_villages\/2021\/Booklet_-_SmartVillages_project.pdf\"><br \/>\n<\/a><\/p>\n<\/div><\/section><\/div><div  class='flex_column av-2xmsd4-b8ef7ad2d820de0e298d73a1eaa94133 av_one_third  avia-builder-el-2  el_after_av_two_third  avia-builder-el-last  flex_column_div  '     ><style type=\"text\/css\" data-created_by=\"avia_inline_auto\" id=\"style-css-av-lav4yoir-22549da74da3e2fec86126d22fd1a703\">\n.avia-image-container.av-lav4yoir-22549da74da3e2fec86126d22fd1a703 img.avia_image{\nbox-shadow:none;\n}\n.avia-image-container.av-lav4yoir-22549da74da3e2fec86126d22fd1a703 .av-image-caption-overlay-center{\ncolor:#ffffff;\n}\n<\/style>\n<div  class='avia-image-container av-lav4yoir-22549da74da3e2fec86126d22fd1a703 av-styling- avia-align-left  avia-builder-el-3  avia-builder-el-no-sibling '   itemprop=\"image\" itemscope=\"itemscope\" itemtype=\"https:\/\/schema.org\/ImageObject\" ><div class=\"avia-image-container-inner\"><div class=\"avia-image-overlay-wrap\"><img decoding=\"async\" fetchpriority=\"high\" class='wp-image-7783 avia-img-lazy-loading-not-7783 avia_image ' src=\"https:\/\/www.sab.ch\/wp-content\/uploads\/2022\/11\/csm_smart_villages_a0281afe6d-2.jpg\" alt='' title='csm_smart_villages_a0281afe6d'  height=\"187\" width=\"350\"  itemprop=\"thumbnailUrl\"  \/><\/div><\/div><\/div><\/div><\/p>\n","protected":false},"excerpt":{"rendered":"","protected":false},"author":3,"featured_media":0,"parent":11320,"menu_order":0,"comment_status":"closed","ping_status":"closed","template":"","meta":{"footnotes":""},"class_list":["post-11351","page","type-page","status-publish","hentry"],"yoast_head":"<!-- This site is optimized with the Yoast SEO plugin v27.5 - https:\/\/yoast.com\/product\/yoast-seo-wordpress\/ -->\n<title>Smart Villages - S A B<\/title>\n<meta name=\"robots\" content=\"index, follow, max-snippet:-1, max-image-preview:large, max-video-preview:-1\" \/>\n<link rel=\"canonical\" href=\"https:\/\/www.sab.ch\/fr\/dienstleistungen\/cooperation-internationale\/smart-villages\/\" \/>\n<meta property=\"og:locale\" content=\"fr_FR\" \/>\n<meta property=\"og:type\" content=\"article\" \/>\n<meta property=\"og:title\" content=\"Smart Villages - S A B\" \/>\n<meta property=\"og:url\" content=\"https:\/\/www.sab.ch\/fr\/dienstleistungen\/cooperation-internationale\/smart-villages\/\" \/>\n<meta property=\"og:site_name\" content=\"S A B\" \/>\n<meta name=\"twitter:card\" content=\"summary_large_image\" \/>\n<meta name=\"twitter:label1\" content=\"Dur\u00e9e de lecture estim\u00e9e\" \/>\n\t<meta name=\"twitter:data1\" content=\"8 minutes\" \/>\n<script type=\"application\/ld+json\" class=\"yoast-schema-graph\">{\"@context\":\"https:\\\/\\\/schema.org\",\"@graph\":[{\"@type\":\"WebPage\",\"@id\":\"https:\\\/\\\/www.sab.ch\\\/fr\\\/dienstleistungen\\\/cooperation-internationale\\\/smart-villages\\\/\",\"url\":\"https:\\\/\\\/www.sab.ch\\\/fr\\\/dienstleistungen\\\/cooperation-internationale\\\/smart-villages\\\/\",\"name\":\"Smart Villages - S A B\",\"isPartOf\":{\"@id\":\"https:\\\/\\\/www.sab.ch\\\/fr\\\/#website\"},\"datePublished\":\"2023-01-19T10:46:15+00:00\",\"breadcrumb\":{\"@id\":\"https:\\\/\\\/www.sab.ch\\\/fr\\\/dienstleistungen\\\/cooperation-internationale\\\/smart-villages\\\/#breadcrumb\"},\"inLanguage\":\"fr-FR\",\"potentialAction\":[{\"@type\":\"ReadAction\",\"target\":[\"https:\\\/\\\/www.sab.ch\\\/fr\\\/dienstleistungen\\\/cooperation-internationale\\\/smart-villages\\\/\"]}]},{\"@type\":\"BreadcrumbList\",\"@id\":\"https:\\\/\\\/www.sab.ch\\\/fr\\\/dienstleistungen\\\/cooperation-internationale\\\/smart-villages\\\/#breadcrumb\",\"itemListElement\":[{\"@type\":\"ListItem\",\"position\":1,\"name\":\"Startseite\",\"item\":\"https:\\\/\\\/www.sab.ch\\\/fr\\\/home\\\/\"},{\"@type\":\"ListItem\",\"position\":2,\"name\":\"Prestations\",\"item\":\"https:\\\/\\\/www.sab.ch\\\/fr\\\/dienstleistungen\\\/\"},{\"@type\":\"ListItem\",\"position\":3,\"name\":\"Coop\u00e9ration internationale\",\"item\":\"https:\\\/\\\/www.sab.ch\\\/fr\\\/dienstleistungen\\\/cooperation-internationale\\\/\"},{\"@type\":\"ListItem\",\"position\":4,\"name\":\"Smart Villages\"}]},{\"@type\":\"WebSite\",\"@id\":\"https:\\\/\\\/www.sab.ch\\\/fr\\\/#website\",\"url\":\"https:\\\/\\\/www.sab.ch\\\/fr\\\/\",\"name\":\"S A B\",\"description\":\"\",\"potentialAction\":[{\"@type\":\"SearchAction\",\"target\":{\"@type\":\"EntryPoint\",\"urlTemplate\":\"https:\\\/\\\/www.sab.ch\\\/fr\\\/?s={search_term_string}\"},\"query-input\":{\"@type\":\"PropertyValueSpecification\",\"valueRequired\":true,\"valueName\":\"search_term_string\"}}],\"inLanguage\":\"fr-FR\"}]}<\/script>\n<!-- \/ Yoast SEO plugin. -->","yoast_head_json":{"title":"Smart Villages - S A B","robots":{"index":"index","follow":"follow","max-snippet":"max-snippet:-1","max-image-preview":"max-image-preview:large","max-video-preview":"max-video-preview:-1"},"canonical":"https:\/\/www.sab.ch\/fr\/dienstleistungen\/cooperation-internationale\/smart-villages\/","og_locale":"fr_FR","og_type":"article","og_title":"Smart Villages - S A B","og_url":"https:\/\/www.sab.ch\/fr\/dienstleistungen\/cooperation-internationale\/smart-villages\/","og_site_name":"S A B","twitter_card":"summary_large_image","twitter_misc":{"Dur\u00e9e de lecture estim\u00e9e":"8 minutes"},"schema":{"@context":"https:\/\/schema.org","@graph":[{"@type":"WebPage","@id":"https:\/\/www.sab.ch\/fr\/dienstleistungen\/cooperation-internationale\/smart-villages\/","url":"https:\/\/www.sab.ch\/fr\/dienstleistungen\/cooperation-internationale\/smart-villages\/","name":"Smart Villages - S A B","isPartOf":{"@id":"https:\/\/www.sab.ch\/fr\/#website"},"datePublished":"2023-01-19T10:46:15+00:00","breadcrumb":{"@id":"https:\/\/www.sab.ch\/fr\/dienstleistungen\/cooperation-internationale\/smart-villages\/#breadcrumb"},"inLanguage":"fr-FR","potentialAction":[{"@type":"ReadAction","target":["https:\/\/www.sab.ch\/fr\/dienstleistungen\/cooperation-internationale\/smart-villages\/"]}]},{"@type":"BreadcrumbList","@id":"https:\/\/www.sab.ch\/fr\/dienstleistungen\/cooperation-internationale\/smart-villages\/#breadcrumb","itemListElement":[{"@type":"ListItem","position":1,"name":"Startseite","item":"https:\/\/www.sab.ch\/fr\/home\/"},{"@type":"ListItem","position":2,"name":"Prestations","item":"https:\/\/www.sab.ch\/fr\/dienstleistungen\/"},{"@type":"ListItem","position":3,"name":"Coop\u00e9ration internationale","item":"https:\/\/www.sab.ch\/fr\/dienstleistungen\/cooperation-internationale\/"},{"@type":"ListItem","position":4,"name":"Smart Villages"}]},{"@type":"WebSite","@id":"https:\/\/www.sab.ch\/fr\/#website","url":"https:\/\/www.sab.ch\/fr\/","name":"S A B","description":"","potentialAction":[{"@type":"SearchAction","target":{"@type":"EntryPoint","urlTemplate":"https:\/\/www.sab.ch\/fr\/?s={search_term_string}"},"query-input":{"@type":"PropertyValueSpecification","valueRequired":true,"valueName":"search_term_string"}}],"inLanguage":"fr-FR"}]}},"_links":{"self":[{"href":"https:\/\/www.sab.ch\/fr\/wp-json\/wp\/v2\/pages\/11351","targetHints":{"allow":["GET"]}}],"collection":[{"href":"https:\/\/www.sab.ch\/fr\/wp-json\/wp\/v2\/pages"}],"about":[{"href":"https:\/\/www.sab.ch\/fr\/wp-json\/wp\/v2\/types\/page"}],"author":[{"embeddable":true,"href":"https:\/\/www.sab.ch\/fr\/wp-json\/wp\/v2\/users\/3"}],"replies":[{"embeddable":true,"href":"https:\/\/www.sab.ch\/fr\/wp-json\/wp\/v2\/comments?post=11351"}],"version-history":[{"count":2,"href":"https:\/\/www.sab.ch\/fr\/wp-json\/wp\/v2\/pages\/11351\/revisions"}],"predecessor-version":[{"id":11353,"href":"https:\/\/www.sab.ch\/fr\/wp-json\/wp\/v2\/pages\/11351\/revisions\/11353"}],"up":[{"embeddable":true,"href":"https:\/\/www.sab.ch\/fr\/wp-json\/wp\/v2\/pages\/11320"}],"wp:attachment":[{"href":"https:\/\/www.sab.ch\/fr\/wp-json\/wp\/v2\/media?parent=11351"}],"curies":[{"name":"wp","href":"https:\/\/api.w.org\/{rel}","templated":true}]}}

<div  class='flex_column av-4ouldk-507943d96b819677410361f2f8fb3852 av_two_third  avia-builder-el-0  el_before_av_one_third  avia-builder-el-first  first flex_column_div  '     ><section  class='av_textblock_section av-lav52j5w-976b8230bfc055d87aed08d8da51d455 '   itemscope="itemscope" itemtype="https://schema.org/CreativeWork" ><div class='avia_textblock'  itemprop="text" ><h1>Smartvillages: digitalisation dans l’espace rural et les régions alpines</h1>
<p>L‘objectif du projet Interreg Espace alpin «SmartVillages» est de préparer les communes de l‘Espace alpin à reconnaître et exploiter les possibilités offertes par la numérisation. Plusieurs villes d‘Europe se désignent déjà comme des Smart Cities. Cette approche doit désormais s‘appliquer également aux communes rurales.. Le projet porte non seulement sur l‘innovation technique, mais aussi sur l’implications des citoyens et des citoyennes et d‘autres acteurs concernés par le processus de numérisation. Le projet a été lancé en juin 2018 à Maribor (SL) et rassemble 13 organisations partenaires et neuf régions test dans six États alpins. Le Groupement suisse pour les régions de montagne (SAB) est le chef de file de ce projet. La région de Lucerne Ouest est le second partenaire suisse.</p>
<p>« SmartVillages » est divisé en modules :<br />
a) Analyse régionale permettant de savoir dans quelle mesure les régions test sont smart par rapport aux autres régions européennes;<br />
b) Plate-forme numérique: développement d‘une plateforme d‘échange pour la numérisation dans les zones rurales;<br />
c) Boîte à outils pour la numérisation: fourniture d‘outils et de méthodes pour la mise en oeuvre de projets de numérisation dans les municipalités;<br />
d) Diffusion des résultats des projets au niveau politique par l’élaboration de recommandations d‘action visant à améliorer encore les conditions cadres politiques pour la numérisation dans les zones rurales et de montagne.</p>
<p>Le projet «SmartVillages » contribue concrètement à la mise en oeuvre de la stratégie et du plan d‘action «Suisse numérique » et de la stratégie macro-régionale pour la région alpine (EUSALP). Dans le cadre d’EUSALP, la numérisation dans les villages de montagne a été identifiée comme un projet stratégique.</p>
<p><strong>Dates clés</strong></p>
<ul>
<li>Période d‘implémentation: 17.04.2018 – 16.04.2021</li>
<li>Interreg Espace Alpin cofinancement (EU ERDF) € 2‘061‘998.67</li>
<li>Cofinancement Nouvelle Politique Régionale (NRP) CHF 281‘377.50</li>
</ul>
<p><strong>Contact</strong></p>
<p>Thomas Egger, SAB, <a href="&#x6d;&#x61;&#x69;&#x6c;&#x74;&#x6f;&#x3a;&#x74;&#x68;&#x6f;&#x6d;&#97;&#115;&#46;&#101;&#103;&#103;&#101;r&#64;sab&#46;&#x63;&#x68;">t&#104;&#x6f;&#x6d;&#x61;s&#46;&#101;&#x67;&#x67;e&#114;&#64;&#x73;&#x61;b&#46;&#99;&#x68;</a></p>
<p>Peter Niederer, SAB, <a href="&#x6d;a&#x69;&#108;t&#x6f;&#58;&#x70;&#101;t&#x65;&#114;&#x2e;&#110;i&#x65;&#100;&#x65;&#x72;e&#x72;&#64;s&#x61;&#98;&#x2e;&#99;h">&#112;&#x65;&#116;&#x65;&#114;&#x2e;&#110;&#x69;e&#x64;e&#x72;e&#x72;&#64;&#115;&#x61;&#98;&#x2e;&#99;&#x68;</a></p>
<p><strong>Informations complémentaires:</strong></p>
<p><a href="https://sab.ch/wp-content/uploads/2022/12/kompendium-smartvillages_d.pdf">Compendium avec les principaux résultats</a></p>
<p><a href="http://www.alpine-space.eu/projects/smartvillages/en/home">http://www.alpine-space.eu/projects/smartvillages/en/home</a><a href="http://www.sab.ch/fileadmin/user_upload/customers/sab/Projekte_SAB/Smart_villages/2021/Booklet_-_SmartVillages_project.pdf"><br />
</a></p>
</div></section></div><div  class='flex_column av-2xmsd4-b8ef7ad2d820de0e298d73a1eaa94133 av_one_third  avia-builder-el-2  el_after_av_two_third  avia-builder-el-last  flex_column_div  '     ><style type="text/css" data-created_by="avia_inline_auto" id="style-css-av-lav4yoir-22549da74da3e2fec86126d22fd1a703">
.avia-image-container.av-lav4yoir-22549da74da3e2fec86126d22fd1a703 img.avia_image{
box-shadow:none;
}
.avia-image-container.av-lav4yoir-22549da74da3e2fec86126d22fd1a703 .av-image-caption-overlay-center{
color:#ffffff;
}
</style>
<div  class='avia-image-container av-lav4yoir-22549da74da3e2fec86126d22fd1a703 av-styling- avia-align-left  avia-builder-el-3  avia-builder-el-no-sibling '   itemprop="image" itemscope="itemscope" itemtype="https://schema.org/ImageObject" ><div class="avia-image-container-inner"><div class="avia-image-overlay-wrap"><img decoding="async" fetchpriority="high" class='wp-image-7783 avia-img-lazy-loading-not-7783 avia_image ' src="https://www.sab.ch/wp-content/uploads/2022/11/csm_smart_villages_a0281afe6d-2.jpg" alt='' title='csm_smart_villages_a0281afe6d'  height="187" width="350"  itemprop="thumbnailUrl"  /></div></div></div></div></p>

<!-- This site is optimized with the Yoast SEO plugin v27.5 - https://yoast.com/product/yoast-seo-wordpress/ -->
<title>Smart Villages - S A B</title>
<meta name="robots" content="index, follow, max-snippet:-1, max-image-preview:large, max-video-preview:-1" />
<link rel="canonical" href="https://www.sab.ch/fr/dienstleistungen/cooperation-internationale/smart-villages/" />
<meta property="og:locale" content="fr_FR" />
<meta property="og:type" content="article" />
<meta property="og:title" content="Smart Villages - S A B" />
<meta property="og:url" content="https://www.sab.ch/fr/dienstleistungen/cooperation-internationale/smart-villages/" />
<meta property="og:site_name" content="S A B" />
<meta name="twitter:card" content="summary_large_image" />
<meta name="twitter:label1" content="Durée de lecture estimée" />
	<meta name="twitter:data1" content="8 minutes" />
<script type="application/ld+json" class="yoast-schema-graph">{"@context":"https:\/\/schema.org","@graph":[{"@type":"WebPage","@id":"https:\/\/www.sab.ch\/fr\/dienstleistungen\/cooperation-internationale\/smart-villages\/","url":"https:\/\/www.sab.ch\/fr\/dienstleistungen\/cooperation-internationale\/smart-villages\/","name":"Smart Villages - S A B","isPartOf":{"@id":"https:\/\/www.sab.ch\/fr\/#website"},"datePublished":"2023-01-19T10:46:15+00:00","breadcrumb":{"@id":"https:\/\/www.sab.ch\/fr\/dienstleistungen\/cooperation-internationale\/smart-villages\/#breadcrumb"},"inLanguage":"fr-FR","potentialAction":[{"@type":"ReadAction","target":["https:\/\/www.sab.ch\/fr\/dienstleistungen\/cooperation-internationale\/smart-villages\/"]}]},{"@type":"BreadcrumbList","@id":"https:\/\/www.sab.ch\/fr\/dienstleistungen\/cooperation-internationale\/smart-villages\/#breadcrumb","itemListElement":[{"@type":"ListItem","position":1,"name":"Startseite","item":"https:\/\/www.sab.ch\/fr\/home\/"},{"@type":"ListItem","position":2,"name":"Prestations","item":"https:\/\/www.sab.ch\/fr\/dienstleistungen\/"},{"@type":"ListItem","position":3,"name":"Coopération internationale","item":"https:\/\/www.sab.ch\/fr\/dienstleistungen\/cooperation-internationale\/"},{"@type":"ListItem","position":4,"name":"Smart Villages"}]},{"@type":"WebSite","@id":"https:\/\/www.sab.ch\/fr\/#website","url":"https:\/\/www.sab.ch\/fr\/","name":"S A B","description":"","potentialAction":[{"@type":"SearchAction","target":{"@type":"EntryPoint","urlTemplate":"https:\/\/www.sab.ch\/fr\/?s={search_term_string}"},"query-input":{"@type":"PropertyValueSpecification","valueRequired":true,"valueName":"search_term_string"}}],"inLanguage":"fr-FR"}]}</script>
<!-- / Yoast SEO plugin. -->

Coopération internationale
