{"id":11500,"date":"2023-01-24T11:33:53","date_gmt":"2023-01-24T10:33:53","guid":{"rendered":"https:\/\/www.sab.ch\/politique\/politique-climatique\/"},"modified":"2025-02-13T14:41:52","modified_gmt":"2025-02-13T13:41:52","slug":"politique-climatique","status":"publish","type":"page","link":"https:\/\/www.sab.ch\/fr\/politique\/politique-climatique\/","title":{"rendered":"Politique climatique"},"content":{"rendered":"<div  class='flex_column av-3zvgij-9a3cbccd62f5148a6ec559ea7733ab00 av_two_third  avia-builder-el-0  el_before_av_one_third  avia-builder-el-first  first flex_column_div  '     ><section  class='av_textblock_section av-jxk41cbl-a1fc1525f09076e0644c7e0771550ccd '   itemscope=\"itemscope\" itemtype=\"https:\/\/schema.org\/CreativeWork\" ><div class='avia_textblock'  itemprop=\"text\" ><h1>Politique climatique<\/h1>\n<p><br class=\"avia-permanent-lb\" \/>Les r\u00e9gions de montagne sont particuli\u00e8rement concern\u00e9es par le changement climatique. Ce nouveau d\u00e9fi peut constituer une opportunit\u00e9 pour certains secteurs, le tourisme d&rsquo;\u00e9t\u00e9 par exemple. Afin de r\u00e9duire les risques et pour optimiser les chances, il faut agir de fa\u00e7on concr\u00e8te. Par rapport au changement climatique, le SAB s\u2019est fix\u00e9 les objectifs suivants:<\/p>\n<ol>\n<li>R\u00e9duire de 20% des \u00e9missions de gaz \u00e0 effet de serre, \u00e0 l\u2019instar de l\u2019Union europ\u00e9enne ;<\/li>\n<li>Accorder davantage d\u2019attention aux mesures d\u2019adaptation ;<\/li>\n<li>Introduire de nouvelles strat\u00e9gies tenant compte du changement climatique pour lutter contre les dangers naturels ;<\/li>\n<li>Prise en consid\u00e9ration, ans le domaine de l&rsquo;am\u00e9nagement du territoire, des cons\u00e9quences du changement climatique ;<\/li>\n<li>Veiller \u00e0 ne pas d\u00e9savantager les r\u00e9gions de montagne, lors de l&rsquo;introduction de mesures destin\u00e9es \u00e0 limiter le changement climatique.<\/li>\n<\/ol>\n<\/div><\/section><br \/>\n\n<style type=\"text\/css\" data-created_by=\"avia_inline_auto\" id=\"style-css-av-m73e2a97-474ca4a02b07c69774fa37af1a7c62cc\">\n#top .hr.hr-invisible.av-m73e2a97-474ca4a02b07c69774fa37af1a7c62cc{\nheight:30px;\n}\n<\/style>\n<div  class='hr av-m73e2a97-474ca4a02b07c69774fa37af1a7c62cc hr-invisible  avia-builder-el-2  el_after_av_textblock  el_before_av_textblock '><span class='hr-inner '><span class=\"hr-inner-style\"><\/span><\/span><\/div><br \/>\n<section  class='av_textblock_section av-m73e1yi3-6005c95409cebd1d848c7200022ad23f '   itemscope=\"itemscope\" itemtype=\"https:\/\/schema.org\/CreativeWork\" ><div class='avia_textblock'  itemprop=\"text\" ><h4>Documents relatifs cette th\u00e9matique (en allemand)<\/h4>\n<ul class=\"csc-uploads csc-uploads-0\">\n<li><a href=\"https:\/\/www.sab.ch\/wp-content\/uploads\/2024\/03\/Klimaschutzverordnung-SN-SAB-def.pdf\">Prise de position de la SAB sur l\u2019ordonnance sur la protection du climat (15.03.2024)<\/a><\/li>\n<li class=\"li-odd li-first csc-uploads-element csc-uploads-element-pdf\"><a href=\"\/wp-content\/uploads\/2022\/11\/Positionspapier_Klimawandel_2017.pdf\">Document de position sur le changement climatique (06.03.2017)<\/a><\/li>\n<li class=\"li-even csc-uploads-element csc-uploads-element-pdf\"><a href=\"\/wp-content\/uploads\/2022\/11\/ST_Anpassungen_an_den_Klimawandel_mai_2013_03.pdf\">Adaptations au changement climatique dans les r\u00e9gions de montagne (23.04.2013) <\/a><\/li>\n<li class=\"li-odd csc-uploads-element csc-uploads-element-pdf\"><a href=\"\/wp-content\/uploads\/2022\/11\/rapport_saison_touristique_de.pdf\">Le tourisme face au changement climatique &#8211; une \u00e9tude du SAB r\u00e9alis\u00e9e pour la Conf\u00e9rence des Pr\u00e9sident(e)s des communes touristiques (11.10.2010) <\/a><\/li>\n<li class=\"li-even csc-uploads-element csc-uploads-element-pdf\"><a href=\"\/wp-content\/uploads\/2022\/11\/PP_Klimawandel_19.03.10_de.pdf\">Document de position : Changement climatique du 19 mars 2010<\/a><\/li>\n<li class=\"li-odd csc-uploads-element csc-uploads-element-pdf\"><a href=\"\/wp-content\/uploads\/2022\/11\/SN_CO2-Gesetz2008_20.03.09_de.pdf\">Prise de position relative \u00e0 la r\u00e9vision de la loi sur les \u00e9missions de CO2 des v\u00e9hicules nouvellement immatricul\u00e9s en Suisse du 25 juin 2009 (en allemand)<\/a><\/li>\n<li class=\"li-even csc-uploads-element csc-uploads-element-pdf\"><a href=\"\/wp-content\/uploads\/2022\/11\/SN_CO2GesetzFahrzeugeEmissionen_26.06.09_de.pdf\">Prise de position relative \u00e0 la r\u00e9vision de la loi sur le CO2 du 20 mars 2009 (en allemand) <\/a><\/li>\n<li class=\"li-odd csc-uploads-element csc-uploads-element-pdf\"><a href=\"\/wp-content\/uploads\/2022\/11\/CO2-Gesetz_2021_SN_SAB.pdf\">Prise de position du SAB au sujet de la r\u00e9vision de la loi sur le CO2 (11.02.2022)<\/a><\/li>\n<\/ul>\n<\/div><\/section><\/p><\/div><div  class='flex_column av-2025iz-de65ab92aaf684f9a98a990bdafe2725 av_one_third  avia-builder-el-4  el_after_av_two_third  avia-builder-el-last  flex_column_div  '     ><style type=\"text\/css\" data-created_by=\"avia_inline_auto\" id=\"style-css-av-lb0u8ve2-c04cdcac784fa7ea39ae303d3d42cdcc\">\n.avia-image-container.av-lb0u8ve2-c04cdcac784fa7ea39ae303d3d42cdcc img.avia_image{\nbox-shadow:none;\n}\n.avia-image-container.av-lb0u8ve2-c04cdcac784fa7ea39ae303d3d42cdcc .av-image-caption-overlay-center{\ncolor:#ffffff;\n}\n<\/style>\n<div  class='avia-image-container av-lb0u8ve2-c04cdcac784fa7ea39ae303d3d42cdcc av-styling- avia-align-left  avia-builder-el-5  avia-builder-el-no-sibling '   itemprop=\"image\" itemscope=\"itemscope\" itemtype=\"https:\/\/schema.org\/ImageObject\" ><div class=\"avia-image-container-inner\"><div class=\"avia-image-overlay-wrap\"><img decoding=\"async\" fetchpriority=\"high\" class='wp-image-13389 avia-img-lazy-loading-not-13389 avia_image ' src=\"https:\/\/www.sab.ch\/wp-content\/uploads\/2023\/02\/foto-gletscher-feb2023-1024x768.jpg\" alt='' title='foto gletscher feb2023'  height=\"768\" width=\"1024\"  itemprop=\"thumbnailUrl\" srcset=\"https:\/\/www.sab.ch\/wp-content\/uploads\/2023\/02\/foto-gletscher-feb2023-1024x768.jpg 1024w, https:\/\/www.sab.ch\/wp-content\/uploads\/2023\/02\/foto-gletscher-feb2023-1440x1080.jpg 1440w, https:\/\/www.sab.ch\/wp-content\/uploads\/2023\/02\/foto-gletscher-feb2023-768x576.jpg 768w, https:\/\/www.sab.ch\/wp-content\/uploads\/2023\/02\/foto-gletscher-feb2023-1536x1152.jpg 1536w, https:\/\/www.sab.ch\/wp-content\/uploads\/2023\/02\/foto-gletscher-feb2023-1500x1125.jpg 1500w, https:\/\/www.sab.ch\/wp-content\/uploads\/2023\/02\/foto-gletscher-feb2023-705x529.jpg 705w, https:\/\/www.sab.ch\/wp-content\/uploads\/2023\/02\/foto-gletscher-feb2023.jpg 2048w\" sizes=\"(max-width: 1024px) 100vw, 1024px\" \/><\/div><\/div><\/div><\/div><\/p>\n","protected":false},"excerpt":{"rendered":"","protected":false},"author":3,"featured_media":0,"parent":11399,"menu_order":0,"comment_status":"closed","ping_status":"closed","template":"","meta":{"footnotes":""},"class_list":["post-11500","page","type-page","status-publish","hentry"],"yoast_head":"<!-- This site is optimized with the Yoast SEO plugin v27.5 - https:\/\/yoast.com\/product\/yoast-seo-wordpress\/ -->\n<title>Politique climatique - S A B<\/title>\n<meta name=\"robots\" content=\"index, follow, max-snippet:-1, max-image-preview:large, max-video-preview:-1\" \/>\n<link rel=\"canonical\" href=\"https:\/\/www.sab.ch\/fr\/politique\/politique-climatique\/\" \/>\n<meta property=\"og:locale\" content=\"fr_FR\" \/>\n<meta property=\"og:type\" content=\"article\" \/>\n<meta property=\"og:title\" content=\"Politique climatique - S A B\" \/>\n<meta property=\"og:url\" content=\"https:\/\/www.sab.ch\/fr\/politique\/politique-climatique\/\" \/>\n<meta property=\"og:site_name\" content=\"S A B\" \/>\n<meta property=\"article:modified_time\" content=\"2025-02-13T13:41:52+00:00\" \/>\n<meta name=\"twitter:card\" content=\"summary_large_image\" \/>\n<meta name=\"twitter:label1\" content=\"Dur\u00e9e de lecture estim\u00e9e\" \/>\n\t<meta name=\"twitter:data1\" content=\"2 minutes\" \/>\n<script type=\"application\/ld+json\" class=\"yoast-schema-graph\">{\"@context\":\"https:\\\/\\\/schema.org\",\"@graph\":[{\"@type\":\"WebPage\",\"@id\":\"https:\\\/\\\/www.sab.ch\\\/fr\\\/politique\\\/politique-climatique\\\/\",\"url\":\"https:\\\/\\\/www.sab.ch\\\/fr\\\/politique\\\/politique-climatique\\\/\",\"name\":\"Politique climatique - S A B\",\"isPartOf\":{\"@id\":\"https:\\\/\\\/www.sab.ch\\\/fr\\\/#website\"},\"datePublished\":\"2023-01-24T10:33:53+00:00\",\"dateModified\":\"2025-02-13T13:41:52+00:00\",\"breadcrumb\":{\"@id\":\"https:\\\/\\\/www.sab.ch\\\/fr\\\/politique\\\/politique-climatique\\\/#breadcrumb\"},\"inLanguage\":\"fr-FR\",\"potentialAction\":[{\"@type\":\"ReadAction\",\"target\":[\"https:\\\/\\\/www.sab.ch\\\/fr\\\/politique\\\/politique-climatique\\\/\"]}]},{\"@type\":\"BreadcrumbList\",\"@id\":\"https:\\\/\\\/www.sab.ch\\\/fr\\\/politique\\\/politique-climatique\\\/#breadcrumb\",\"itemListElement\":[{\"@type\":\"ListItem\",\"position\":1,\"name\":\"Startseite\",\"item\":\"https:\\\/\\\/www.sab.ch\\\/fr\\\/home\\\/\"},{\"@type\":\"ListItem\",\"position\":2,\"name\":\"Politique\",\"item\":\"https:\\\/\\\/www.sab.ch\\\/fr\\\/politique\\\/\"},{\"@type\":\"ListItem\",\"position\":3,\"name\":\"Politique climatique\"}]},{\"@type\":\"WebSite\",\"@id\":\"https:\\\/\\\/www.sab.ch\\\/fr\\\/#website\",\"url\":\"https:\\\/\\\/www.sab.ch\\\/fr\\\/\",\"name\":\"S A B\",\"description\":\"\",\"potentialAction\":[{\"@type\":\"SearchAction\",\"target\":{\"@type\":\"EntryPoint\",\"urlTemplate\":\"https:\\\/\\\/www.sab.ch\\\/fr\\\/?s={search_term_string}\"},\"query-input\":{\"@type\":\"PropertyValueSpecification\",\"valueRequired\":true,\"valueName\":\"search_term_string\"}}],\"inLanguage\":\"fr-FR\"}]}<\/script>\n<!-- \/ Yoast SEO plugin. -->","yoast_head_json":{"title":"Politique climatique - S A B","robots":{"index":"index","follow":"follow","max-snippet":"max-snippet:-1","max-image-preview":"max-image-preview:large","max-video-preview":"max-video-preview:-1"},"canonical":"https:\/\/www.sab.ch\/fr\/politique\/politique-climatique\/","og_locale":"fr_FR","og_type":"article","og_title":"Politique climatique - S A B","og_url":"https:\/\/www.sab.ch\/fr\/politique\/politique-climatique\/","og_site_name":"S A B","article_modified_time":"2025-02-13T13:41:52+00:00","twitter_card":"summary_large_image","twitter_misc":{"Dur\u00e9e de lecture estim\u00e9e":"2 minutes"},"schema":{"@context":"https:\/\/schema.org","@graph":[{"@type":"WebPage","@id":"https:\/\/www.sab.ch\/fr\/politique\/politique-climatique\/","url":"https:\/\/www.sab.ch\/fr\/politique\/politique-climatique\/","name":"Politique climatique - S A B","isPartOf":{"@id":"https:\/\/www.sab.ch\/fr\/#website"},"datePublished":"2023-01-24T10:33:53+00:00","dateModified":"2025-02-13T13:41:52+00:00","breadcrumb":{"@id":"https:\/\/www.sab.ch\/fr\/politique\/politique-climatique\/#breadcrumb"},"inLanguage":"fr-FR","potentialAction":[{"@type":"ReadAction","target":["https:\/\/www.sab.ch\/fr\/politique\/politique-climatique\/"]}]},{"@type":"BreadcrumbList","@id":"https:\/\/www.sab.ch\/fr\/politique\/politique-climatique\/#breadcrumb","itemListElement":[{"@type":"ListItem","position":1,"name":"Startseite","item":"https:\/\/www.sab.ch\/fr\/home\/"},{"@type":"ListItem","position":2,"name":"Politique","item":"https:\/\/www.sab.ch\/fr\/politique\/"},{"@type":"ListItem","position":3,"name":"Politique climatique"}]},{"@type":"WebSite","@id":"https:\/\/www.sab.ch\/fr\/#website","url":"https:\/\/www.sab.ch\/fr\/","name":"S A B","description":"","potentialAction":[{"@type":"SearchAction","target":{"@type":"EntryPoint","urlTemplate":"https:\/\/www.sab.ch\/fr\/?s={search_term_string}"},"query-input":{"@type":"PropertyValueSpecification","valueRequired":true,"valueName":"search_term_string"}}],"inLanguage":"fr-FR"}]}},"_links":{"self":[{"href":"https:\/\/www.sab.ch\/fr\/wp-json\/wp\/v2\/pages\/11500","targetHints":{"allow":["GET"]}}],"collection":[{"href":"https:\/\/www.sab.ch\/fr\/wp-json\/wp\/v2\/pages"}],"about":[{"href":"https:\/\/www.sab.ch\/fr\/wp-json\/wp\/v2\/types\/page"}],"author":[{"embeddable":true,"href":"https:\/\/www.sab.ch\/fr\/wp-json\/wp\/v2\/users\/3"}],"replies":[{"embeddable":true,"href":"https:\/\/www.sab.ch\/fr\/wp-json\/wp\/v2\/comments?post=11500"}],"version-history":[{"count":8,"href":"https:\/\/www.sab.ch\/fr\/wp-json\/wp\/v2\/pages\/11500\/revisions"}],"predecessor-version":[{"id":25732,"href":"https:\/\/www.sab.ch\/fr\/wp-json\/wp\/v2\/pages\/11500\/revisions\/25732"}],"up":[{"embeddable":true,"href":"https:\/\/www.sab.ch\/fr\/wp-json\/wp\/v2\/pages\/11399"}],"wp:attachment":[{"href":"https:\/\/www.sab.ch\/fr\/wp-json\/wp\/v2\/media?parent=11500"}],"curies":[{"name":"wp","href":"https:\/\/api.w.org\/{rel}","templated":true}]}}

<div  class='flex_column av-3zvgij-9a3cbccd62f5148a6ec559ea7733ab00 av_two_third  avia-builder-el-0  el_before_av_one_third  avia-builder-el-first  first flex_column_div  '     ><section  class='av_textblock_section av-jxk41cbl-a1fc1525f09076e0644c7e0771550ccd '   itemscope="itemscope" itemtype="https://schema.org/CreativeWork" ><div class='avia_textblock'  itemprop="text" ><h1>Politique climatique</h1>
<p><br class="avia-permanent-lb" />Les régions de montagne sont particulièrement concernées par le changement climatique. Ce nouveau défi peut constituer une opportunité pour certains secteurs, le tourisme d&rsquo;été par exemple. Afin de réduire les risques et pour optimiser les chances, il faut agir de façon concrète. Par rapport au changement climatique, le SAB s’est fixé les objectifs suivants:</p>
<ol>
<li>Réduire de 20% des émissions de gaz à effet de serre, à l’instar de l’Union européenne ;</li>
<li>Accorder davantage d’attention aux mesures d’adaptation ;</li>
<li>Introduire de nouvelles stratégies tenant compte du changement climatique pour lutter contre les dangers naturels ;</li>
<li>Prise en considération, ans le domaine de l&rsquo;aménagement du territoire, des conséquences du changement climatique ;</li>
<li>Veiller à ne pas désavantager les régions de montagne, lors de l&rsquo;introduction de mesures destinées à limiter le changement climatique.</li>
</ol>
</div></section><br />

<style type="text/css" data-created_by="avia_inline_auto" id="style-css-av-m73e2a97-474ca4a02b07c69774fa37af1a7c62cc">
#top .hr.hr-invisible.av-m73e2a97-474ca4a02b07c69774fa37af1a7c62cc{
height:30px;
}
</style>
<div  class='hr av-m73e2a97-474ca4a02b07c69774fa37af1a7c62cc hr-invisible  avia-builder-el-2  el_after_av_textblock  el_before_av_textblock '><span class='hr-inner '><span class="hr-inner-style"></span></span></div><br />
<section  class='av_textblock_section av-m73e1yi3-6005c95409cebd1d848c7200022ad23f '   itemscope="itemscope" itemtype="https://schema.org/CreativeWork" ><div class='avia_textblock'  itemprop="text" ><h4>Documents relatifs cette thématique (en allemand)</h4>
<ul class="csc-uploads csc-uploads-0">
<li><a href="https://www.sab.ch/wp-content/uploads/2024/03/Klimaschutzverordnung-SN-SAB-def.pdf">Prise de position de la SAB sur l’ordonnance sur la protection du climat (15.03.2024)</a></li>
<li class="li-odd li-first csc-uploads-element csc-uploads-element-pdf"><a href="/wp-content/uploads/2022/11/Positionspapier_Klimawandel_2017.pdf">Document de position sur le changement climatique (06.03.2017)</a></li>
<li class="li-even csc-uploads-element csc-uploads-element-pdf"><a href="/wp-content/uploads/2022/11/ST_Anpassungen_an_den_Klimawandel_mai_2013_03.pdf">Adaptations au changement climatique dans les régions de montagne (23.04.2013) </a></li>
<li class="li-odd csc-uploads-element csc-uploads-element-pdf"><a href="/wp-content/uploads/2022/11/rapport_saison_touristique_de.pdf">Le tourisme face au changement climatique &#8211; une étude du SAB réalisée pour la Conférence des Président(e)s des communes touristiques (11.10.2010) </a></li>
<li class="li-even csc-uploads-element csc-uploads-element-pdf"><a href="/wp-content/uploads/2022/11/PP_Klimawandel_19.03.10_de.pdf">Document de position : Changement climatique du 19 mars 2010</a></li>
<li class="li-odd csc-uploads-element csc-uploads-element-pdf"><a href="/wp-content/uploads/2022/11/SN_CO2-Gesetz2008_20.03.09_de.pdf">Prise de position relative à la révision de la loi sur les émissions de CO2 des véhicules nouvellement immatriculés en Suisse du 25 juin 2009 (en allemand)</a></li>
<li class="li-even csc-uploads-element csc-uploads-element-pdf"><a href="/wp-content/uploads/2022/11/SN_CO2GesetzFahrzeugeEmissionen_26.06.09_de.pdf">Prise de position relative à la révision de la loi sur le CO2 du 20 mars 2009 (en allemand) </a></li>
<li class="li-odd csc-uploads-element csc-uploads-element-pdf"><a href="/wp-content/uploads/2022/11/CO2-Gesetz_2021_SN_SAB.pdf">Prise de position du SAB au sujet de la révision de la loi sur le CO2 (11.02.2022)</a></li>
</ul>
</div></section></p></div><div  class='flex_column av-2025iz-de65ab92aaf684f9a98a990bdafe2725 av_one_third  avia-builder-el-4  el_after_av_two_third  avia-builder-el-last  flex_column_div  '     ><style type="text/css" data-created_by="avia_inline_auto" id="style-css-av-lb0u8ve2-c04cdcac784fa7ea39ae303d3d42cdcc">
.avia-image-container.av-lb0u8ve2-c04cdcac784fa7ea39ae303d3d42cdcc img.avia_image{
box-shadow:none;
}
.avia-image-container.av-lb0u8ve2-c04cdcac784fa7ea39ae303d3d42cdcc .av-image-caption-overlay-center{
color:#ffffff;
}
</style>
<div  class='avia-image-container av-lb0u8ve2-c04cdcac784fa7ea39ae303d3d42cdcc av-styling- avia-align-left  avia-builder-el-5  avia-builder-el-no-sibling '   itemprop="image" itemscope="itemscope" itemtype="https://schema.org/ImageObject" ><div class="avia-image-container-inner"><div class="avia-image-overlay-wrap"><img decoding="async" fetchpriority="high" class='wp-image-13389 avia-img-lazy-loading-not-13389 avia_image ' src="https://www.sab.ch/wp-content/uploads/2023/02/foto-gletscher-feb2023-1024x768.jpg" alt='' title='foto gletscher feb2023'  height="768" width="1024"  itemprop="thumbnailUrl" srcset="https://www.sab.ch/wp-content/uploads/2023/02/foto-gletscher-feb2023-1024x768.jpg 1024w, https://www.sab.ch/wp-content/uploads/2023/02/foto-gletscher-feb2023-1440x1080.jpg 1440w, https://www.sab.ch/wp-content/uploads/2023/02/foto-gletscher-feb2023-768x576.jpg 768w, https://www.sab.ch/wp-content/uploads/2023/02/foto-gletscher-feb2023-1536x1152.jpg 1536w, https://www.sab.ch/wp-content/uploads/2023/02/foto-gletscher-feb2023-1500x1125.jpg 1500w, https://www.sab.ch/wp-content/uploads/2023/02/foto-gletscher-feb2023-705x529.jpg 705w, https://www.sab.ch/wp-content/uploads/2023/02/foto-gletscher-feb2023.jpg 2048w" sizes="(max-width: 1024px) 100vw, 1024px" /></div></div></div></div></p>

<!-- This site is optimized with the Yoast SEO plugin v27.5 - https://yoast.com/product/yoast-seo-wordpress/ -->
<title>Politique climatique - S A B</title>
<meta name="robots" content="index, follow, max-snippet:-1, max-image-preview:large, max-video-preview:-1" />
<link rel="canonical" href="https://www.sab.ch/fr/politique/politique-climatique/" />
<meta property="og:locale" content="fr_FR" />
<meta property="og:type" content="article" />
<meta property="og:title" content="Politique climatique - S A B" />
<meta property="og:url" content="https://www.sab.ch/fr/politique/politique-climatique/" />
<meta property="og:site_name" content="S A B" />
<meta property="article:modified_time" content="2025-02-13T13:41:52+00:00" />
<meta name="twitter:card" content="summary_large_image" />
<meta name="twitter:label1" content="Durée de lecture estimée" />
	<meta name="twitter:data1" content="2 minutes" />
<script type="application/ld+json" class="yoast-schema-graph">{"@context":"https:\/\/schema.org","@graph":[{"@type":"WebPage","@id":"https:\/\/www.sab.ch\/fr\/politique\/politique-climatique\/","url":"https:\/\/www.sab.ch\/fr\/politique\/politique-climatique\/","name":"Politique climatique - S A B","isPartOf":{"@id":"https:\/\/www.sab.ch\/fr\/#website"},"datePublished":"2023-01-24T10:33:53+00:00","dateModified":"2025-02-13T13:41:52+00:00","breadcrumb":{"@id":"https:\/\/www.sab.ch\/fr\/politique\/politique-climatique\/#breadcrumb"},"inLanguage":"fr-FR","potentialAction":[{"@type":"ReadAction","target":["https:\/\/www.sab.ch\/fr\/politique\/politique-climatique\/"]}]},{"@type":"BreadcrumbList","@id":"https:\/\/www.sab.ch\/fr\/politique\/politique-climatique\/#breadcrumb","itemListElement":[{"@type":"ListItem","position":1,"name":"Startseite","item":"https:\/\/www.sab.ch\/fr\/home\/"},{"@type":"ListItem","position":2,"name":"Politique","item":"https:\/\/www.sab.ch\/fr\/politique\/"},{"@type":"ListItem","position":3,"name":"Politique climatique"}]},{"@type":"WebSite","@id":"https:\/\/www.sab.ch\/fr\/#website","url":"https:\/\/www.sab.ch\/fr\/","name":"S A B","description":"","potentialAction":[{"@type":"SearchAction","target":{"@type":"EntryPoint","urlTemplate":"https:\/\/www.sab.ch\/fr\/?s={search_term_string}"},"query-input":{"@type":"PropertyValueSpecification","valueRequired":true,"valueName":"search_term_string"}}],"inLanguage":"fr-FR"}]}</script>
<!-- / Yoast SEO plugin. -->
