{"id":20138,"date":"2024-02-22T09:15:11","date_gmt":"2024-02-22T08:15:11","guid":{"rendered":"https:\/\/www.sab.ch\/1-4-les-achats-ladministration-et-la-vente-le-marketing-sont-decisifs-pour-la-collaboration\/"},"modified":"2024-02-22T11:37:58","modified_gmt":"2024-02-22T10:37:58","slug":"1-4-les-achats-ladministration-et-la-vente-le-marketing-sont-decisifs-pour-la-collaboration","status":"publish","type":"page","link":"https:\/\/www.sab.ch\/fr\/1-4-les-achats-ladministration-et-la-vente-le-marketing-sont-decisifs-pour-la-collaboration\/","title":{"rendered":"1.4 Les achats, l&rsquo;administration et la vente\/le marketing sont d\u00e9cisifs pour la collaboration"},"content":{"rendered":"<div  class='flex_column av-q16tc8-0614014f7d5bf06bd3367d3057193dad av_two_third  avia-builder-el-0  avia-builder-el-no-sibling  first flex_column_div  '     ><section  class='av_textblock_section av-loobp5l9-6ddbdac7c95f3c82c727d0419310c591 '   itemscope=\"itemscope\" itemtype=\"https:\/\/schema.org\/CreativeWork\" ><div class='avia_textblock'  itemprop=\"text\" ><h4>1.4 Les achats, l&rsquo;administration et la vente\/le marketing sont d\u00e9cisifs pour la collaboration<\/h4>\n<p><br class=\"avia-permanent-lb\">Les applications num\u00e9riques, d\u00e9passant le cadre de <strong>l&rsquo;entreprise individuelle<\/strong> et r\u00e9unissant diff\u00e9rents acteurs de la cha\u00eene de cr\u00e9ation de valeur ,concernent surtout <strong>les domaines des \u00ab achats \u00bb, de \u00ab l&rsquo;administration \u00bb et de \u00ab la vente\u00bb<\/strong>. Il y a encore beaucoup d&rsquo;entreprises pour lesquelles <strong>les ruptures de m\u00e9dias et les interfaces non optimis\u00e9es<\/strong> sont nombreuses dans ces domaines.<\/p>\n<p>C&rsquo;est pourquoi il faudrait que la vulgarisation agricole redouble d&rsquo;efforts pour trouver de <strong>bonnes solutions abordables<\/strong> pour les exploitations agricoles, dans les domaines de l&rsquo;achat, de l&rsquo;administration, de la vente et du marketing.<\/p>\n<\/div><\/section><br \/>\n<div  class='avia-buttonrow-wrap av-lozn8k04-85e4c7636fbbbcd775e189daf27f2bcb avia-buttonrow-center  avia-builder-el-2  el_after_av_textblock  avia-builder-el-last '>\n\n<style type=\"text\/css\" data-created_by=\"avia_inline_auto\" id=\"style-css-av-lozn7qgu-f39acb07849225d4fdd9539d16a5136d\">\n#top #wrap_all .avia-button.av-lozn7qgu-f39acb07849225d4fdd9539d16a5136d{\nmargin-bottom:5px;\nmargin-right:3px;\nmargin-left:3px;\n}\n<\/style>\n<a href='https:\/\/www.sab.ch\/fr\/1-3-la-cooperation-un-levier-bienvenu\/'  class='avia-button av-lozn7qgu-f39acb07849225d4fdd9539d16a5136d avia-icon_select-yes-left-icon avia-size-small avia-color-theme-color'   aria-label=\"retour\"><span class='avia_button_icon avia_button_icon_left avia-iconfont avia-font-entypo-fontello' data-av_icon='\ue888' data-av_iconfont='entypo-fontello' ><\/span><span class='avia_iconbox_title' >retour<\/span><\/a>\n\n<style type=\"text\/css\" data-created_by=\"avia_inline_auto\" id=\"style-css-av-lozn8iml-56e56fd11649054462d0355c133fdb9a\">\n#top #wrap_all .avia-button.av-lozn8iml-56e56fd11649054462d0355c133fdb9a{\nmargin-bottom:5px;\nmargin-right:3px;\nmargin-left:3px;\n}\n<\/style>\n<a href='https:\/\/www.sab.ch\/fr\/1-5-une-vision-globale-du-tissu-de-chaines-de-creation-de-valeur\/'  class='avia-button av-lozn8iml-56e56fd11649054462d0355c133fdb9a avia-icon_select-yes-right-icon avia-size-small avia-color-theme-color'   aria-label=\"continuer\"><span class='avia_iconbox_title' >continuer<\/span><span class='avia_button_icon avia_button_icon_right avia-iconfont avia-font-entypo-fontello' data-av_icon='\ue889' data-av_iconfont='entypo-fontello' ><\/span><\/a>\n<\/div><\/p><\/div>\n","protected":false},"excerpt":{"rendered":"","protected":false},"author":4,"featured_media":0,"parent":0,"menu_order":0,"comment_status":"closed","ping_status":"closed","template":"","meta":{"footnotes":""},"class_list":["post-20138","page","type-page","status-publish","hentry"],"yoast_head":"<!-- This site is optimized with the Yoast SEO plugin v27.5 - https:\/\/yoast.com\/product\/yoast-seo-wordpress\/ -->\n<title>1.4 Les achats, l&#039;administration et la vente\/le marketing sont d\u00e9cisifs pour la collaboration - S A B<\/title>\n<meta name=\"robots\" content=\"index, follow, max-snippet:-1, max-image-preview:large, max-video-preview:-1\" \/>\n<link rel=\"canonical\" href=\"https:\/\/www.sab.ch\/fr\/1-4-les-achats-ladministration-et-la-vente-le-marketing-sont-decisifs-pour-la-collaboration\/\" \/>\n<meta property=\"og:locale\" content=\"fr_FR\" \/>\n<meta property=\"og:type\" content=\"article\" \/>\n<meta property=\"og:title\" content=\"1.4 Les achats, l&#039;administration et la vente\/le marketing sont d\u00e9cisifs pour la collaboration - S A B\" \/>\n<meta property=\"og:url\" content=\"https:\/\/www.sab.ch\/fr\/1-4-les-achats-ladministration-et-la-vente-le-marketing-sont-decisifs-pour-la-collaboration\/\" \/>\n<meta property=\"og:site_name\" content=\"S A B\" \/>\n<meta property=\"article:modified_time\" content=\"2024-02-22T10:37:58+00:00\" \/>\n<meta name=\"twitter:card\" content=\"summary_large_image\" \/>\n<meta name=\"twitter:label1\" content=\"Dur\u00e9e de lecture estim\u00e9e\" \/>\n\t<meta name=\"twitter:data1\" content=\"1 minute\" \/>\n<script type=\"application\/ld+json\" class=\"yoast-schema-graph\">{\"@context\":\"https:\\\/\\\/schema.org\",\"@graph\":[{\"@type\":\"WebPage\",\"@id\":\"https:\\\/\\\/www.sab.ch\\\/fr\\\/1-4-les-achats-ladministration-et-la-vente-le-marketing-sont-decisifs-pour-la-collaboration\\\/\",\"url\":\"https:\\\/\\\/www.sab.ch\\\/fr\\\/1-4-les-achats-ladministration-et-la-vente-le-marketing-sont-decisifs-pour-la-collaboration\\\/\",\"name\":\"1.4 Les achats, l'administration et la vente\\\/le marketing sont d\u00e9cisifs pour la collaboration - S A B\",\"isPartOf\":{\"@id\":\"https:\\\/\\\/www.sab.ch\\\/fr\\\/#website\"},\"datePublished\":\"2024-02-22T08:15:11+00:00\",\"dateModified\":\"2024-02-22T10:37:58+00:00\",\"breadcrumb\":{\"@id\":\"https:\\\/\\\/www.sab.ch\\\/fr\\\/1-4-les-achats-ladministration-et-la-vente-le-marketing-sont-decisifs-pour-la-collaboration\\\/#breadcrumb\"},\"inLanguage\":\"fr-FR\",\"potentialAction\":[{\"@type\":\"ReadAction\",\"target\":[\"https:\\\/\\\/www.sab.ch\\\/fr\\\/1-4-les-achats-ladministration-et-la-vente-le-marketing-sont-decisifs-pour-la-collaboration\\\/\"]}]},{\"@type\":\"BreadcrumbList\",\"@id\":\"https:\\\/\\\/www.sab.ch\\\/fr\\\/1-4-les-achats-ladministration-et-la-vente-le-marketing-sont-decisifs-pour-la-collaboration\\\/#breadcrumb\",\"itemListElement\":[{\"@type\":\"ListItem\",\"position\":1,\"name\":\"Startseite\",\"item\":\"https:\\\/\\\/www.sab.ch\\\/fr\\\/home\\\/\"},{\"@type\":\"ListItem\",\"position\":2,\"name\":\"1.4 Les achats, l&#8217;administration et la vente\\\/le marketing sont d\u00e9cisifs pour la collaboration\"}]},{\"@type\":\"WebSite\",\"@id\":\"https:\\\/\\\/www.sab.ch\\\/fr\\\/#website\",\"url\":\"https:\\\/\\\/www.sab.ch\\\/fr\\\/\",\"name\":\"S A B\",\"description\":\"\",\"potentialAction\":[{\"@type\":\"SearchAction\",\"target\":{\"@type\":\"EntryPoint\",\"urlTemplate\":\"https:\\\/\\\/www.sab.ch\\\/fr\\\/?s={search_term_string}\"},\"query-input\":{\"@type\":\"PropertyValueSpecification\",\"valueRequired\":true,\"valueName\":\"search_term_string\"}}],\"inLanguage\":\"fr-FR\"}]}<\/script>\n<!-- \/ Yoast SEO plugin. -->","yoast_head_json":{"title":"1.4 Les achats, l'administration et la vente\/le marketing sont d\u00e9cisifs pour la collaboration - S A B","robots":{"index":"index","follow":"follow","max-snippet":"max-snippet:-1","max-image-preview":"max-image-preview:large","max-video-preview":"max-video-preview:-1"},"canonical":"https:\/\/www.sab.ch\/fr\/1-4-les-achats-ladministration-et-la-vente-le-marketing-sont-decisifs-pour-la-collaboration\/","og_locale":"fr_FR","og_type":"article","og_title":"1.4 Les achats, l'administration et la vente\/le marketing sont d\u00e9cisifs pour la collaboration - S A B","og_url":"https:\/\/www.sab.ch\/fr\/1-4-les-achats-ladministration-et-la-vente-le-marketing-sont-decisifs-pour-la-collaboration\/","og_site_name":"S A B","article_modified_time":"2024-02-22T10:37:58+00:00","twitter_card":"summary_large_image","twitter_misc":{"Dur\u00e9e de lecture estim\u00e9e":"1 minute"},"schema":{"@context":"https:\/\/schema.org","@graph":[{"@type":"WebPage","@id":"https:\/\/www.sab.ch\/fr\/1-4-les-achats-ladministration-et-la-vente-le-marketing-sont-decisifs-pour-la-collaboration\/","url":"https:\/\/www.sab.ch\/fr\/1-4-les-achats-ladministration-et-la-vente-le-marketing-sont-decisifs-pour-la-collaboration\/","name":"1.4 Les achats, l'administration et la vente\/le marketing sont d\u00e9cisifs pour la collaboration - S A B","isPartOf":{"@id":"https:\/\/www.sab.ch\/fr\/#website"},"datePublished":"2024-02-22T08:15:11+00:00","dateModified":"2024-02-22T10:37:58+00:00","breadcrumb":{"@id":"https:\/\/www.sab.ch\/fr\/1-4-les-achats-ladministration-et-la-vente-le-marketing-sont-decisifs-pour-la-collaboration\/#breadcrumb"},"inLanguage":"fr-FR","potentialAction":[{"@type":"ReadAction","target":["https:\/\/www.sab.ch\/fr\/1-4-les-achats-ladministration-et-la-vente-le-marketing-sont-decisifs-pour-la-collaboration\/"]}]},{"@type":"BreadcrumbList","@id":"https:\/\/www.sab.ch\/fr\/1-4-les-achats-ladministration-et-la-vente-le-marketing-sont-decisifs-pour-la-collaboration\/#breadcrumb","itemListElement":[{"@type":"ListItem","position":1,"name":"Startseite","item":"https:\/\/www.sab.ch\/fr\/home\/"},{"@type":"ListItem","position":2,"name":"1.4 Les achats, l&#8217;administration et la vente\/le marketing sont d\u00e9cisifs pour la collaboration"}]},{"@type":"WebSite","@id":"https:\/\/www.sab.ch\/fr\/#website","url":"https:\/\/www.sab.ch\/fr\/","name":"S A B","description":"","potentialAction":[{"@type":"SearchAction","target":{"@type":"EntryPoint","urlTemplate":"https:\/\/www.sab.ch\/fr\/?s={search_term_string}"},"query-input":{"@type":"PropertyValueSpecification","valueRequired":true,"valueName":"search_term_string"}}],"inLanguage":"fr-FR"}]}},"_links":{"self":[{"href":"https:\/\/www.sab.ch\/fr\/wp-json\/wp\/v2\/pages\/20138","targetHints":{"allow":["GET"]}}],"collection":[{"href":"https:\/\/www.sab.ch\/fr\/wp-json\/wp\/v2\/pages"}],"about":[{"href":"https:\/\/www.sab.ch\/fr\/wp-json\/wp\/v2\/types\/page"}],"author":[{"embeddable":true,"href":"https:\/\/www.sab.ch\/fr\/wp-json\/wp\/v2\/users\/4"}],"replies":[{"embeddable":true,"href":"https:\/\/www.sab.ch\/fr\/wp-json\/wp\/v2\/comments?post=20138"}],"version-history":[{"count":4,"href":"https:\/\/www.sab.ch\/fr\/wp-json\/wp\/v2\/pages\/20138\/revisions"}],"predecessor-version":[{"id":20186,"href":"https:\/\/www.sab.ch\/fr\/wp-json\/wp\/v2\/pages\/20138\/revisions\/20186"}],"wp:attachment":[{"href":"https:\/\/www.sab.ch\/fr\/wp-json\/wp\/v2\/media?parent=20138"}],"curies":[{"name":"wp","href":"https:\/\/api.w.org\/{rel}","templated":true}]}}

1.4 Les achats, l&rsquo;administration et la vente/le marketing sont décisifs pour la collaboration

<div  class='flex_column av-q16tc8-0614014f7d5bf06bd3367d3057193dad av_two_third  avia-builder-el-0  avia-builder-el-no-sibling  first flex_column_div  '     ><section  class='av_textblock_section av-loobp5l9-6ddbdac7c95f3c82c727d0419310c591 '   itemscope="itemscope" itemtype="https://schema.org/CreativeWork" ><div class='avia_textblock'  itemprop="text" ><h4>1.4 Les achats, l&rsquo;administration et la vente/le marketing sont décisifs pour la collaboration</h4>
<p><br class="avia-permanent-lb">Les applications numériques, dépassant le cadre de <strong>l&rsquo;entreprise individuelle</strong> et réunissant différents acteurs de la chaîne de création de valeur ,concernent surtout <strong>les domaines des « achats », de « l&rsquo;administration » et de « la vente»</strong>. Il y a encore beaucoup d&rsquo;entreprises pour lesquelles <strong>les ruptures de médias et les interfaces non optimisées</strong> sont nombreuses dans ces domaines.</p>
<p>C&rsquo;est pourquoi il faudrait que la vulgarisation agricole redouble d&rsquo;efforts pour trouver de <strong>bonnes solutions abordables</strong> pour les exploitations agricoles, dans les domaines de l&rsquo;achat, de l&rsquo;administration, de la vente et du marketing.</p>
</div></section><br />
<div  class='avia-buttonrow-wrap av-lozn8k04-85e4c7636fbbbcd775e189daf27f2bcb avia-buttonrow-center  avia-builder-el-2  el_after_av_textblock  avia-builder-el-last '>

<style type="text/css" data-created_by="avia_inline_auto" id="style-css-av-lozn7qgu-f39acb07849225d4fdd9539d16a5136d">
#top #wrap_all .avia-button.av-lozn7qgu-f39acb07849225d4fdd9539d16a5136d{
margin-bottom:5px;
margin-right:3px;
margin-left:3px;
}
</style>
<a href='https://www.sab.ch/fr/1-3-la-cooperation-un-levier-bienvenu/'  class='avia-button av-lozn7qgu-f39acb07849225d4fdd9539d16a5136d avia-icon_select-yes-left-icon avia-size-small avia-color-theme-color'   aria-label="retour"><span class='avia_button_icon avia_button_icon_left avia-iconfont avia-font-entypo-fontello' data-av_icon='' data-av_iconfont='entypo-fontello' ></span><span class='avia_iconbox_title' >retour</span></a>

<style type="text/css" data-created_by="avia_inline_auto" id="style-css-av-lozn8iml-56e56fd11649054462d0355c133fdb9a">
#top #wrap_all .avia-button.av-lozn8iml-56e56fd11649054462d0355c133fdb9a{
margin-bottom:5px;
margin-right:3px;
margin-left:3px;
}
</style>
<a href='https://www.sab.ch/fr/1-5-une-vision-globale-du-tissu-de-chaines-de-creation-de-valeur/'  class='avia-button av-lozn8iml-56e56fd11649054462d0355c133fdb9a avia-icon_select-yes-right-icon avia-size-small avia-color-theme-color'   aria-label="continuer"><span class='avia_iconbox_title' >continuer</span><span class='avia_button_icon avia_button_icon_right avia-iconfont avia-font-entypo-fontello' data-av_icon='' data-av_iconfont='entypo-fontello' ></span></a>
</div></p></div>

<!-- This site is optimized with the Yoast SEO plugin v27.5 - https://yoast.com/product/yoast-seo-wordpress/ -->
<title>1.4 Les achats, l&#039;administration et la vente/le marketing sont décisifs pour la collaboration - S A B</title>
<meta name="robots" content="index, follow, max-snippet:-1, max-image-preview:large, max-video-preview:-1" />
<link rel="canonical" href="https://www.sab.ch/fr/1-4-les-achats-ladministration-et-la-vente-le-marketing-sont-decisifs-pour-la-collaboration/" />
<meta property="og:locale" content="fr_FR" />
<meta property="og:type" content="article" />
<meta property="og:title" content="1.4 Les achats, l&#039;administration et la vente/le marketing sont décisifs pour la collaboration - S A B" />
<meta property="og:url" content="https://www.sab.ch/fr/1-4-les-achats-ladministration-et-la-vente-le-marketing-sont-decisifs-pour-la-collaboration/" />
<meta property="og:site_name" content="S A B" />
<meta property="article:modified_time" content="2024-02-22T10:37:58+00:00" />
<meta name="twitter:card" content="summary_large_image" />
<meta name="twitter:label1" content="Durée de lecture estimée" />
	<meta name="twitter:data1" content="1 minute" />
<script type="application/ld+json" class="yoast-schema-graph">{"@context":"https:\/\/schema.org","@graph":[{"@type":"WebPage","@id":"https:\/\/www.sab.ch\/fr\/1-4-les-achats-ladministration-et-la-vente-le-marketing-sont-decisifs-pour-la-collaboration\/","url":"https:\/\/www.sab.ch\/fr\/1-4-les-achats-ladministration-et-la-vente-le-marketing-sont-decisifs-pour-la-collaboration\/","name":"1.4 Les achats, l'administration et la vente\/le marketing sont décisifs pour la collaboration - S A B","isPartOf":{"@id":"https:\/\/www.sab.ch\/fr\/#website"},"datePublished":"2024-02-22T08:15:11+00:00","dateModified":"2024-02-22T10:37:58+00:00","breadcrumb":{"@id":"https:\/\/www.sab.ch\/fr\/1-4-les-achats-ladministration-et-la-vente-le-marketing-sont-decisifs-pour-la-collaboration\/#breadcrumb"},"inLanguage":"fr-FR","potentialAction":[{"@type":"ReadAction","target":["https:\/\/www.sab.ch\/fr\/1-4-les-achats-ladministration-et-la-vente-le-marketing-sont-decisifs-pour-la-collaboration\/"]}]},{"@type":"BreadcrumbList","@id":"https:\/\/www.sab.ch\/fr\/1-4-les-achats-ladministration-et-la-vente-le-marketing-sont-decisifs-pour-la-collaboration\/#breadcrumb","itemListElement":[{"@type":"ListItem","position":1,"name":"Startseite","item":"https:\/\/www.sab.ch\/fr\/home\/"},{"@type":"ListItem","position":2,"name":"1.4 Les achats, l&#8217;administration et la vente\/le marketing sont décisifs pour la collaboration"}]},{"@type":"WebSite","@id":"https:\/\/www.sab.ch\/fr\/#website","url":"https:\/\/www.sab.ch\/fr\/","name":"S A B","description":"","potentialAction":[{"@type":"SearchAction","target":{"@type":"EntryPoint","urlTemplate":"https:\/\/www.sab.ch\/fr\/?s={search_term_string}"},"query-input":{"@type":"PropertyValueSpecification","valueRequired":true,"valueName":"search_term_string"}}],"inLanguage":"fr-FR"}]}</script>
<!-- / Yoast SEO plugin. -->

1.4 Les achats, l'administration et la vente/le marketing sont décisifs pour la collaboration - S A B

1.4 Les achats, l&#8217;administration et la vente/le marketing sont décisifs pour la collaboration
