{"id":30376,"date":"2025-12-09T11:40:35","date_gmt":"2025-12-09T10:40:35","guid":{"rendered":"https:\/\/www.sab.ch\/dialogplattform-veranstaltungen\/"},"modified":"2025-12-09T11:40:36","modified_gmt":"2025-12-09T10:40:36","slug":"dialogplattform-veranstaltungen","status":"publish","type":"page","link":"https:\/\/www.sab.ch\/fr\/dialogplattform-veranstaltungen\/","title":{"rendered":"Dialogplattform: Veranstaltungen"},"content":{"rendered":"<div  class='flex_column av-1cy5ak4-8d10d70d25ee30580cf521d494892db0 av_two_third  avia-builder-el-0  el_before_av_one_third  avia-builder-el-first  first flex_column_div  '     ><section  class='av_textblock_section av-miyfe6im-acb7ce3d01823c6a5f644a523c1f6341 '   itemscope=\"itemscope\" itemtype=\"https:\/\/schema.org\/CreativeWork\" ><div class='avia_textblock'  itemprop=\"text\" ><h2>S\u00e9minaire\/Meeting <\/h2>\n<\/div><\/section><br \/>\n\n<style type=\"text\/css\" data-created_by=\"avia_inline_auto\" id=\"style-css-av-miyfentw-4977f4b25829a4be5128aa85978570a7\">\n#top .hr.hr-invisible.av-miyfentw-4977f4b25829a4be5128aa85978570a7{\nheight:30px;\n}\n<\/style>\n<div  class='hr av-miyfentw-4977f4b25829a4be5128aa85978570a7 hr-invisible  avia-builder-el-2  el_after_av_textblock  el_before_av_textblock '><span class='hr-inner '><span class=\"hr-inner-style\"><\/span><\/span><\/div><br \/>\n<section  class='av_textblock_section av-miyfcabj-ffc3dc82f7936eea66aa161ffc01d41a '   itemscope=\"itemscope\" itemtype=\"https:\/\/schema.org\/CreativeWork\" ><div class='avia_textblock'  itemprop=\"text\" ><h3>9e r\u00e9union \/ 27 janvier 2026<br \/>\nAm\u00e9nagement du territoire dans la zone agricole<\/h3>\n<p><br class=\"avia-permanent-lb\">Mardi 27 janvier 2026, de 9 h \u00e0 14 h<br \/>BFH-HAFL, Zollikofen<\/p>\n<p><em><br class=\"avia-permanent-lb\"><\/em>La r\u00e9union aura pour objectif de mettre en \u00e9vidence les cons\u00e9quences des changements de conditions-cadres pour l\u2019\u00e9conomie de montagne et l\u2019\u00e9conomie alpestre et d\u2019identifier les questions en suspens. En effet, l\u2019un des \u00e9l\u00e9ments centraux de la deuxi\u00e8me \u00e9tape de la r\u00e9vision de la loi sur l\u2019am\u00e9nagement du territoire (LAT 2) est de freiner la construction en dehors des zones \u00e0 b\u00e2tir. L\u2019\u00e9conomie de montagne et l\u2019agriculture sont donc particuli\u00e8rement touch\u00e9es par les effets de la nouvelle l\u00e9gislation.  <\/p>\n<p><br class=\"avia-permanent-lb\"><a href=\"https:\/\/www.sab.ch\/wp-content\/uploads\/2025\/12\/Programm-9.-Meeting-Dialogplattform-Raumplanung.pdf\">\u2192 Programme<\/a><\/p>\n<p><br class=\"avia-permanent-lb\">Co\u00fbt : participation aux frais de CHF 50.00 (facture)<br \/>\nInscription : par e-mail \u00e0 <a href=\"&#109;&#x61;i&#x6c;t&#111;&#x3a;&#102;&#x72;a&#110;&#x7a;&#105;&#x73;k&#x61;&#x2e;&#110;&#x61;e&#x66;&#64;&#115;&#x61;&#98;&#x2e;c&#104;\">&#x66;&#x72;&#x61;&#x6e;&#x7a;&#x69;&#115;&#107;&#97;&#46;naef&#x40;&#x73;&#x61;&#x62;&#x2e;&#x63;&#104;<\/a> jusqu\u2019au 16 janvier 2026<\/p>\n<\/div><\/section><\/p><\/div><div  class='flex_column av-vkrkqc-a7f5f3d21ac0b8f466637e47f8f18b60 av_one_third  avia-builder-el-4  el_after_av_two_third  avia-builder-el-last  flex_column_div  '     ><style type=\"text\/css\" data-created_by=\"avia_inline_auto\" id=\"style-css-av-miyfd7ra-7ba0854a313ac53ea90feb333e918b4a\">\n.avia-image-container.av-miyfd7ra-7ba0854a313ac53ea90feb333e918b4a img.avia_image{\nbox-shadow:none;\n}\n.avia-image-container.av-miyfd7ra-7ba0854a313ac53ea90feb333e918b4a .av-image-caption-overlay-center{\ncolor:#ffffff;\n}\n<\/style>\n<div  class='avia-image-container av-miyfd7ra-7ba0854a313ac53ea90feb333e918b4a av-styling- avia-align-center  avia-builder-el-5  avia-builder-el-no-sibling '   itemprop=\"image\" itemscope=\"itemscope\" itemtype=\"https:\/\/schema.org\/ImageObject\" ><div class=\"avia-image-container-inner\"><div class=\"avia-image-overlay-wrap\"><img decoding=\"async\" fetchpriority=\"high\" class='wp-image-24649 avia-img-lazy-loading-not-24649 avia_image ' src=\"https:\/\/www.sab.ch\/wp-content\/uploads\/2024\/12\/Sumiswald-_BGBB-SN-SAB-1024x768.jpg\" alt='' title='Sumiswald _BGBB SN SAB'  height=\"768\" width=\"1024\"  itemprop=\"thumbnailUrl\" srcset=\"https:\/\/www.sab.ch\/wp-content\/uploads\/2024\/12\/Sumiswald-_BGBB-SN-SAB-1024x768.jpg 1024w, https:\/\/www.sab.ch\/wp-content\/uploads\/2024\/12\/Sumiswald-_BGBB-SN-SAB-1440x1080.jpg 1440w, https:\/\/www.sab.ch\/wp-content\/uploads\/2024\/12\/Sumiswald-_BGBB-SN-SAB-768x576.jpg 768w, https:\/\/www.sab.ch\/wp-content\/uploads\/2024\/12\/Sumiswald-_BGBB-SN-SAB-1536x1152.jpg 1536w, https:\/\/www.sab.ch\/wp-content\/uploads\/2024\/12\/Sumiswald-_BGBB-SN-SAB-2048x1536.jpg 2048w, https:\/\/www.sab.ch\/wp-content\/uploads\/2024\/12\/Sumiswald-_BGBB-SN-SAB-1500x1125.jpg 1500w, https:\/\/www.sab.ch\/wp-content\/uploads\/2024\/12\/Sumiswald-_BGBB-SN-SAB-705x529.jpg 705w\" sizes=\"(max-width: 1024px) 100vw, 1024px\" \/><\/div><\/div><\/div><\/div><\/p>\n","protected":false},"excerpt":{"rendered":"","protected":false},"author":4,"featured_media":0,"parent":0,"menu_order":0,"comment_status":"closed","ping_status":"closed","template":"","meta":{"footnotes":""},"class_list":["post-30376","page","type-page","status-publish","hentry"],"yoast_head":"<!-- This site is optimized with the Yoast SEO plugin v27.5 - https:\/\/yoast.com\/product\/yoast-seo-wordpress\/ -->\n<title>Dialogplattform: Veranstaltungen - S A B<\/title>\n<meta name=\"robots\" content=\"index, follow, max-snippet:-1, max-image-preview:large, max-video-preview:-1\" \/>\n<link rel=\"canonical\" href=\"https:\/\/www.sab.ch\/fr\/dialogplattform-veranstaltungen\/\" \/>\n<meta property=\"og:locale\" content=\"fr_FR\" \/>\n<meta property=\"og:type\" content=\"article\" \/>\n<meta property=\"og:title\" content=\"Dialogplattform: Veranstaltungen - S A B\" \/>\n<meta property=\"og:url\" content=\"https:\/\/www.sab.ch\/fr\/dialogplattform-veranstaltungen\/\" \/>\n<meta property=\"og:site_name\" content=\"S A B\" \/>\n<meta property=\"article:modified_time\" content=\"2025-12-09T10:40:36+00:00\" \/>\n<meta name=\"twitter:card\" content=\"summary_large_image\" \/>\n<meta name=\"twitter:label1\" content=\"Dur\u00e9e de lecture estim\u00e9e\" \/>\n\t<meta name=\"twitter:data1\" content=\"8 minutes\" \/>\n<script type=\"application\/ld+json\" class=\"yoast-schema-graph\">{\"@context\":\"https:\\\/\\\/schema.org\",\"@graph\":[{\"@type\":\"WebPage\",\"@id\":\"https:\\\/\\\/www.sab.ch\\\/fr\\\/dialogplattform-veranstaltungen\\\/\",\"url\":\"https:\\\/\\\/www.sab.ch\\\/fr\\\/dialogplattform-veranstaltungen\\\/\",\"name\":\"Dialogplattform: Veranstaltungen - S A B\",\"isPartOf\":{\"@id\":\"https:\\\/\\\/www.sab.ch\\\/fr\\\/#website\"},\"datePublished\":\"2025-12-09T10:40:35+00:00\",\"dateModified\":\"2025-12-09T10:40:36+00:00\",\"breadcrumb\":{\"@id\":\"https:\\\/\\\/www.sab.ch\\\/fr\\\/dialogplattform-veranstaltungen\\\/#breadcrumb\"},\"inLanguage\":\"fr-FR\",\"potentialAction\":[{\"@type\":\"ReadAction\",\"target\":[\"https:\\\/\\\/www.sab.ch\\\/fr\\\/dialogplattform-veranstaltungen\\\/\"]}]},{\"@type\":\"BreadcrumbList\",\"@id\":\"https:\\\/\\\/www.sab.ch\\\/fr\\\/dialogplattform-veranstaltungen\\\/#breadcrumb\",\"itemListElement\":[{\"@type\":\"ListItem\",\"position\":1,\"name\":\"Startseite\",\"item\":\"https:\\\/\\\/www.sab.ch\\\/fr\\\/home\\\/\"},{\"@type\":\"ListItem\",\"position\":2,\"name\":\"Dialogplattform: Veranstaltungen\"}]},{\"@type\":\"WebSite\",\"@id\":\"https:\\\/\\\/www.sab.ch\\\/fr\\\/#website\",\"url\":\"https:\\\/\\\/www.sab.ch\\\/fr\\\/\",\"name\":\"S A B\",\"description\":\"\",\"potentialAction\":[{\"@type\":\"SearchAction\",\"target\":{\"@type\":\"EntryPoint\",\"urlTemplate\":\"https:\\\/\\\/www.sab.ch\\\/fr\\\/?s={search_term_string}\"},\"query-input\":{\"@type\":\"PropertyValueSpecification\",\"valueRequired\":true,\"valueName\":\"search_term_string\"}}],\"inLanguage\":\"fr-FR\"}]}<\/script>\n<!-- \/ Yoast SEO plugin. -->","yoast_head_json":{"title":"Dialogplattform: Veranstaltungen - S A B","robots":{"index":"index","follow":"follow","max-snippet":"max-snippet:-1","max-image-preview":"max-image-preview:large","max-video-preview":"max-video-preview:-1"},"canonical":"https:\/\/www.sab.ch\/fr\/dialogplattform-veranstaltungen\/","og_locale":"fr_FR","og_type":"article","og_title":"Dialogplattform: Veranstaltungen - S A B","og_url":"https:\/\/www.sab.ch\/fr\/dialogplattform-veranstaltungen\/","og_site_name":"S A B","article_modified_time":"2025-12-09T10:40:36+00:00","twitter_card":"summary_large_image","twitter_misc":{"Dur\u00e9e de lecture estim\u00e9e":"8 minutes"},"schema":{"@context":"https:\/\/schema.org","@graph":[{"@type":"WebPage","@id":"https:\/\/www.sab.ch\/fr\/dialogplattform-veranstaltungen\/","url":"https:\/\/www.sab.ch\/fr\/dialogplattform-veranstaltungen\/","name":"Dialogplattform: Veranstaltungen - S A B","isPartOf":{"@id":"https:\/\/www.sab.ch\/fr\/#website"},"datePublished":"2025-12-09T10:40:35+00:00","dateModified":"2025-12-09T10:40:36+00:00","breadcrumb":{"@id":"https:\/\/www.sab.ch\/fr\/dialogplattform-veranstaltungen\/#breadcrumb"},"inLanguage":"fr-FR","potentialAction":[{"@type":"ReadAction","target":["https:\/\/www.sab.ch\/fr\/dialogplattform-veranstaltungen\/"]}]},{"@type":"BreadcrumbList","@id":"https:\/\/www.sab.ch\/fr\/dialogplattform-veranstaltungen\/#breadcrumb","itemListElement":[{"@type":"ListItem","position":1,"name":"Startseite","item":"https:\/\/www.sab.ch\/fr\/home\/"},{"@type":"ListItem","position":2,"name":"Dialogplattform: Veranstaltungen"}]},{"@type":"WebSite","@id":"https:\/\/www.sab.ch\/fr\/#website","url":"https:\/\/www.sab.ch\/fr\/","name":"S A B","description":"","potentialAction":[{"@type":"SearchAction","target":{"@type":"EntryPoint","urlTemplate":"https:\/\/www.sab.ch\/fr\/?s={search_term_string}"},"query-input":{"@type":"PropertyValueSpecification","valueRequired":true,"valueName":"search_term_string"}}],"inLanguage":"fr-FR"}]}},"_links":{"self":[{"href":"https:\/\/www.sab.ch\/fr\/wp-json\/wp\/v2\/pages\/30376","targetHints":{"allow":["GET"]}}],"collection":[{"href":"https:\/\/www.sab.ch\/fr\/wp-json\/wp\/v2\/pages"}],"about":[{"href":"https:\/\/www.sab.ch\/fr\/wp-json\/wp\/v2\/types\/page"}],"author":[{"embeddable":true,"href":"https:\/\/www.sab.ch\/fr\/wp-json\/wp\/v2\/users\/4"}],"replies":[{"embeddable":true,"href":"https:\/\/www.sab.ch\/fr\/wp-json\/wp\/v2\/comments?post=30376"}],"version-history":[{"count":3,"href":"https:\/\/www.sab.ch\/fr\/wp-json\/wp\/v2\/pages\/30376\/revisions"}],"predecessor-version":[{"id":30379,"href":"https:\/\/www.sab.ch\/fr\/wp-json\/wp\/v2\/pages\/30376\/revisions\/30379"}],"wp:attachment":[{"href":"https:\/\/www.sab.ch\/fr\/wp-json\/wp\/v2\/media?parent=30376"}],"curies":[{"name":"wp","href":"https:\/\/api.w.org\/{rel}","templated":true}]}}

<div  class='flex_column av-1cy5ak4-8d10d70d25ee30580cf521d494892db0 av_two_third  avia-builder-el-0  el_before_av_one_third  avia-builder-el-first  first flex_column_div  '     ><section  class='av_textblock_section av-miyfe6im-acb7ce3d01823c6a5f644a523c1f6341 '   itemscope="itemscope" itemtype="https://schema.org/CreativeWork" ><div class='avia_textblock'  itemprop="text" ><h2>Séminaire/Meeting </h2>
</div></section><br />

<style type="text/css" data-created_by="avia_inline_auto" id="style-css-av-miyfentw-4977f4b25829a4be5128aa85978570a7">
#top .hr.hr-invisible.av-miyfentw-4977f4b25829a4be5128aa85978570a7{
height:30px;
}
</style>
<div  class='hr av-miyfentw-4977f4b25829a4be5128aa85978570a7 hr-invisible  avia-builder-el-2  el_after_av_textblock  el_before_av_textblock '><span class='hr-inner '><span class="hr-inner-style"></span></span></div><br />
<section  class='av_textblock_section av-miyfcabj-ffc3dc82f7936eea66aa161ffc01d41a '   itemscope="itemscope" itemtype="https://schema.org/CreativeWork" ><div class='avia_textblock'  itemprop="text" ><h3>9e réunion / 27 janvier 2026<br />
Aménagement du territoire dans la zone agricole</h3>
<p><br class="avia-permanent-lb">Mardi 27 janvier 2026, de 9 h à 14 h<br />BFH-HAFL, Zollikofen</p>
<p><em><br class="avia-permanent-lb"></em>La réunion aura pour objectif de mettre en évidence les conséquences des changements de conditions-cadres pour l’économie de montagne et l’économie alpestre et d’identifier les questions en suspens. En effet, l’un des éléments centraux de la deuxième étape de la révision de la loi sur l’aménagement du territoire (LAT 2) est de freiner la construction en dehors des zones à bâtir. L’économie de montagne et l’agriculture sont donc particulièrement touchées par les effets de la nouvelle législation.  </p>
<p><br class="avia-permanent-lb"><a href="https://www.sab.ch/wp-content/uploads/2025/12/Programm-9.-Meeting-Dialogplattform-Raumplanung.pdf">→ Programme</a></p>
<p><br class="avia-permanent-lb">Coût : participation aux frais de CHF 50.00 (facture)<br />
Inscription : par e-mail à <a href="&#109;&#x61;i&#x6c;t&#111;&#x3a;&#102;&#x72;a&#110;&#x7a;&#105;&#x73;k&#x61;&#x2e;&#110;&#x61;e&#x66;&#64;&#115;&#x61;&#98;&#x2e;c&#104;">&#x66;&#x72;&#x61;&#x6e;&#x7a;&#x69;&#115;&#107;&#97;&#46;naef&#x40;&#x73;&#x61;&#x62;&#x2e;&#x63;&#104;</a> jusqu’au 16 janvier 2026</p>
</div></section></p></div><div  class='flex_column av-vkrkqc-a7f5f3d21ac0b8f466637e47f8f18b60 av_one_third  avia-builder-el-4  el_after_av_two_third  avia-builder-el-last  flex_column_div  '     ><style type="text/css" data-created_by="avia_inline_auto" id="style-css-av-miyfd7ra-7ba0854a313ac53ea90feb333e918b4a">
.avia-image-container.av-miyfd7ra-7ba0854a313ac53ea90feb333e918b4a img.avia_image{
box-shadow:none;
}
.avia-image-container.av-miyfd7ra-7ba0854a313ac53ea90feb333e918b4a .av-image-caption-overlay-center{
color:#ffffff;
}
</style>
<div  class='avia-image-container av-miyfd7ra-7ba0854a313ac53ea90feb333e918b4a av-styling- avia-align-center  avia-builder-el-5  avia-builder-el-no-sibling '   itemprop="image" itemscope="itemscope" itemtype="https://schema.org/ImageObject" ><div class="avia-image-container-inner"><div class="avia-image-overlay-wrap"><img decoding="async" fetchpriority="high" class='wp-image-24649 avia-img-lazy-loading-not-24649 avia_image ' src="https://www.sab.ch/wp-content/uploads/2024/12/Sumiswald-_BGBB-SN-SAB-1024x768.jpg" alt='' title='Sumiswald _BGBB SN SAB'  height="768" width="1024"  itemprop="thumbnailUrl" srcset="https://www.sab.ch/wp-content/uploads/2024/12/Sumiswald-_BGBB-SN-SAB-1024x768.jpg 1024w, https://www.sab.ch/wp-content/uploads/2024/12/Sumiswald-_BGBB-SN-SAB-1440x1080.jpg 1440w, https://www.sab.ch/wp-content/uploads/2024/12/Sumiswald-_BGBB-SN-SAB-768x576.jpg 768w, https://www.sab.ch/wp-content/uploads/2024/12/Sumiswald-_BGBB-SN-SAB-1536x1152.jpg 1536w, https://www.sab.ch/wp-content/uploads/2024/12/Sumiswald-_BGBB-SN-SAB-2048x1536.jpg 2048w, https://www.sab.ch/wp-content/uploads/2024/12/Sumiswald-_BGBB-SN-SAB-1500x1125.jpg 1500w, https://www.sab.ch/wp-content/uploads/2024/12/Sumiswald-_BGBB-SN-SAB-705x529.jpg 705w" sizes="(max-width: 1024px) 100vw, 1024px" /></div></div></div></div></p>

<!-- This site is optimized with the Yoast SEO plugin v27.5 - https://yoast.com/product/yoast-seo-wordpress/ -->
<title>Dialogplattform: Veranstaltungen - S A B</title>
<meta name="robots" content="index, follow, max-snippet:-1, max-image-preview:large, max-video-preview:-1" />
<link rel="canonical" href="https://www.sab.ch/fr/dialogplattform-veranstaltungen/" />
<meta property="og:locale" content="fr_FR" />
<meta property="og:type" content="article" />
<meta property="og:title" content="Dialogplattform: Veranstaltungen - S A B" />
<meta property="og:url" content="https://www.sab.ch/fr/dialogplattform-veranstaltungen/" />
<meta property="og:site_name" content="S A B" />
<meta property="article:modified_time" content="2025-12-09T10:40:36+00:00" />
<meta name="twitter:card" content="summary_large_image" />
<meta name="twitter:label1" content="Durée de lecture estimée" />
	<meta name="twitter:data1" content="8 minutes" />
<script type="application/ld+json" class="yoast-schema-graph">{"@context":"https:\/\/schema.org","@graph":[{"@type":"WebPage","@id":"https:\/\/www.sab.ch\/fr\/dialogplattform-veranstaltungen\/","url":"https:\/\/www.sab.ch\/fr\/dialogplattform-veranstaltungen\/","name":"Dialogplattform: Veranstaltungen - S A B","isPartOf":{"@id":"https:\/\/www.sab.ch\/fr\/#website"},"datePublished":"2025-12-09T10:40:35+00:00","dateModified":"2025-12-09T10:40:36+00:00","breadcrumb":{"@id":"https:\/\/www.sab.ch\/fr\/dialogplattform-veranstaltungen\/#breadcrumb"},"inLanguage":"fr-FR","potentialAction":[{"@type":"ReadAction","target":["https:\/\/www.sab.ch\/fr\/dialogplattform-veranstaltungen\/"]}]},{"@type":"BreadcrumbList","@id":"https:\/\/www.sab.ch\/fr\/dialogplattform-veranstaltungen\/#breadcrumb","itemListElement":[{"@type":"ListItem","position":1,"name":"Startseite","item":"https:\/\/www.sab.ch\/fr\/home\/"},{"@type":"ListItem","position":2,"name":"Dialogplattform: Veranstaltungen"}]},{"@type":"WebSite","@id":"https:\/\/www.sab.ch\/fr\/#website","url":"https:\/\/www.sab.ch\/fr\/","name":"S A B","description":"","potentialAction":[{"@type":"SearchAction","target":{"@type":"EntryPoint","urlTemplate":"https:\/\/www.sab.ch\/fr\/?s={search_term_string}"},"query-input":{"@type":"PropertyValueSpecification","valueRequired":true,"valueName":"search_term_string"}}],"inLanguage":"fr-FR"}]}</script>
<!-- / Yoast SEO plugin. -->
