{"id":11758,"date":"2023-01-30T10:59:01","date_gmt":"2023-01-30T09:59:01","guid":{"rendered":"https:\/\/www.sab.ch\/prestationi\/protezione-dei-prodotti-di-montagna-e-dalpe\/i-requisiti-descrizione-in-tedesco\/"},"modified":"2023-01-30T10:59:01","modified_gmt":"2023-01-30T09:59:01","slug":"i-requisiti-descrizione-in-tedesco","status":"publish","type":"page","link":"https:\/\/www.sab.ch\/it\/prestationi\/protezione-dei-prodotti-di-montagna-e-dalpe\/i-requisiti-descrizione-in-tedesco\/","title":{"rendered":"I requisiti (descrizione in tedesco)"},"content":{"rendered":"<div  class='flex_column av-27wnbr-999f0279ff71a5d2facc97911b217172 av_two_third  avia-builder-el-0  avia-builder-el-no-sibling  first flex_column_div  '     ><section  class='av_textblock_section av-jxk41cbl-de8745f204dcd65c5170bef159d7e21a '   itemscope=\"itemscope\" itemtype=\"https:\/\/schema.org\/CreativeWork\" ><div class='avia_textblock'  itemprop=\"text\" ><h2 class=\"csc-firstHeader\">I requisiti (descizone in tedesco)<\/h2>\n<p>Von der Herstellung, \u00fcber den Zwischenhandel, bis zur Etikettierung und Vorverpackung \u2013 nur auf allen Stufen kontrollierte und zertifizierte Produkte verdienen das Berg- oder Alpzeichen<b>:<br \/>\n<\/b><\/p>\n<p><b><\/p>\n<p>Kontrolle<br \/>\n<\/b><br \/>\nDie Berg- und Alpzeichen d\u00fcrfen nur verwendet werden, wenn die damit gekennzeichneten oder ausgelobten Produkte die Kriterien der Berg- und Alpverordnung erf\u00fcllen. Bergprodukte m\u00fcssen gem\u00e4ss der landwirtschaftlichen Zonen-Verordnung aus dem Berggebiet oder S\u00f6mmerungsgebiet stammen, Alpprodukte nur aus dem S\u00f6mmerungsgebiet.<\/p>\n<p><a href=\"\/wp-content\/uploads\/2022\/11\/Kontrolle__BAlV.pdf\">Kontrolle der Berg- und Alpprodukte (2,1 MiB)<\/a><\/p>\n<p><span style=\"font-weight: bold;\">Zertifizierung<\/span><\/p>\n<p>Damit ein Produkt das Berg- oder Alpg\u00fctesiegel erh\u00e4lt, muss es auf allen Stufen der Produktion, des Zwischenhandels bis zur Etikettierung und Vorverpackung kontrolliert und zertifiziert werden. Ausgenommen von der Zertifizierungspflicht sind Erzeugnisse, die direkt vor Ort an den Konsumenten verkauft werden. Verst\u00f6sse werden den zust\u00e4ndigen kantonalen Beh\u00f6rden und dem Bundesamt f\u00fcr Landwirtschaft gemeldet.<\/p>\n<p><a href=\"\/wp-content\/uploads\/2022\/11\/Zertifizierung__BAlV.pdf\">Anforderungen (2,1 MiB)<\/a><b><\/p>\n<p>Zertifizierungsstellen<br \/>\n<\/b><br \/>\nDrei akkreditierte Unternehmen behandeln Zertifizierungsgesuche f\u00fcr das Berg- und Alpzeichen. Die Kosten f\u00fcr die Zertifizierung sind individuell auszuhandeln.<\/p>\n<p><a href=\"https:\/\/www.schweizeralpprodukte.ch\/zertifizierungsstellen.html?file=files\/Files\/PDF_Anforderungen\/Zertifizierung%20_BAlV.pdf\" title=\"Die Datei Zertifizierung _BAlV.pdf herunterladen\" target=\"_blank\" rel=\"noopener\">Zertifzierungsstellen (2,1 MiB)<\/a><b><\/p>\n<p>Gesetzliches<\/b><\/p>\n<p>Die offiziellen Zeichen f\u00fcr Berg- und Alpprodukte garantieren die Herkunft der Erzeugnisse aus dem Berggebiet bzw. aus dem S\u00f6mmerungsgebiet. Sie stehen f\u00fcr den offiziellen Schutz dieser Produkte und sollen die Transparenz f\u00f6rdern.<\/p>\n<p>Die Zeichen d\u00fcrfen verwendet werden, wenn die damit gekennzeichneten oder ausgelobten Produkte die Anforderungen der Berg und Alpverordnung erf\u00fcllen. Die Verwendung der offiziellen Zeichen ist freiwillig und kostenlos.<\/p>\n<p>Die missbr\u00e4uchliche Verwendung der Zeichen ist untersagt. Bei Widerhandlungen werden Verwaltungsmassnahmen ergriffen.<\/p>\n<p><a href=\"https:\/\/www.blw.admin.ch\/dam\/blw\/de\/dokumente\/Instrumente\/Kennzeichnung\/Berg%20und%20Alp\/Richtlinien-Berg-und-Alp.pdf.download.pdf\/Richtlinien%20zur%20Anwendung%20der%20offiziellen%20Zeichen%20f%C3%BCr%20Schweizer%20Berg-%20und%20Alpprodukte.pdf\" title=\"Richtlinien zur Anwendung der offiziellen Zeichen f\u00fcr Schweizer Berg- und Alpprodukte\" target=\"_blank\" rel=\"noopener\">Richtlinien zur Anwendung der offiziellen Zeichen f\u00fcr Schweizer Berg- und Alpprodukte (PDF, 311 kB, 27.07.2016)<\/a><\/p>\n<p><a href=\"https:\/\/www.blw.admin.ch\/dam\/blw\/de\/dokumente\/Instrumente\/Kennzeichnung\/Berg%20und%20Alp\/Weisung-Berg-und-Alp.pdf.download.pdf\/Weisung%20zur%20Berg-%20und%20Alpverordnung%20(BAIV,%20SR%20910.19)%20bez%C3%BCglich%20der%20Kontrolle%20auf%20Betrieben%20der%20Prim%C3%A4rproduktion.pdf\" title=\"Weisung zur Berg- und Alpverordnung (BAIV, SR 910.19) bez\u00fcglich der Kontrolle auf Betrieben der Prim\u00e4rproduktion\" target=\"_blank\" rel=\"noopener\">Weisung zur Berg- und Alpverordnung (BAIV, SR 910.19) bez\u00fcglich der Kontrolle auf Betrieben der Prim\u00e4rproduktion (PDF, 218 kB, 27.07.2016)<\/a><\/p>\n<p><a href=\"https:\/\/www.admin.ch\/opc\/de\/classified-compilation\/20102725\/index.html\" target=\"_blank\" class=\"icon icon--after icon--external\" rel=\"noopener\">Verordnung \u00fcber die Verwendung der Bezeichnungen \u00abBerg\u00bb und \u00abAlp\u00bb f\u00fcr landwirtschaftliche Erzeugnisse und daraus hergestellte Lebensmittel vom 25. Mai 2011<\/a><\/p>\n<p><a href=\"https:\/\/www.admin.ch\/opc\/de\/classified-compilation\/20130954\/index.html\" target=\"_blank\" class=\"icon icon--after icon--external\" rel=\"noopener\">Verordnung des WBF \u00fcber die offiziellen Zeichen f\u00fcr Berg- und Alpprodukte vom 21. Mai 2014<\/a><\/p>\n<p><a href=\"https:\/\/www.blw.admin.ch\/dam\/blw\/de\/dokumente\/Instrumente\/Kennzeichnung\/Berg%20und%20Alp\/Flyer-Berg-und-Alp.pdf.download.pdf\/Flyer%20Offizielle%20Zeichen%20des%20Bundes%20f%C3%BCr%20Berg-%20und%20Alpprodukte.pdf\" title=\"Flyer Offizielle Zeichen des Bundes f\u00fcr Berg- und Alpprodukte\" target=\"_blank\" rel=\"noopener\">Flyer Offizielle Zeichen des Bundes f\u00fcr Berg- und Alpprodukte (PDF, 3 MB, 27.07.2016)<\/a><\/p>\n<h1> <\/h1>\n<\/div><\/section><\/div>\n","protected":false},"excerpt":{"rendered":"","protected":false},"author":3,"featured_media":0,"parent":11755,"menu_order":0,"comment_status":"closed","ping_status":"closed","template":"","meta":{"footnotes":""},"class_list":["post-11758","page","type-page","status-publish","hentry"],"yoast_head":"<!-- This site is optimized with the Yoast SEO plugin v27.5 - https:\/\/yoast.com\/product\/yoast-seo-wordpress\/ -->\n<title>I requisiti (descrizione in tedesco) - S A B<\/title>\n<meta name=\"robots\" content=\"index, follow, max-snippet:-1, max-image-preview:large, max-video-preview:-1\" \/>\n<link rel=\"canonical\" href=\"https:\/\/www.sab.ch\/it\/prestationi\/protezione-dei-prodotti-di-montagna-e-dalpe\/i-requisiti-descrizione-in-tedesco\/\" \/>\n<meta property=\"og:locale\" content=\"it_IT\" \/>\n<meta property=\"og:type\" content=\"article\" \/>\n<meta property=\"og:title\" content=\"I requisiti (descrizione in tedesco) - S A B\" \/>\n<meta property=\"og:url\" content=\"https:\/\/www.sab.ch\/it\/prestationi\/protezione-dei-prodotti-di-montagna-e-dalpe\/i-requisiti-descrizione-in-tedesco\/\" \/>\n<meta property=\"og:site_name\" content=\"S A B\" \/>\n<meta name=\"twitter:card\" content=\"summary_large_image\" \/>\n<meta name=\"twitter:label1\" content=\"Tempo di lettura stimato\" \/>\n\t<meta name=\"twitter:data1\" content=\"4 minuti\" \/>\n<script type=\"application\/ld+json\" class=\"yoast-schema-graph\">{\"@context\":\"https:\\\/\\\/schema.org\",\"@graph\":[{\"@type\":\"WebPage\",\"@id\":\"https:\\\/\\\/www.sab.ch\\\/it\\\/prestationi\\\/protezione-dei-prodotti-di-montagna-e-dalpe\\\/i-requisiti-descrizione-in-tedesco\\\/\",\"url\":\"https:\\\/\\\/www.sab.ch\\\/it\\\/prestationi\\\/protezione-dei-prodotti-di-montagna-e-dalpe\\\/i-requisiti-descrizione-in-tedesco\\\/\",\"name\":\"I requisiti (descrizione in tedesco) - S A B\",\"isPartOf\":{\"@id\":\"https:\\\/\\\/www.sab.ch\\\/it\\\/#website\"},\"datePublished\":\"2023-01-30T09:59:01+00:00\",\"breadcrumb\":{\"@id\":\"https:\\\/\\\/www.sab.ch\\\/it\\\/prestationi\\\/protezione-dei-prodotti-di-montagna-e-dalpe\\\/i-requisiti-descrizione-in-tedesco\\\/#breadcrumb\"},\"inLanguage\":\"it-IT\",\"potentialAction\":[{\"@type\":\"ReadAction\",\"target\":[\"https:\\\/\\\/www.sab.ch\\\/it\\\/prestationi\\\/protezione-dei-prodotti-di-montagna-e-dalpe\\\/i-requisiti-descrizione-in-tedesco\\\/\"]}]},{\"@type\":\"BreadcrumbList\",\"@id\":\"https:\\\/\\\/www.sab.ch\\\/it\\\/prestationi\\\/protezione-dei-prodotti-di-montagna-e-dalpe\\\/i-requisiti-descrizione-in-tedesco\\\/#breadcrumb\",\"itemListElement\":[{\"@type\":\"ListItem\",\"position\":1,\"name\":\"Startseite\",\"item\":\"https:\\\/\\\/www.sab.ch\\\/it\\\/home\\\/\"},{\"@type\":\"ListItem\",\"position\":2,\"name\":\"Servizi\",\"item\":\"https:\\\/\\\/www.sab.ch\\\/it\\\/prestationi\\\/\"},{\"@type\":\"ListItem\",\"position\":3,\"name\":\"Protezione dei prodotti di montagna e d&#8217;alpe\",\"item\":\"https:\\\/\\\/www.sab.ch\\\/it\\\/prestationi\\\/protezione-dei-prodotti-di-montagna-e-dalpe\\\/\"},{\"@type\":\"ListItem\",\"position\":4,\"name\":\"I requisiti (descrizione in tedesco)\"}]},{\"@type\":\"WebSite\",\"@id\":\"https:\\\/\\\/www.sab.ch\\\/it\\\/#website\",\"url\":\"https:\\\/\\\/www.sab.ch\\\/it\\\/\",\"name\":\"S A B\",\"description\":\"\",\"potentialAction\":[{\"@type\":\"SearchAction\",\"target\":{\"@type\":\"EntryPoint\",\"urlTemplate\":\"https:\\\/\\\/www.sab.ch\\\/it\\\/?s={search_term_string}\"},\"query-input\":{\"@type\":\"PropertyValueSpecification\",\"valueRequired\":true,\"valueName\":\"search_term_string\"}}],\"inLanguage\":\"it-IT\"}]}<\/script>\n<!-- \/ Yoast SEO plugin. -->","yoast_head_json":{"title":"I requisiti (descrizione in tedesco) - S A B","robots":{"index":"index","follow":"follow","max-snippet":"max-snippet:-1","max-image-preview":"max-image-preview:large","max-video-preview":"max-video-preview:-1"},"canonical":"https:\/\/www.sab.ch\/it\/prestationi\/protezione-dei-prodotti-di-montagna-e-dalpe\/i-requisiti-descrizione-in-tedesco\/","og_locale":"it_IT","og_type":"article","og_title":"I requisiti (descrizione in tedesco) - S A B","og_url":"https:\/\/www.sab.ch\/it\/prestationi\/protezione-dei-prodotti-di-montagna-e-dalpe\/i-requisiti-descrizione-in-tedesco\/","og_site_name":"S A B","twitter_card":"summary_large_image","twitter_misc":{"Tempo di lettura stimato":"4 minuti"},"schema":{"@context":"https:\/\/schema.org","@graph":[{"@type":"WebPage","@id":"https:\/\/www.sab.ch\/it\/prestationi\/protezione-dei-prodotti-di-montagna-e-dalpe\/i-requisiti-descrizione-in-tedesco\/","url":"https:\/\/www.sab.ch\/it\/prestationi\/protezione-dei-prodotti-di-montagna-e-dalpe\/i-requisiti-descrizione-in-tedesco\/","name":"I requisiti (descrizione in tedesco) - S A B","isPartOf":{"@id":"https:\/\/www.sab.ch\/it\/#website"},"datePublished":"2023-01-30T09:59:01+00:00","breadcrumb":{"@id":"https:\/\/www.sab.ch\/it\/prestationi\/protezione-dei-prodotti-di-montagna-e-dalpe\/i-requisiti-descrizione-in-tedesco\/#breadcrumb"},"inLanguage":"it-IT","potentialAction":[{"@type":"ReadAction","target":["https:\/\/www.sab.ch\/it\/prestationi\/protezione-dei-prodotti-di-montagna-e-dalpe\/i-requisiti-descrizione-in-tedesco\/"]}]},{"@type":"BreadcrumbList","@id":"https:\/\/www.sab.ch\/it\/prestationi\/protezione-dei-prodotti-di-montagna-e-dalpe\/i-requisiti-descrizione-in-tedesco\/#breadcrumb","itemListElement":[{"@type":"ListItem","position":1,"name":"Startseite","item":"https:\/\/www.sab.ch\/it\/home\/"},{"@type":"ListItem","position":2,"name":"Servizi","item":"https:\/\/www.sab.ch\/it\/prestationi\/"},{"@type":"ListItem","position":3,"name":"Protezione dei prodotti di montagna e d&#8217;alpe","item":"https:\/\/www.sab.ch\/it\/prestationi\/protezione-dei-prodotti-di-montagna-e-dalpe\/"},{"@type":"ListItem","position":4,"name":"I requisiti (descrizione in tedesco)"}]},{"@type":"WebSite","@id":"https:\/\/www.sab.ch\/it\/#website","url":"https:\/\/www.sab.ch\/it\/","name":"S A B","description":"","potentialAction":[{"@type":"SearchAction","target":{"@type":"EntryPoint","urlTemplate":"https:\/\/www.sab.ch\/it\/?s={search_term_string}"},"query-input":{"@type":"PropertyValueSpecification","valueRequired":true,"valueName":"search_term_string"}}],"inLanguage":"it-IT"}]}},"_links":{"self":[{"href":"https:\/\/www.sab.ch\/it\/wp-json\/wp\/v2\/pages\/11758","targetHints":{"allow":["GET"]}}],"collection":[{"href":"https:\/\/www.sab.ch\/it\/wp-json\/wp\/v2\/pages"}],"about":[{"href":"https:\/\/www.sab.ch\/it\/wp-json\/wp\/v2\/types\/page"}],"author":[{"embeddable":true,"href":"https:\/\/www.sab.ch\/it\/wp-json\/wp\/v2\/users\/3"}],"replies":[{"embeddable":true,"href":"https:\/\/www.sab.ch\/it\/wp-json\/wp\/v2\/comments?post=11758"}],"version-history":[{"count":2,"href":"https:\/\/www.sab.ch\/it\/wp-json\/wp\/v2\/pages\/11758\/revisions"}],"predecessor-version":[{"id":11760,"href":"https:\/\/www.sab.ch\/it\/wp-json\/wp\/v2\/pages\/11758\/revisions\/11760"}],"up":[{"embeddable":true,"href":"https:\/\/www.sab.ch\/it\/wp-json\/wp\/v2\/pages\/11755"}],"wp:attachment":[{"href":"https:\/\/www.sab.ch\/it\/wp-json\/wp\/v2\/media?parent=11758"}],"curies":[{"name":"wp","href":"https:\/\/api.w.org\/{rel}","templated":true}]}}

<div  class='flex_column av-27wnbr-999f0279ff71a5d2facc97911b217172 av_two_third  avia-builder-el-0  avia-builder-el-no-sibling  first flex_column_div  '     ><section  class='av_textblock_section av-jxk41cbl-de8745f204dcd65c5170bef159d7e21a '   itemscope="itemscope" itemtype="https://schema.org/CreativeWork" ><div class='avia_textblock'  itemprop="text" ><h2 class="csc-firstHeader">I requisiti (descizone in tedesco)</h2>
<p>Von der Herstellung, über den Zwischenhandel, bis zur Etikettierung und Vorverpackung – nur auf allen Stufen kontrollierte und zertifizierte Produkte verdienen das Berg- oder Alpzeichen<b>:<br />
</b></p>
<p><b></p>
<p>Kontrolle<br />
</b><br />
Die Berg- und Alpzeichen dürfen nur verwendet werden, wenn die damit gekennzeichneten oder ausgelobten Produkte die Kriterien der Berg- und Alpverordnung erfüllen. Bergprodukte müssen gemäss der landwirtschaftlichen Zonen-Verordnung aus dem Berggebiet oder Sömmerungsgebiet stammen, Alpprodukte nur aus dem Sömmerungsgebiet.</p>
<p><a href="/wp-content/uploads/2022/11/Kontrolle__BAlV.pdf">Kontrolle der Berg- und Alpprodukte (2,1 MiB)</a></p>
<p><span style="font-weight: bold;">Zertifizierung</span></p>
<p>Damit ein Produkt das Berg- oder Alpgütesiegel erhält, muss es auf allen Stufen der Produktion, des Zwischenhandels bis zur Etikettierung und Vorverpackung kontrolliert und zertifiziert werden. Ausgenommen von der Zertifizierungspflicht sind Erzeugnisse, die direkt vor Ort an den Konsumenten verkauft werden. Verstösse werden den zuständigen kantonalen Behörden und dem Bundesamt für Landwirtschaft gemeldet.</p>
<p><a href="/wp-content/uploads/2022/11/Zertifizierung__BAlV.pdf">Anforderungen (2,1 MiB)</a><b></p>
<p>Zertifizierungsstellen<br />
</b><br />
Drei akkreditierte Unternehmen behandeln Zertifizierungsgesuche für das Berg- und Alpzeichen. Die Kosten für die Zertifizierung sind individuell auszuhandeln.</p>
<p><a href="https://www.schweizeralpprodukte.ch/zertifizierungsstellen.html?file=files/Files/PDF_Anforderungen/Zertifizierung%20_BAlV.pdf" title="Die Datei Zertifizierung _BAlV.pdf herunterladen" target="_blank" rel="noopener">Zertifzierungsstellen (2,1 MiB)</a><b></p>
<p>Gesetzliches</b></p>
<p>Die offiziellen Zeichen für Berg- und Alpprodukte garantieren die Herkunft der Erzeugnisse aus dem Berggebiet bzw. aus dem Sömmerungsgebiet. Sie stehen für den offiziellen Schutz dieser Produkte und sollen die Transparenz fördern.</p>
<p>Die Zeichen dürfen verwendet werden, wenn die damit gekennzeichneten oder ausgelobten Produkte die Anforderungen der Berg und Alpverordnung erfüllen. Die Verwendung der offiziellen Zeichen ist freiwillig und kostenlos.</p>
<p>Die missbräuchliche Verwendung der Zeichen ist untersagt. Bei Widerhandlungen werden Verwaltungsmassnahmen ergriffen.</p>
<p><a href="https://www.blw.admin.ch/dam/blw/de/dokumente/Instrumente/Kennzeichnung/Berg%20und%20Alp/Richtlinien-Berg-und-Alp.pdf.download.pdf/Richtlinien%20zur%20Anwendung%20der%20offiziellen%20Zeichen%20f%C3%BCr%20Schweizer%20Berg-%20und%20Alpprodukte.pdf" title="Richtlinien zur Anwendung der offiziellen Zeichen für Schweizer Berg- und Alpprodukte" target="_blank" rel="noopener">Richtlinien zur Anwendung der offiziellen Zeichen für Schweizer Berg- und Alpprodukte (PDF, 311 kB, 27.07.2016)</a></p>
<p><a href="https://www.blw.admin.ch/dam/blw/de/dokumente/Instrumente/Kennzeichnung/Berg%20und%20Alp/Weisung-Berg-und-Alp.pdf.download.pdf/Weisung%20zur%20Berg-%20und%20Alpverordnung%20(BAIV,%20SR%20910.19)%20bez%C3%BCglich%20der%20Kontrolle%20auf%20Betrieben%20der%20Prim%C3%A4rproduktion.pdf" title="Weisung zur Berg- und Alpverordnung (BAIV, SR 910.19) bezüglich der Kontrolle auf Betrieben der Primärproduktion" target="_blank" rel="noopener">Weisung zur Berg- und Alpverordnung (BAIV, SR 910.19) bezüglich der Kontrolle auf Betrieben der Primärproduktion (PDF, 218 kB, 27.07.2016)</a></p>
<p><a href="https://www.admin.ch/opc/de/classified-compilation/20102725/index.html" target="_blank" class="icon icon--after icon--external" rel="noopener">Verordnung über die Verwendung der Bezeichnungen «Berg» und «Alp» für landwirtschaftliche Erzeugnisse und daraus hergestellte Lebensmittel vom 25. Mai 2011</a></p>
<p><a href="https://www.admin.ch/opc/de/classified-compilation/20130954/index.html" target="_blank" class="icon icon--after icon--external" rel="noopener">Verordnung des WBF über die offiziellen Zeichen für Berg- und Alpprodukte vom 21. Mai 2014</a></p>
<p><a href="https://www.blw.admin.ch/dam/blw/de/dokumente/Instrumente/Kennzeichnung/Berg%20und%20Alp/Flyer-Berg-und-Alp.pdf.download.pdf/Flyer%20Offizielle%20Zeichen%20des%20Bundes%20f%C3%BCr%20Berg-%20und%20Alpprodukte.pdf" title="Flyer Offizielle Zeichen des Bundes für Berg- und Alpprodukte" target="_blank" rel="noopener">Flyer Offizielle Zeichen des Bundes für Berg- und Alpprodukte (PDF, 3 MB, 27.07.2016)</a></p>
<h1> </h1>
</div></section></div>
