{"id":11773,"date":"2023-01-30T11:08:56","date_gmt":"2023-01-30T10:08:56","guid":{"rendered":"https:\/\/www.sab.ch\/prestationi\/protezione-dei-prodotti-di-montagna-e-dalpe\/pubblicazioni-in-tedesco\/"},"modified":"2023-01-30T11:08:56","modified_gmt":"2023-01-30T10:08:56","slug":"pubblicazioni-in-tedesco","status":"publish","type":"page","link":"https:\/\/www.sab.ch\/it\/prestationi\/protezione-dei-prodotti-di-montagna-e-dalpe\/pubblicazioni-in-tedesco\/","title":{"rendered":"Pubblicazioni (in tedesco)"},"content":{"rendered":"<div  class='flex_column av-6seix-3ac063d3063c1184618ce755c85686fd av_two_third  avia-builder-el-0  avia-builder-el-no-sibling  first flex_column_div  '     ><section  class='av_textblock_section av-jxk41cbl-de8745f204dcd65c5170bef159d7e21a '   itemscope=\"itemscope\" itemtype=\"https:\/\/schema.org\/CreativeWork\" ><div class='avia_textblock'  itemprop=\"text\" ><h2 class=\"csc-firstHeader\">Pubblicazioni (in tedesco)<\/h2>\n<p><span style=\"font-weight: bold;\">Reklame machen<\/span><\/p>\n<p>Die Werbebrosch\u00fcren stehen zur freien Verf\u00fcgung. Weitere Unterlagen wie Powerpoint &#8211; Pr\u00e4sentation k\u00f6nnen auf Anfrage bezogen werden.<\/p>\n<ul class=\"csc-uploads csc-uploads-0\">\n<li class=\"li-odd li-first csc-uploads-element csc-uploads-element-pdf\"><a href=\"\/wp-content\/uploads\/2022\/11\/Flyer_BLW_offiziellen_Zeichen_Berg-_und_Alpprodukte.pdf\">Flyer BLW offiziellen Zeichen Berg- und Alpprodukte.pdf (3,1 MiB<\/a><\/li>\n<li class=\"li-even csc-uploads-element csc-uploads-element-pdf\"><a href=\"\/wp-content\/uploads\/2022\/11\/Faktenblatt_Berg_Alpzeichen.pdf\">Faktenblatt Berg Alpzeichen.pdf (5,8 MiB)<\/a><\/li>\n<\/ul>\n<h2>Zur Verf\u00fcgung gestellt<\/h2>\n<p>Wer seine Produkte mit dem Berg- und Alpsiegel kennzeichnet, bietet den Konsumenten Orientierung und Transparenz. Wir bieten einen kostenlosen Download der G\u00fctesiegel sowie eine Auswahl an bereits vorgedruckten Etiketten.<\/p>\n<p><span style=\"font-weight: bold;\">Contrassegno ufficiale per la montagna<\/span><\/p>\n<ul>\n<li class=\"download-element ext-zip\"> <a href=\"http:\/\/www.sab.ch\/fileadmin\/user_upload\/customers\/sab\/Projekte_SAB\/Berg-und_Alpprodukte\/BLW_Garantiezeichen_Bergprodukt_COULEUR.zip\" title=\"Scarica il file Logo alpage-EPS-couleur.zip\">Logo alpage-EPS-couleur.zip <span class=\"size\">(2,8 MiB)<\/span><\/a><\/li>\n<li class=\"download-element ext-zip\"> <a href=\"http:\/\/www.sab.ch\/fileadmin\/user_upload\/customers\/sab\/Projekte_SAB\/Berg-und_Alpprodukte\/Logo_Alpprodukte\/BLW_Garantiezeichen_Alpprodukt_SW.zip\" title=\"Scarica il file Logo alpage-EPS-couleur.zip\">Logo-alpage-EPS-nb.zip <span class=\"size\">(1,3 MiB)<\/span><\/a><\/li>\n<\/ul>\n<p><span style=\"font-weight: bold;\"><br \/>\nContrassegno ufficiale per l\u2019alpe<\/span><\/p>\n<ul>\n<li class=\"download-element ext-zip\"> <a href=\"http:\/\/www.sab.ch\/fileadmin\/user_upload\/customers\/sab\/Projekte_SAB\/Berg-und_Alpprodukte\/BLW_Garantiezeichen_Bergprodukt_COULEUR.zip\" title=\"Die Datei Logo_montagne-EPS-couleur.zip herunterladen\">Logo_montagne-EPS-couleur.zip <span class=\"size\">(5,1 MiB)<\/span><\/a><\/li>\n<li class=\"download-element ext-zip\"> <a href=\"http:\/\/www.sab.ch\/fileadmin\/user_upload\/customers\/sab\/Projekte_SAB\/Berg-und_Alpprodukte\/BLW_Garantiezeichen_Bergprodukt_SW.zip\" title=\"Die Datei Logo_montagne-EPS-nb.zip herunterladen\">Logo_montagne-EPS-nb.zip <span class=\"size\">(5,1 MiB)<\/span><\/a><\/li>\n<\/ul>\n<p><span style=\"font-weight: bold;\">Ausf\u00fchrliche Informationen<\/span><\/p>\n<p><a href=\"https:\/\/www.blw.admin.ch\/blw\/de\/home\/instrumente\/kennzeichnung\/berg-und-alp.html\" target=\"_blank\" rel=\"noopener\">Bundesamt f\u00fcr Landwirtschaft<\/a><\/p>\n<\/div><\/section><\/div>\n","protected":false},"excerpt":{"rendered":"","protected":false},"author":3,"featured_media":0,"parent":11755,"menu_order":0,"comment_status":"closed","ping_status":"closed","template":"","meta":{"footnotes":""},"class_list":["post-11773","page","type-page","status-publish","hentry"],"yoast_head":"<!-- This site is optimized with the Yoast SEO plugin v27.5 - https:\/\/yoast.com\/product\/yoast-seo-wordpress\/ -->\n<title>Pubblicazioni (in tedesco) - S A B<\/title>\n<meta name=\"robots\" content=\"index, follow, max-snippet:-1, max-image-preview:large, max-video-preview:-1\" \/>\n<link rel=\"canonical\" href=\"https:\/\/www.sab.ch\/it\/prestationi\/protezione-dei-prodotti-di-montagna-e-dalpe\/pubblicazioni-in-tedesco\/\" \/>\n<meta property=\"og:locale\" content=\"it_IT\" \/>\n<meta property=\"og:type\" content=\"article\" \/>\n<meta property=\"og:title\" content=\"Pubblicazioni (in tedesco) - S A B\" \/>\n<meta property=\"og:url\" content=\"https:\/\/www.sab.ch\/it\/prestationi\/protezione-dei-prodotti-di-montagna-e-dalpe\/pubblicazioni-in-tedesco\/\" \/>\n<meta property=\"og:site_name\" content=\"S A B\" \/>\n<meta name=\"twitter:card\" content=\"summary_large_image\" \/>\n<meta name=\"twitter:label1\" content=\"Tempo di lettura stimato\" \/>\n\t<meta name=\"twitter:data1\" content=\"3 minuti\" \/>\n<script type=\"application\/ld+json\" class=\"yoast-schema-graph\">{\"@context\":\"https:\\\/\\\/schema.org\",\"@graph\":[{\"@type\":\"WebPage\",\"@id\":\"https:\\\/\\\/www.sab.ch\\\/it\\\/prestationi\\\/protezione-dei-prodotti-di-montagna-e-dalpe\\\/pubblicazioni-in-tedesco\\\/\",\"url\":\"https:\\\/\\\/www.sab.ch\\\/it\\\/prestationi\\\/protezione-dei-prodotti-di-montagna-e-dalpe\\\/pubblicazioni-in-tedesco\\\/\",\"name\":\"Pubblicazioni (in tedesco) - S A B\",\"isPartOf\":{\"@id\":\"https:\\\/\\\/www.sab.ch\\\/it\\\/#website\"},\"datePublished\":\"2023-01-30T10:08:56+00:00\",\"breadcrumb\":{\"@id\":\"https:\\\/\\\/www.sab.ch\\\/it\\\/prestationi\\\/protezione-dei-prodotti-di-montagna-e-dalpe\\\/pubblicazioni-in-tedesco\\\/#breadcrumb\"},\"inLanguage\":\"it-IT\",\"potentialAction\":[{\"@type\":\"ReadAction\",\"target\":[\"https:\\\/\\\/www.sab.ch\\\/it\\\/prestationi\\\/protezione-dei-prodotti-di-montagna-e-dalpe\\\/pubblicazioni-in-tedesco\\\/\"]}]},{\"@type\":\"BreadcrumbList\",\"@id\":\"https:\\\/\\\/www.sab.ch\\\/it\\\/prestationi\\\/protezione-dei-prodotti-di-montagna-e-dalpe\\\/pubblicazioni-in-tedesco\\\/#breadcrumb\",\"itemListElement\":[{\"@type\":\"ListItem\",\"position\":1,\"name\":\"Startseite\",\"item\":\"https:\\\/\\\/www.sab.ch\\\/it\\\/home\\\/\"},{\"@type\":\"ListItem\",\"position\":2,\"name\":\"Servizi\",\"item\":\"https:\\\/\\\/www.sab.ch\\\/it\\\/prestationi\\\/\"},{\"@type\":\"ListItem\",\"position\":3,\"name\":\"Protezione dei prodotti di montagna e d&#8217;alpe\",\"item\":\"https:\\\/\\\/www.sab.ch\\\/it\\\/prestationi\\\/protezione-dei-prodotti-di-montagna-e-dalpe\\\/\"},{\"@type\":\"ListItem\",\"position\":4,\"name\":\"Pubblicazioni (in tedesco)\"}]},{\"@type\":\"WebSite\",\"@id\":\"https:\\\/\\\/www.sab.ch\\\/it\\\/#website\",\"url\":\"https:\\\/\\\/www.sab.ch\\\/it\\\/\",\"name\":\"S A B\",\"description\":\"\",\"potentialAction\":[{\"@type\":\"SearchAction\",\"target\":{\"@type\":\"EntryPoint\",\"urlTemplate\":\"https:\\\/\\\/www.sab.ch\\\/it\\\/?s={search_term_string}\"},\"query-input\":{\"@type\":\"PropertyValueSpecification\",\"valueRequired\":true,\"valueName\":\"search_term_string\"}}],\"inLanguage\":\"it-IT\"}]}<\/script>\n<!-- \/ Yoast SEO plugin. -->","yoast_head_json":{"title":"Pubblicazioni (in tedesco) - S A B","robots":{"index":"index","follow":"follow","max-snippet":"max-snippet:-1","max-image-preview":"max-image-preview:large","max-video-preview":"max-video-preview:-1"},"canonical":"https:\/\/www.sab.ch\/it\/prestationi\/protezione-dei-prodotti-di-montagna-e-dalpe\/pubblicazioni-in-tedesco\/","og_locale":"it_IT","og_type":"article","og_title":"Pubblicazioni (in tedesco) - S A B","og_url":"https:\/\/www.sab.ch\/it\/prestationi\/protezione-dei-prodotti-di-montagna-e-dalpe\/pubblicazioni-in-tedesco\/","og_site_name":"S A B","twitter_card":"summary_large_image","twitter_misc":{"Tempo di lettura stimato":"3 minuti"},"schema":{"@context":"https:\/\/schema.org","@graph":[{"@type":"WebPage","@id":"https:\/\/www.sab.ch\/it\/prestationi\/protezione-dei-prodotti-di-montagna-e-dalpe\/pubblicazioni-in-tedesco\/","url":"https:\/\/www.sab.ch\/it\/prestationi\/protezione-dei-prodotti-di-montagna-e-dalpe\/pubblicazioni-in-tedesco\/","name":"Pubblicazioni (in tedesco) - S A B","isPartOf":{"@id":"https:\/\/www.sab.ch\/it\/#website"},"datePublished":"2023-01-30T10:08:56+00:00","breadcrumb":{"@id":"https:\/\/www.sab.ch\/it\/prestationi\/protezione-dei-prodotti-di-montagna-e-dalpe\/pubblicazioni-in-tedesco\/#breadcrumb"},"inLanguage":"it-IT","potentialAction":[{"@type":"ReadAction","target":["https:\/\/www.sab.ch\/it\/prestationi\/protezione-dei-prodotti-di-montagna-e-dalpe\/pubblicazioni-in-tedesco\/"]}]},{"@type":"BreadcrumbList","@id":"https:\/\/www.sab.ch\/it\/prestationi\/protezione-dei-prodotti-di-montagna-e-dalpe\/pubblicazioni-in-tedesco\/#breadcrumb","itemListElement":[{"@type":"ListItem","position":1,"name":"Startseite","item":"https:\/\/www.sab.ch\/it\/home\/"},{"@type":"ListItem","position":2,"name":"Servizi","item":"https:\/\/www.sab.ch\/it\/prestationi\/"},{"@type":"ListItem","position":3,"name":"Protezione dei prodotti di montagna e d&#8217;alpe","item":"https:\/\/www.sab.ch\/it\/prestationi\/protezione-dei-prodotti-di-montagna-e-dalpe\/"},{"@type":"ListItem","position":4,"name":"Pubblicazioni (in tedesco)"}]},{"@type":"WebSite","@id":"https:\/\/www.sab.ch\/it\/#website","url":"https:\/\/www.sab.ch\/it\/","name":"S A B","description":"","potentialAction":[{"@type":"SearchAction","target":{"@type":"EntryPoint","urlTemplate":"https:\/\/www.sab.ch\/it\/?s={search_term_string}"},"query-input":{"@type":"PropertyValueSpecification","valueRequired":true,"valueName":"search_term_string"}}],"inLanguage":"it-IT"}]}},"_links":{"self":[{"href":"https:\/\/www.sab.ch\/it\/wp-json\/wp\/v2\/pages\/11773","targetHints":{"allow":["GET"]}}],"collection":[{"href":"https:\/\/www.sab.ch\/it\/wp-json\/wp\/v2\/pages"}],"about":[{"href":"https:\/\/www.sab.ch\/it\/wp-json\/wp\/v2\/types\/page"}],"author":[{"embeddable":true,"href":"https:\/\/www.sab.ch\/it\/wp-json\/wp\/v2\/users\/3"}],"replies":[{"embeddable":true,"href":"https:\/\/www.sab.ch\/it\/wp-json\/wp\/v2\/comments?post=11773"}],"version-history":[{"count":2,"href":"https:\/\/www.sab.ch\/it\/wp-json\/wp\/v2\/pages\/11773\/revisions"}],"predecessor-version":[{"id":11775,"href":"https:\/\/www.sab.ch\/it\/wp-json\/wp\/v2\/pages\/11773\/revisions\/11775"}],"up":[{"embeddable":true,"href":"https:\/\/www.sab.ch\/it\/wp-json\/wp\/v2\/pages\/11755"}],"wp:attachment":[{"href":"https:\/\/www.sab.ch\/it\/wp-json\/wp\/v2\/media?parent=11773"}],"curies":[{"name":"wp","href":"https:\/\/api.w.org\/{rel}","templated":true}]}}

<div  class='flex_column av-6seix-3ac063d3063c1184618ce755c85686fd av_two_third  avia-builder-el-0  avia-builder-el-no-sibling  first flex_column_div  '     ><section  class='av_textblock_section av-jxk41cbl-de8745f204dcd65c5170bef159d7e21a '   itemscope="itemscope" itemtype="https://schema.org/CreativeWork" ><div class='avia_textblock'  itemprop="text" ><h2 class="csc-firstHeader">Pubblicazioni (in tedesco)</h2>
<p><span style="font-weight: bold;">Reklame machen</span></p>
<p>Die Werbebroschüren stehen zur freien Verfügung. Weitere Unterlagen wie Powerpoint &#8211; Präsentation können auf Anfrage bezogen werden.</p>
<ul class="csc-uploads csc-uploads-0">
<li class="li-odd li-first csc-uploads-element csc-uploads-element-pdf"><a href="/wp-content/uploads/2022/11/Flyer_BLW_offiziellen_Zeichen_Berg-_und_Alpprodukte.pdf">Flyer BLW offiziellen Zeichen Berg- und Alpprodukte.pdf (3,1 MiB</a></li>
<li class="li-even csc-uploads-element csc-uploads-element-pdf"><a href="/wp-content/uploads/2022/11/Faktenblatt_Berg_Alpzeichen.pdf">Faktenblatt Berg Alpzeichen.pdf (5,8 MiB)</a></li>
</ul>
<h2>Zur Verfügung gestellt</h2>
<p>Wer seine Produkte mit dem Berg- und Alpsiegel kennzeichnet, bietet den Konsumenten Orientierung und Transparenz. Wir bieten einen kostenlosen Download der Gütesiegel sowie eine Auswahl an bereits vorgedruckten Etiketten.</p>
<p><span style="font-weight: bold;">Contrassegno ufficiale per la montagna</span></p>
<ul>
<li class="download-element ext-zip"> <a href="http://www.sab.ch/fileadmin/user_upload/customers/sab/Projekte_SAB/Berg-und_Alpprodukte/BLW_Garantiezeichen_Bergprodukt_COULEUR.zip" title="Scarica il file Logo alpage-EPS-couleur.zip">Logo alpage-EPS-couleur.zip <span class="size">(2,8 MiB)</span></a></li>
<li class="download-element ext-zip"> <a href="http://www.sab.ch/fileadmin/user_upload/customers/sab/Projekte_SAB/Berg-und_Alpprodukte/Logo_Alpprodukte/BLW_Garantiezeichen_Alpprodukt_SW.zip" title="Scarica il file Logo alpage-EPS-couleur.zip">Logo-alpage-EPS-nb.zip <span class="size">(1,3 MiB)</span></a></li>
</ul>
<p><span style="font-weight: bold;"><br />
Contrassegno ufficiale per l’alpe</span></p>
<ul>
<li class="download-element ext-zip"> <a href="http://www.sab.ch/fileadmin/user_upload/customers/sab/Projekte_SAB/Berg-und_Alpprodukte/BLW_Garantiezeichen_Bergprodukt_COULEUR.zip" title="Die Datei Logo_montagne-EPS-couleur.zip herunterladen">Logo_montagne-EPS-couleur.zip <span class="size">(5,1 MiB)</span></a></li>
<li class="download-element ext-zip"> <a href="http://www.sab.ch/fileadmin/user_upload/customers/sab/Projekte_SAB/Berg-und_Alpprodukte/BLW_Garantiezeichen_Bergprodukt_SW.zip" title="Die Datei Logo_montagne-EPS-nb.zip herunterladen">Logo_montagne-EPS-nb.zip <span class="size">(5,1 MiB)</span></a></li>
</ul>
<p><span style="font-weight: bold;">Ausführliche Informationen</span></p>
<p><a href="https://www.blw.admin.ch/blw/de/home/instrumente/kennzeichnung/berg-und-alp.html" target="_blank" rel="noopener">Bundesamt für Landwirtschaft</a></p>
</div></section></div>
